{"id":130346,"date":"2025-12-15T11:42:32","date_gmt":"2025-12-15T10:42:32","guid":{"rendered":"https:\/\/swissbaker.ch\/?post_type=product&#038;p=130346"},"modified":"2025-12-23T11:55:38","modified_gmt":"2025-12-23T10:55:38","slug":"affiche-pain-suisse-a1-sujet-homme_26","status":"publish","type":"product","link":"https:\/\/swissbaker.ch\/fr\/promo-shop\/affiche-pain-suisse-a1-sujet-homme_26\/","title":{"rendered":"Affiche Pain suisse A1 \u2013 Sujet \u00abhomme\u00bb"},"content":{"rendered":"\n<p>Vous pouvez soit t\u00e9l\u00e9charger gratuitement l&#8217;affiche, soit la commander ici en version imprim\u00e9e.<br>(Imprim\u00e9 \u00e0 l&#8217;encre r\u00e9sistant aux UV sur des feuilles en polypropyl\u00e8ne hydrofuges et ind\u00e9chirables.)<\/p>\n\n\n\n<div class=\"wp-block-file\"><a id=\"wp-block-file--media-d87ef02a-e4d8-424b-b0af-c33d2e034a61\" href=\"https:\/\/swissbaker.ch\/wp-content\/uploads\/2025\/12\/pain_suisse_campagne_2026_a3_homme_fr.pdf\"><strong>Campagne pain suisse_2026_homme.pdf<\/strong><\/a><a href=\"https:\/\/swissbaker.ch\/wp-content\/uploads\/2025\/12\/pain_suisse_campagne_2026_a3_homme_fr.pdf\" class=\"wp-block-file__button wp-element-button\" download aria-describedby=\"wp-block-file--media-d87ef02a-e4d8-424b-b0af-c33d2e034a61\">Herunterladen<\/a><\/div>\n\n\n\n<div class=\"wp-block-file\"><a id=\"wp-block-file--media-e35fe698-d6ba-45c6-b3d2-df4d80c479a8\" href=\"https:\/\/swissbaker.ch\/wp-content\/themes\/azr-theme-child\/ajax\/force_download.php?id=130282\"><strong>Campagne pain suisse_2026_homme.jpg<\/strong><\/a><a href=\"https:\/\/swissbaker.ch\/wp-content\/themes\/azr-theme-child\/ajax\/force_download.php?id=130282\" class=\"wp-block-file__button wp-element-button\" download aria-describedby=\"wp-block-file--media-e35fe698-d6ba-45c6-b3d2-df4d80c479a8\">Herunterladen<\/a><\/div>\n\n\n\n<p><strong>Exclusivement pour les partenaires de la marque Pain suisse d\u00e9j\u00e0 agr\u00e9\u00e9s<\/strong><br>Si vous n\u2019\u00eates pas encore agr\u00e9\u00e9, vous pouvez en faire la demande <a href=\"https:\/\/painsuisse.ch\/logodelamarque\">ici<\/a>. Veuillez noter qu\u2019il faut compter environ trois&nbsp;jours pour la proc\u00e9dure de v\u00e9rification et d\u2019autorisation.<\/p>\n\n\n\n<p>Attention : cette affiche ne remplace pas la d\u00e9claration \u00e9crite obligatoire du pays de production du pain ou des p\u00e2tisseries vendus en vrac. Vous trouverez de plus amples informations sur le <a href=\"https:\/\/service.swissbaker.ch\">portail GBP.<\/a><\/p>\n","protected":false},"excerpt":{"rendered":"<p>Vous pouvez soit t\u00e9l\u00e9charger gratuitement l&#8217;affiche, soit la commander ici en version imprim\u00e9e.<\/p>\n","protected":false},"author":5,"featured_media":130316,"menu_order":0,"template":"","shop-category":[151,154],"class_list":["post-130346","product","type-product","status-publish","has-post-thumbnail","hentry","shop-category-actuel","shop-category-plakate-schweizer-brot-fr"],"acf":[],"yoast_head":"<!-- This site is optimized with the Yoast SEO Premium plugin v26.8 (Yoast SEO v26.8) - https:\/\/yoast.com\/product\/yoast-seo-premium-wordpress\/ -->\n<title>Affiche Pain suisse A1 \u2013 Sujet \u00abhomme\u00bb | SBC<\/title>\n<meta name=\"robots\" content=\"index, follow, max-snippet:-1, max-image-preview:large, max-video-preview:-1\" \/>\n<link rel=\"canonical\" href=\"https:\/\/swissbaker.ch\/fr\/promo-shop\/affiche-pain-suisse-a1-sujet-homme_26\/\" \/>\n<meta property=\"og:locale\" content=\"fr_FR\" \/>\n<meta property=\"og:type\" content=\"article\" \/>\n<meta property=\"og:title\" content=\"Affiche Pain suisse A1 \u2013 Sujet \u00abhomme\u00bb\" \/>\n<meta property=\"og:description\" content=\"Vous pouvez soit t\u00e9l\u00e9charger gratuitement l&#039;affiche, soit la commander ici en version imprim\u00e9e.\" \/>\n<meta property=\"og:url\" content=\"https:\/\/swissbaker.ch\/fr\/promo-shop\/affiche-pain-suisse-a1-sujet-homme_26\/\" \/>\n<meta property=\"og:site_name\" content=\"SBC\" \/>\n<meta property=\"article:publisher\" content=\"https:\/\/www.facebook.com\/swissbaker.ch\" \/>\n<meta property=\"article:modified_time\" content=\"2025-12-23T10:55:38+00:00\" \/>\n<meta property=\"og:image\" content=\"https:\/\/swissbaker.ch\/wp-content\/uploads\/2025\/12\/pain_suisse_campagne_2026_homme_web.jpg\" \/>\n\t<meta property=\"og:image:width\" content=\"1536\" \/>\n\t<meta property=\"og:image:height\" content=\"822\" \/>\n\t<meta property=\"og:image:type\" content=\"image\/jpeg\" \/>\n<meta name=\"twitter:card\" content=\"summary_large_image\" \/>\n<meta name=\"twitter:site\" content=\"@ch_swissbaker\" \/>\n<meta name=\"twitter:label1\" content=\"Est. reading time\" \/>\n\t<meta name=\"twitter:data1\" content=\"1 minute\" \/>\n<script type=\"application\/ld+json\" class=\"yoast-schema-graph\">{\"@context\":\"https:\/\/schema.org\",\"@graph\":[{\"@type\":\"WebPage\",\"@id\":\"https:\/\/swissbaker.ch\/fr\/promo-shop\/affiche-pain-suisse-a1-sujet-homme_26\/\",\"url\":\"https:\/\/swissbaker.ch\/fr\/promo-shop\/affiche-pain-suisse-a1-sujet-homme_26\/\",\"name\":\"Affiche Pain suisse A1 \u2013 Sujet \u00abhomme\u00bb | SBC\",\"isPartOf\":{\"@id\":\"https:\/\/swissbaker.ch\/fr\/#website\"},\"primaryImageOfPage\":{\"@id\":\"https:\/\/swissbaker.ch\/fr\/promo-shop\/affiche-pain-suisse-a1-sujet-homme_26\/#primaryimage\"},\"image\":{\"@id\":\"https:\/\/swissbaker.ch\/fr\/promo-shop\/affiche-pain-suisse-a1-sujet-homme_26\/#primaryimage\"},\"thumbnailUrl\":\"https:\/\/swissbaker.ch\/wp-content\/uploads\/2025\/12\/pain_suisse_campagne_2026_homme_web.jpg\",\"datePublished\":\"2025-12-15T10:42:32+00:00\",\"dateModified\":\"2025-12-23T10:55:38+00:00\",\"breadcrumb\":{\"@id\":\"https:\/\/swissbaker.ch\/fr\/promo-shop\/affiche-pain-suisse-a1-sujet-homme_26\/#breadcrumb\"},\"inLanguage\":\"fr-FR\",\"potentialAction\":[{\"@type\":\"ReadAction\",\"target\":[\"https:\/\/swissbaker.ch\/fr\/promo-shop\/affiche-pain-suisse-a1-sujet-homme_26\/\"]}]},{\"@type\":\"ImageObject\",\"inLanguage\":\"fr-FR\",\"@id\":\"https:\/\/swissbaker.ch\/fr\/promo-shop\/affiche-pain-suisse-a1-sujet-homme_26\/#primaryimage\",\"url\":\"https:\/\/swissbaker.ch\/wp-content\/uploads\/2025\/12\/pain_suisse_campagne_2026_homme_web.jpg\",\"contentUrl\":\"https:\/\/swissbaker.ch\/wp-content\/uploads\/2025\/12\/pain_suisse_campagne_2026_homme_web.jpg\",\"width\":1536,\"height\":822},{\"@type\":\"BreadcrumbList\",\"@id\":\"https:\/\/swissbaker.ch\/fr\/promo-shop\/affiche-pain-suisse-a1-sujet-homme_26\/#breadcrumb\",\"itemListElement\":[{\"@type\":\"ListItem\",\"position\":1,\"name\":\"\",\"item\":\"https:\/\/swissbaker.ch\/fr\/\"},{\"@type\":\"ListItem\",\"position\":2,\"name\":\"Produits\",\"item\":\"https:\/\/swissbaker.ch\/fr\/promo-shop\/\"},{\"@type\":\"ListItem\",\"position\":3,\"name\":\"Affiche Pain suisse A1 \u2013 Sujet \u00abhomme\u00bb\"}]},{\"@type\":\"WebSite\",\"@id\":\"https:\/\/swissbaker.ch\/fr\/#website\",\"url\":\"https:\/\/swissbaker.ch\/fr\/\",\"name\":\"SBC\",\"description\":\"\",\"publisher\":{\"@id\":\"https:\/\/swissbaker.ch\/fr\/#organization\"},\"potentialAction\":[{\"@type\":\"SearchAction\",\"target\":{\"@type\":\"EntryPoint\",\"urlTemplate\":\"https:\/\/swissbaker.ch\/fr\/?s={search_term_string}\"},\"query-input\":{\"@type\":\"PropertyValueSpecification\",\"valueRequired\":true,\"valueName\":\"search_term_string\"}}],\"inLanguage\":\"fr-FR\"},{\"@type\":\"Organization\",\"@id\":\"https:\/\/swissbaker.ch\/fr\/#organization\",\"name\":\"Schweizerischer B\u00e4cker-Confiseurmeister-Verband\",\"url\":\"https:\/\/swissbaker.ch\/fr\/\",\"logo\":{\"@type\":\"ImageObject\",\"inLanguage\":\"fr-FR\",\"@id\":\"https:\/\/swissbaker.ch\/fr\/#\/schema\/logo\/image\/\",\"url\":\"https:\/\/swissbaker.ch\/wp-content\/uploads\/2022\/04\/sbc-logo-yoast.jpg\",\"contentUrl\":\"https:\/\/swissbaker.ch\/wp-content\/uploads\/2022\/04\/sbc-logo-yoast.jpg\",\"width\":512,\"height\":512,\"caption\":\"Schweizerischer B\u00e4cker-Confiseurmeister-Verband\"},\"image\":{\"@id\":\"https:\/\/swissbaker.ch\/fr\/#\/schema\/logo\/image\/\"},\"sameAs\":[\"https:\/\/www.facebook.com\/swissbaker.ch\",\"https:\/\/x.com\/ch_swissbaker\"]}]}<\/script>\n<!-- \/ Yoast SEO Premium plugin. -->","yoast_head_json":{"title":"Affiche Pain suisse A1 \u2013 Sujet \u00abhomme\u00bb | SBC","robots":{"index":"index","follow":"follow","max-snippet":"max-snippet:-1","max-image-preview":"max-image-preview:large","max-video-preview":"max-video-preview:-1"},"canonical":"https:\/\/swissbaker.ch\/fr\/promo-shop\/affiche-pain-suisse-a1-sujet-homme_26\/","og_locale":"fr_FR","og_type":"article","og_title":"Affiche Pain suisse A1 \u2013 Sujet \u00abhomme\u00bb","og_description":"Vous pouvez soit t\u00e9l\u00e9charger gratuitement l'affiche, soit la commander ici en version imprim\u00e9e.","og_url":"https:\/\/swissbaker.ch\/fr\/promo-shop\/affiche-pain-suisse-a1-sujet-homme_26\/","og_site_name":"SBC","article_publisher":"https:\/\/www.facebook.com\/swissbaker.ch","article_modified_time":"2025-12-23T10:55:38+00:00","og_image":[{"width":1536,"height":822,"url":"https:\/\/swissbaker.ch\/wp-content\/uploads\/2025\/12\/pain_suisse_campagne_2026_homme_web.jpg","type":"image\/jpeg"}],"twitter_card":"summary_large_image","twitter_site":"@ch_swissbaker","twitter_misc":{"Est. reading time":"1 minute"},"schema":{"@context":"https:\/\/schema.org","@graph":[{"@type":"WebPage","@id":"https:\/\/swissbaker.ch\/fr\/promo-shop\/affiche-pain-suisse-a1-sujet-homme_26\/","url":"https:\/\/swissbaker.ch\/fr\/promo-shop\/affiche-pain-suisse-a1-sujet-homme_26\/","name":"Affiche Pain suisse A1 \u2013 Sujet \u00abhomme\u00bb | SBC","isPartOf":{"@id":"https:\/\/swissbaker.ch\/fr\/#website"},"primaryImageOfPage":{"@id":"https:\/\/swissbaker.ch\/fr\/promo-shop\/affiche-pain-suisse-a1-sujet-homme_26\/#primaryimage"},"image":{"@id":"https:\/\/swissbaker.ch\/fr\/promo-shop\/affiche-pain-suisse-a1-sujet-homme_26\/#primaryimage"},"thumbnailUrl":"https:\/\/swissbaker.ch\/wp-content\/uploads\/2025\/12\/pain_suisse_campagne_2026_homme_web.jpg","datePublished":"2025-12-15T10:42:32+00:00","dateModified":"2025-12-23T10:55:38+00:00","breadcrumb":{"@id":"https:\/\/swissbaker.ch\/fr\/promo-shop\/affiche-pain-suisse-a1-sujet-homme_26\/#breadcrumb"},"inLanguage":"fr-FR","potentialAction":[{"@type":"ReadAction","target":["https:\/\/swissbaker.ch\/fr\/promo-shop\/affiche-pain-suisse-a1-sujet-homme_26\/"]}]},{"@type":"ImageObject","inLanguage":"fr-FR","@id":"https:\/\/swissbaker.ch\/fr\/promo-shop\/affiche-pain-suisse-a1-sujet-homme_26\/#primaryimage","url":"https:\/\/swissbaker.ch\/wp-content\/uploads\/2025\/12\/pain_suisse_campagne_2026_homme_web.jpg","contentUrl":"https:\/\/swissbaker.ch\/wp-content\/uploads\/2025\/12\/pain_suisse_campagne_2026_homme_web.jpg","width":1536,"height":822},{"@type":"BreadcrumbList","@id":"https:\/\/swissbaker.ch\/fr\/promo-shop\/affiche-pain-suisse-a1-sujet-homme_26\/#breadcrumb","itemListElement":[{"@type":"ListItem","position":1,"name":"","item":"https:\/\/swissbaker.ch\/fr\/"},{"@type":"ListItem","position":2,"name":"Produits","item":"https:\/\/swissbaker.ch\/fr\/promo-shop\/"},{"@type":"ListItem","position":3,"name":"Affiche Pain suisse A1 \u2013 Sujet \u00abhomme\u00bb"}]},{"@type":"WebSite","@id":"https:\/\/swissbaker.ch\/fr\/#website","url":"https:\/\/swissbaker.ch\/fr\/","name":"SBC","description":"","publisher":{"@id":"https:\/\/swissbaker.ch\/fr\/#organization"},"potentialAction":[{"@type":"SearchAction","target":{"@type":"EntryPoint","urlTemplate":"https:\/\/swissbaker.ch\/fr\/?s={search_term_string}"},"query-input":{"@type":"PropertyValueSpecification","valueRequired":true,"valueName":"search_term_string"}}],"inLanguage":"fr-FR"},{"@type":"Organization","@id":"https:\/\/swissbaker.ch\/fr\/#organization","name":"Schweizerischer B\u00e4cker-Confiseurmeister-Verband","url":"https:\/\/swissbaker.ch\/fr\/","logo":{"@type":"ImageObject","inLanguage":"fr-FR","@id":"https:\/\/swissbaker.ch\/fr\/#\/schema\/logo\/image\/","url":"https:\/\/swissbaker.ch\/wp-content\/uploads\/2022\/04\/sbc-logo-yoast.jpg","contentUrl":"https:\/\/swissbaker.ch\/wp-content\/uploads\/2022\/04\/sbc-logo-yoast.jpg","width":512,"height":512,"caption":"Schweizerischer B\u00e4cker-Confiseurmeister-Verband"},"image":{"@id":"https:\/\/swissbaker.ch\/fr\/#\/schema\/logo\/image\/"},"sameAs":["https:\/\/www.facebook.com\/swissbaker.ch","https:\/\/x.com\/ch_swissbaker"]}]}},"_links":{"self":[{"href":"https:\/\/swissbaker.ch\/fr\/wp-json\/wp\/v2\/product\/130346","targetHints":{"allow":["GET"]}}],"collection":[{"href":"https:\/\/swissbaker.ch\/fr\/wp-json\/wp\/v2\/product"}],"about":[{"href":"https:\/\/swissbaker.ch\/fr\/wp-json\/wp\/v2\/types\/product"}],"author":[{"embeddable":true,"href":"https:\/\/swissbaker.ch\/fr\/wp-json\/wp\/v2\/users\/5"}],"version-history":[{"count":0,"href":"https:\/\/swissbaker.ch\/fr\/wp-json\/wp\/v2\/product\/130346\/revisions"}],"wp:featuredmedia":[{"embeddable":true,"href":"https:\/\/swissbaker.ch\/fr\/wp-json\/wp\/v2\/media\/130316"}],"wp:attachment":[{"href":"https:\/\/swissbaker.ch\/fr\/wp-json\/wp\/v2\/media?parent=130346"}],"wp:term":[{"taxonomy":"shop-category","embeddable":true,"href":"https:\/\/swissbaker.ch\/fr\/wp-json\/wp\/v2\/shop-category?post=130346"}],"curies":[{"name":"wp","href":"https:\/\/api.w.org\/{rel}","templated":true}]}}

<p>Vous pouvez soit télécharger gratuitement l&#8217;affiche, soit la commander ici en version imprimée.<br>(Imprimé à l&#8217;encre résistant aux UV sur des feuilles en polypropylène hydrofuges et indéchirables.)</p>



<div class="wp-block-file"><a id="wp-block-file--media-d87ef02a-e4d8-424b-b0af-c33d2e034a61" href="https://swissbaker.ch/wp-content/uploads/2025/12/pain_suisse_campagne_2026_a3_homme_fr.pdf"><strong>Campagne pain suisse_2026_homme.pdf</strong></a><a href="https://swissbaker.ch/wp-content/uploads/2025/12/pain_suisse_campagne_2026_a3_homme_fr.pdf" class="wp-block-file__button wp-element-button" download aria-describedby="wp-block-file--media-d87ef02a-e4d8-424b-b0af-c33d2e034a61">Herunterladen</a></div>



<div class="wp-block-file"><a id="wp-block-file--media-e35fe698-d6ba-45c6-b3d2-df4d80c479a8" href="https://swissbaker.ch/wp-content/themes/azr-theme-child/ajax/force_download.php?id=130282"><strong>Campagne pain suisse_2026_homme.jpg</strong></a><a href="https://swissbaker.ch/wp-content/themes/azr-theme-child/ajax/force_download.php?id=130282" class="wp-block-file__button wp-element-button" download aria-describedby="wp-block-file--media-e35fe698-d6ba-45c6-b3d2-df4d80c479a8">Herunterladen</a></div>



<p><strong>Exclusivement pour les partenaires de la marque Pain suisse déjà agréés</strong><br>Si vous n’êtes pas encore agréé, vous pouvez en faire la demande <a href="https://painsuisse.ch/logodelamarque">ici</a>. Veuillez noter qu’il faut compter environ trois&nbsp;jours pour la procédure de vérification et d’autorisation.</p>



<p>Attention : cette affiche ne remplace pas la déclaration écrite obligatoire du pays de production du pain ou des pâtisseries vendus en vrac. Vous trouverez de plus amples informations sur le <a href="https://service.swissbaker.ch">portail GBP.</a></p>

<p>Vous pouvez soit télécharger gratuitement l&#8217;affiche, soit la commander ici en version imprimée.</p>

<!-- This site is optimized with the Yoast SEO Premium plugin v26.8 (Yoast SEO v26.8) - https://yoast.com/product/yoast-seo-premium-wordpress/ -->
<title>Affiche Pain suisse A1 – Sujet «homme» | SBC</title>
<meta name="robots" content="index, follow, max-snippet:-1, max-image-preview:large, max-video-preview:-1" />
<link rel="canonical" href="https://swissbaker.ch/fr/promo-shop/affiche-pain-suisse-a1-sujet-homme_26/" />
<meta property="og:locale" content="fr_FR" />
<meta property="og:type" content="article" />
<meta property="og:title" content="Affiche Pain suisse A1 – Sujet «homme»" />
<meta property="og:description" content="Vous pouvez soit télécharger gratuitement l&#039;affiche, soit la commander ici en version imprimée." />
<meta property="og:url" content="https://swissbaker.ch/fr/promo-shop/affiche-pain-suisse-a1-sujet-homme_26/" />
<meta property="og:site_name" content="SBC" />
<meta property="article:publisher" content="https://www.facebook.com/swissbaker.ch" />
<meta property="article:modified_time" content="2025-12-23T10:55:38+00:00" />
<meta property="og:image" content="https://swissbaker.ch/wp-content/uploads/2025/12/pain_suisse_campagne_2026_homme_web.jpg" />
	<meta property="og:image:width" content="1536" />
	<meta property="og:image:height" content="822" />
	<meta property="og:image:type" content="image/jpeg" />
<meta name="twitter:card" content="summary_large_image" />
<meta name="twitter:site" content="@ch_swissbaker" />
<meta name="twitter:label1" content="Est. reading time" />
	<meta name="twitter:data1" content="1 minute" />
<script type="application/ld+json" class="yoast-schema-graph">{"@context":"https://schema.org","@graph":[{"@type":"WebPage","@id":"https://swissbaker.ch/fr/promo-shop/affiche-pain-suisse-a1-sujet-homme_26/","url":"https://swissbaker.ch/fr/promo-shop/affiche-pain-suisse-a1-sujet-homme_26/","name":"Affiche Pain suisse A1 – Sujet «homme» | SBC","isPartOf":{"@id":"https://swissbaker.ch/fr/#website"},"primaryImageOfPage":{"@id":"https://swissbaker.ch/fr/promo-shop/affiche-pain-suisse-a1-sujet-homme_26/#primaryimage"},"image":{"@id":"https://swissbaker.ch/fr/promo-shop/affiche-pain-suisse-a1-sujet-homme_26/#primaryimage"},"thumbnailUrl":"https://swissbaker.ch/wp-content/uploads/2025/12/pain_suisse_campagne_2026_homme_web.jpg","datePublished":"2025-12-15T10:42:32+00:00","dateModified":"2025-12-23T10:55:38+00:00","breadcrumb":{"@id":"https://swissbaker.ch/fr/promo-shop/affiche-pain-suisse-a1-sujet-homme_26/#breadcrumb"},"inLanguage":"fr-FR","potentialAction":[{"@type":"ReadAction","target":["https://swissbaker.ch/fr/promo-shop/affiche-pain-suisse-a1-sujet-homme_26/"]}]},{"@type":"ImageObject","inLanguage":"fr-FR","@id":"https://swissbaker.ch/fr/promo-shop/affiche-pain-suisse-a1-sujet-homme_26/#primaryimage","url":"https://swissbaker.ch/wp-content/uploads/2025/12/pain_suisse_campagne_2026_homme_web.jpg","contentUrl":"https://swissbaker.ch/wp-content/uploads/2025/12/pain_suisse_campagne_2026_homme_web.jpg","width":1536,"height":822},{"@type":"BreadcrumbList","@id":"https://swissbaker.ch/fr/promo-shop/affiche-pain-suisse-a1-sujet-homme_26/#breadcrumb","itemListElement":[{"@type":"ListItem","position":1,"name":"","item":"https://swissbaker.ch/fr/"},{"@type":"ListItem","position":2,"name":"Produits","item":"https://swissbaker.ch/fr/promo-shop/"},{"@type":"ListItem","position":3,"name":"Affiche Pain suisse A1 – Sujet «homme»"}]},{"@type":"WebSite","@id":"https://swissbaker.ch/fr/#website","url":"https://swissbaker.ch/fr/","name":"SBC","description":"","publisher":{"@id":"https://swissbaker.ch/fr/#organization"},"potentialAction":[{"@type":"SearchAction","target":{"@type":"EntryPoint","urlTemplate":"https://swissbaker.ch/fr/?s={search_term_string}"},"query-input":{"@type":"PropertyValueSpecification","valueRequired":true,"valueName":"search_term_string"}}],"inLanguage":"fr-FR"},{"@type":"Organization","@id":"https://swissbaker.ch/fr/#organization","name":"Schweizerischer Bäcker-Confiseurmeister-Verband","url":"https://swissbaker.ch/fr/","logo":{"@type":"ImageObject","inLanguage":"fr-FR","@id":"https://swissbaker.ch/fr/#/schema/logo/image/","url":"https://swissbaker.ch/wp-content/uploads/2022/04/sbc-logo-yoast.jpg","contentUrl":"https://swissbaker.ch/wp-content/uploads/2022/04/sbc-logo-yoast.jpg","width":512,"height":512,"caption":"Schweizerischer Bäcker-Confiseurmeister-Verband"},"image":{"@id":"https://swissbaker.ch/fr/#/schema/logo/image/"},"sameAs":["https://www.facebook.com/swissbaker.ch","https://x.com/ch_swissbaker"]}]}</script>
<!-- / Yoast SEO Premium plugin. -->

Vous pouvez soit télécharger gratuitement l'affiche, soit la commander ici en version imprimée.

Schweizerischer Bäcker-Confiseurmeister-Verband
