{"id":84168,"date":"2024-10-03T13:29:37","date_gmt":"2024-10-03T11:29:37","guid":{"rendered":"https:\/\/swissbaker.ch\/?post_type=photogallery&#038;p=84168"},"modified":"2024-10-03T13:29:58","modified_gmt":"2024-10-03T11:29:58","slug":"vendanges-fleurs-et-pain","status":"publish","type":"photogallery","link":"https:\/\/swissbaker.ch\/fr\/panissimo-news\/galerie\/vendanges-fleurs-et-pain\/","title":{"rendered":"Vendanges, fleurs et pain"},"content":{"rendered":"\n<p>Le Chevaliers du bon pain et les artisans boulangers-confiseurs neuch\u00e2telois ont particip\u00e9 au Corso fleuri de la F\u00eate des vendanges \u00e0 Neuch\u00e2tel. Au c\u0153ur du traditionnel cort\u00e8ge des quatorze chars par\u00e9s de fleurs, ils ont distribu\u00e9 aux spectateurs morceaux de pain et taillaules artisanales, le 29 septembre. Cette 97<sup>e<\/sup> \u00e9dition plac\u00e9e sous le th\u00e8me \u00ab\u00a0Blanche f\u00eate et les 7 grains\u00a0\u00bb a rassembl\u00e9 quelque 1500 figurants.<\/p>\n","protected":false},"excerpt":{"rendered":"<p>Le Chevaliers du bon pain et les artisans boulangers-confiseurs neuch\u00e2telois ont particip\u00e9 au Corso fleuri de la F\u00eate des vendanges \u00e0 Neuch\u00e2tel.<\/p>\n","protected":false},"author":5,"featured_media":84171,"menu_order":0,"template":"","class_list":["post-84168","photogallery","type-photogallery","status-publish","has-post-thumbnail","hentry"],"acf":[],"yoast_head":"<!-- This site is optimized with the Yoast SEO Premium plugin v26.8 (Yoast SEO v26.8) - https:\/\/yoast.com\/product\/yoast-seo-premium-wordpress\/ -->\n<title>Vendanges, fleurs et pain | SBC<\/title>\n<meta name=\"robots\" content=\"index, follow, max-snippet:-1, max-image-preview:large, max-video-preview:-1\" \/>\n<link rel=\"canonical\" href=\"https:\/\/swissbaker.ch\/fr\/panissimo-news\/galerie\/vendanges-fleurs-et-pain\/\" \/>\n<meta property=\"og:locale\" content=\"fr_FR\" \/>\n<meta property=\"og:type\" content=\"article\" \/>\n<meta property=\"og:title\" content=\"Vendanges, fleurs et pain\" \/>\n<meta property=\"og:description\" content=\"Le Chevaliers du bon pain et les artisans boulangers-confiseurs neuch\u00e2telois ont particip\u00e9 au Corso fleuri de la F\u00eate des vendanges \u00e0 Neuch\u00e2tel.\" \/>\n<meta property=\"og:url\" content=\"https:\/\/swissbaker.ch\/fr\/panissimo-news\/galerie\/vendanges-fleurs-et-pain\/\" \/>\n<meta property=\"og:site_name\" content=\"SBC\" \/>\n<meta property=\"article:publisher\" content=\"https:\/\/www.facebook.com\/swissbaker.ch\" \/>\n<meta property=\"article:modified_time\" content=\"2024-10-03T11:29:58+00:00\" \/>\n<meta property=\"og:image\" content=\"https:\/\/swissbaker.ch\/wp-content\/uploads\/2024\/10\/20240929.fetes-vendanges-cortege-boulangersabcne-2.jpg\" \/>\n\t<meta property=\"og:image:width\" content=\"640\" \/>\n\t<meta property=\"og:image:height\" content=\"480\" \/>\n\t<meta property=\"og:image:type\" content=\"image\/jpeg\" \/>\n<meta name=\"twitter:card\" content=\"summary_large_image\" \/>\n<meta name=\"twitter:site\" content=\"@ch_swissbaker\" \/>\n<script type=\"application\/ld+json\" class=\"yoast-schema-graph\">{\"@context\":\"https:\/\/schema.org\",\"@graph\":[{\"@type\":\"WebPage\",\"@id\":\"https:\/\/swissbaker.ch\/fr\/panissimo-news\/galerie\/vendanges-fleurs-et-pain\/\",\"url\":\"https:\/\/swissbaker.ch\/fr\/panissimo-news\/galerie\/vendanges-fleurs-et-pain\/\",\"name\":\"Vendanges, fleurs et pain | SBC\",\"isPartOf\":{\"@id\":\"https:\/\/swissbaker.ch\/fr\/#website\"},\"primaryImageOfPage\":{\"@id\":\"https:\/\/swissbaker.ch\/fr\/panissimo-news\/galerie\/vendanges-fleurs-et-pain\/#primaryimage\"},\"image\":{\"@id\":\"https:\/\/swissbaker.ch\/fr\/panissimo-news\/galerie\/vendanges-fleurs-et-pain\/#primaryimage\"},\"thumbnailUrl\":\"https:\/\/swissbaker.ch\/wp-content\/uploads\/2024\/10\/20240929.fetes-vendanges-cortege-boulangersabcne-2.jpg\",\"datePublished\":\"2024-10-03T11:29:37+00:00\",\"dateModified\":\"2024-10-03T11:29:58+00:00\",\"breadcrumb\":{\"@id\":\"https:\/\/swissbaker.ch\/fr\/panissimo-news\/galerie\/vendanges-fleurs-et-pain\/#breadcrumb\"},\"inLanguage\":\"fr-FR\",\"potentialAction\":[{\"@type\":\"ReadAction\",\"target\":[\"https:\/\/swissbaker.ch\/fr\/panissimo-news\/galerie\/vendanges-fleurs-et-pain\/\"]}]},{\"@type\":\"ImageObject\",\"inLanguage\":\"fr-FR\",\"@id\":\"https:\/\/swissbaker.ch\/fr\/panissimo-news\/galerie\/vendanges-fleurs-et-pain\/#primaryimage\",\"url\":\"https:\/\/swissbaker.ch\/wp-content\/uploads\/2024\/10\/20240929.fetes-vendanges-cortege-boulangersabcne-2.jpg\",\"contentUrl\":\"https:\/\/swissbaker.ch\/wp-content\/uploads\/2024\/10\/20240929.fetes-vendanges-cortege-boulangersabcne-2.jpg\",\"width\":640,\"height\":480},{\"@type\":\"BreadcrumbList\",\"@id\":\"https:\/\/swissbaker.ch\/fr\/panissimo-news\/galerie\/vendanges-fleurs-et-pain\/#breadcrumb\",\"itemListElement\":[{\"@type\":\"ListItem\",\"position\":1,\"name\":\"\",\"item\":\"https:\/\/swissbaker.ch\/fr\/\"},{\"@type\":\"ListItem\",\"position\":2,\"name\":\"Galerie de photos\",\"item\":\"https:\/\/swissbaker.ch\/fr\/panissimo-news\/galerie\/\"},{\"@type\":\"ListItem\",\"position\":3,\"name\":\"Vendanges, fleurs et pain\"}]},{\"@type\":\"WebSite\",\"@id\":\"https:\/\/swissbaker.ch\/fr\/#website\",\"url\":\"https:\/\/swissbaker.ch\/fr\/\",\"name\":\"SBC\",\"description\":\"\",\"publisher\":{\"@id\":\"https:\/\/swissbaker.ch\/fr\/#organization\"},\"potentialAction\":[{\"@type\":\"SearchAction\",\"target\":{\"@type\":\"EntryPoint\",\"urlTemplate\":\"https:\/\/swissbaker.ch\/fr\/?s={search_term_string}\"},\"query-input\":{\"@type\":\"PropertyValueSpecification\",\"valueRequired\":true,\"valueName\":\"search_term_string\"}}],\"inLanguage\":\"fr-FR\"},{\"@type\":\"Organization\",\"@id\":\"https:\/\/swissbaker.ch\/fr\/#organization\",\"name\":\"Schweizerischer B\u00e4cker-Confiseurmeister-Verband\",\"url\":\"https:\/\/swissbaker.ch\/fr\/\",\"logo\":{\"@type\":\"ImageObject\",\"inLanguage\":\"fr-FR\",\"@id\":\"https:\/\/swissbaker.ch\/fr\/#\/schema\/logo\/image\/\",\"url\":\"https:\/\/swissbaker.ch\/wp-content\/uploads\/2022\/04\/sbc-logo-yoast.jpg\",\"contentUrl\":\"https:\/\/swissbaker.ch\/wp-content\/uploads\/2022\/04\/sbc-logo-yoast.jpg\",\"width\":512,\"height\":512,\"caption\":\"Schweizerischer B\u00e4cker-Confiseurmeister-Verband\"},\"image\":{\"@id\":\"https:\/\/swissbaker.ch\/fr\/#\/schema\/logo\/image\/\"},\"sameAs\":[\"https:\/\/www.facebook.com\/swissbaker.ch\",\"https:\/\/x.com\/ch_swissbaker\"]}]}<\/script>\n<!-- \/ Yoast SEO Premium plugin. -->","yoast_head_json":{"title":"Vendanges, fleurs et pain | SBC","robots":{"index":"index","follow":"follow","max-snippet":"max-snippet:-1","max-image-preview":"max-image-preview:large","max-video-preview":"max-video-preview:-1"},"canonical":"https:\/\/swissbaker.ch\/fr\/panissimo-news\/galerie\/vendanges-fleurs-et-pain\/","og_locale":"fr_FR","og_type":"article","og_title":"Vendanges, fleurs et pain","og_description":"Le Chevaliers du bon pain et les artisans boulangers-confiseurs neuch\u00e2telois ont particip\u00e9 au Corso fleuri de la F\u00eate des vendanges \u00e0 Neuch\u00e2tel.","og_url":"https:\/\/swissbaker.ch\/fr\/panissimo-news\/galerie\/vendanges-fleurs-et-pain\/","og_site_name":"SBC","article_publisher":"https:\/\/www.facebook.com\/swissbaker.ch","article_modified_time":"2024-10-03T11:29:58+00:00","og_image":[{"width":640,"height":480,"url":"https:\/\/swissbaker.ch\/wp-content\/uploads\/2024\/10\/20240929.fetes-vendanges-cortege-boulangersabcne-2.jpg","type":"image\/jpeg"}],"twitter_card":"summary_large_image","twitter_site":"@ch_swissbaker","schema":{"@context":"https:\/\/schema.org","@graph":[{"@type":"WebPage","@id":"https:\/\/swissbaker.ch\/fr\/panissimo-news\/galerie\/vendanges-fleurs-et-pain\/","url":"https:\/\/swissbaker.ch\/fr\/panissimo-news\/galerie\/vendanges-fleurs-et-pain\/","name":"Vendanges, fleurs et pain | SBC","isPartOf":{"@id":"https:\/\/swissbaker.ch\/fr\/#website"},"primaryImageOfPage":{"@id":"https:\/\/swissbaker.ch\/fr\/panissimo-news\/galerie\/vendanges-fleurs-et-pain\/#primaryimage"},"image":{"@id":"https:\/\/swissbaker.ch\/fr\/panissimo-news\/galerie\/vendanges-fleurs-et-pain\/#primaryimage"},"thumbnailUrl":"https:\/\/swissbaker.ch\/wp-content\/uploads\/2024\/10\/20240929.fetes-vendanges-cortege-boulangersabcne-2.jpg","datePublished":"2024-10-03T11:29:37+00:00","dateModified":"2024-10-03T11:29:58+00:00","breadcrumb":{"@id":"https:\/\/swissbaker.ch\/fr\/panissimo-news\/galerie\/vendanges-fleurs-et-pain\/#breadcrumb"},"inLanguage":"fr-FR","potentialAction":[{"@type":"ReadAction","target":["https:\/\/swissbaker.ch\/fr\/panissimo-news\/galerie\/vendanges-fleurs-et-pain\/"]}]},{"@type":"ImageObject","inLanguage":"fr-FR","@id":"https:\/\/swissbaker.ch\/fr\/panissimo-news\/galerie\/vendanges-fleurs-et-pain\/#primaryimage","url":"https:\/\/swissbaker.ch\/wp-content\/uploads\/2024\/10\/20240929.fetes-vendanges-cortege-boulangersabcne-2.jpg","contentUrl":"https:\/\/swissbaker.ch\/wp-content\/uploads\/2024\/10\/20240929.fetes-vendanges-cortege-boulangersabcne-2.jpg","width":640,"height":480},{"@type":"BreadcrumbList","@id":"https:\/\/swissbaker.ch\/fr\/panissimo-news\/galerie\/vendanges-fleurs-et-pain\/#breadcrumb","itemListElement":[{"@type":"ListItem","position":1,"name":"","item":"https:\/\/swissbaker.ch\/fr\/"},{"@type":"ListItem","position":2,"name":"Galerie de photos","item":"https:\/\/swissbaker.ch\/fr\/panissimo-news\/galerie\/"},{"@type":"ListItem","position":3,"name":"Vendanges, fleurs et pain"}]},{"@type":"WebSite","@id":"https:\/\/swissbaker.ch\/fr\/#website","url":"https:\/\/swissbaker.ch\/fr\/","name":"SBC","description":"","publisher":{"@id":"https:\/\/swissbaker.ch\/fr\/#organization"},"potentialAction":[{"@type":"SearchAction","target":{"@type":"EntryPoint","urlTemplate":"https:\/\/swissbaker.ch\/fr\/?s={search_term_string}"},"query-input":{"@type":"PropertyValueSpecification","valueRequired":true,"valueName":"search_term_string"}}],"inLanguage":"fr-FR"},{"@type":"Organization","@id":"https:\/\/swissbaker.ch\/fr\/#organization","name":"Schweizerischer B\u00e4cker-Confiseurmeister-Verband","url":"https:\/\/swissbaker.ch\/fr\/","logo":{"@type":"ImageObject","inLanguage":"fr-FR","@id":"https:\/\/swissbaker.ch\/fr\/#\/schema\/logo\/image\/","url":"https:\/\/swissbaker.ch\/wp-content\/uploads\/2022\/04\/sbc-logo-yoast.jpg","contentUrl":"https:\/\/swissbaker.ch\/wp-content\/uploads\/2022\/04\/sbc-logo-yoast.jpg","width":512,"height":512,"caption":"Schweizerischer B\u00e4cker-Confiseurmeister-Verband"},"image":{"@id":"https:\/\/swissbaker.ch\/fr\/#\/schema\/logo\/image\/"},"sameAs":["https:\/\/www.facebook.com\/swissbaker.ch","https:\/\/x.com\/ch_swissbaker"]}]}},"_links":{"self":[{"href":"https:\/\/swissbaker.ch\/fr\/wp-json\/wp\/v2\/photogallery\/84168","targetHints":{"allow":["GET"]}}],"collection":[{"href":"https:\/\/swissbaker.ch\/fr\/wp-json\/wp\/v2\/photogallery"}],"about":[{"href":"https:\/\/swissbaker.ch\/fr\/wp-json\/wp\/v2\/types\/photogallery"}],"author":[{"embeddable":true,"href":"https:\/\/swissbaker.ch\/fr\/wp-json\/wp\/v2\/users\/5"}],"version-history":[{"count":0,"href":"https:\/\/swissbaker.ch\/fr\/wp-json\/wp\/v2\/photogallery\/84168\/revisions"}],"wp:featuredmedia":[{"embeddable":true,"href":"https:\/\/swissbaker.ch\/fr\/wp-json\/wp\/v2\/media\/84171"}],"wp:attachment":[{"href":"https:\/\/swissbaker.ch\/fr\/wp-json\/wp\/v2\/media?parent=84168"}],"curies":[{"name":"wp","href":"https:\/\/api.w.org\/{rel}","templated":true}]}}

<p>Le Chevaliers du bon pain et les artisans boulangers-confiseurs neuchâtelois ont participé au Corso fleuri de la Fête des vendanges à Neuchâtel. Au cœur du traditionnel cortège des quatorze chars parés de fleurs, ils ont distribué aux spectateurs morceaux de pain et taillaules artisanales, le 29 septembre. Cette 97<sup>e</sup> édition placée sous le thème « Blanche fête et les 7 grains » a rassemblé quelque 1500 figurants.</p>

<p>Le Chevaliers du bon pain et les artisans boulangers-confiseurs neuchâtelois ont participé au Corso fleuri de la Fête des vendanges à Neuchâtel.</p>

<!-- This site is optimized with the Yoast SEO Premium plugin v26.8 (Yoast SEO v26.8) - https://yoast.com/product/yoast-seo-premium-wordpress/ -->
<title>Vendanges, fleurs et pain | SBC</title>
<meta name="robots" content="index, follow, max-snippet:-1, max-image-preview:large, max-video-preview:-1" />
<link rel="canonical" href="https://swissbaker.ch/fr/panissimo-news/galerie/vendanges-fleurs-et-pain/" />
<meta property="og:locale" content="fr_FR" />
<meta property="og:type" content="article" />
<meta property="og:title" content="Vendanges, fleurs et pain" />
<meta property="og:description" content="Le Chevaliers du bon pain et les artisans boulangers-confiseurs neuchâtelois ont participé au Corso fleuri de la Fête des vendanges à Neuchâtel." />
<meta property="og:url" content="https://swissbaker.ch/fr/panissimo-news/galerie/vendanges-fleurs-et-pain/" />
<meta property="og:site_name" content="SBC" />
<meta property="article:publisher" content="https://www.facebook.com/swissbaker.ch" />
<meta property="article:modified_time" content="2024-10-03T11:29:58+00:00" />
<meta property="og:image" content="https://swissbaker.ch/wp-content/uploads/2024/10/20240929.fetes-vendanges-cortege-boulangersabcne-2.jpg" />
	<meta property="og:image:width" content="640" />
	<meta property="og:image:height" content="480" />
	<meta property="og:image:type" content="image/jpeg" />
<meta name="twitter:card" content="summary_large_image" />
<meta name="twitter:site" content="@ch_swissbaker" />
<script type="application/ld+json" class="yoast-schema-graph">{"@context":"https://schema.org","@graph":[{"@type":"WebPage","@id":"https://swissbaker.ch/fr/panissimo-news/galerie/vendanges-fleurs-et-pain/","url":"https://swissbaker.ch/fr/panissimo-news/galerie/vendanges-fleurs-et-pain/","name":"Vendanges, fleurs et pain | SBC","isPartOf":{"@id":"https://swissbaker.ch/fr/#website"},"primaryImageOfPage":{"@id":"https://swissbaker.ch/fr/panissimo-news/galerie/vendanges-fleurs-et-pain/#primaryimage"},"image":{"@id":"https://swissbaker.ch/fr/panissimo-news/galerie/vendanges-fleurs-et-pain/#primaryimage"},"thumbnailUrl":"https://swissbaker.ch/wp-content/uploads/2024/10/20240929.fetes-vendanges-cortege-boulangersabcne-2.jpg","datePublished":"2024-10-03T11:29:37+00:00","dateModified":"2024-10-03T11:29:58+00:00","breadcrumb":{"@id":"https://swissbaker.ch/fr/panissimo-news/galerie/vendanges-fleurs-et-pain/#breadcrumb"},"inLanguage":"fr-FR","potentialAction":[{"@type":"ReadAction","target":["https://swissbaker.ch/fr/panissimo-news/galerie/vendanges-fleurs-et-pain/"]}]},{"@type":"ImageObject","inLanguage":"fr-FR","@id":"https://swissbaker.ch/fr/panissimo-news/galerie/vendanges-fleurs-et-pain/#primaryimage","url":"https://swissbaker.ch/wp-content/uploads/2024/10/20240929.fetes-vendanges-cortege-boulangersabcne-2.jpg","contentUrl":"https://swissbaker.ch/wp-content/uploads/2024/10/20240929.fetes-vendanges-cortege-boulangersabcne-2.jpg","width":640,"height":480},{"@type":"BreadcrumbList","@id":"https://swissbaker.ch/fr/panissimo-news/galerie/vendanges-fleurs-et-pain/#breadcrumb","itemListElement":[{"@type":"ListItem","position":1,"name":"","item":"https://swissbaker.ch/fr/"},{"@type":"ListItem","position":2,"name":"Galerie de photos","item":"https://swissbaker.ch/fr/panissimo-news/galerie/"},{"@type":"ListItem","position":3,"name":"Vendanges, fleurs et pain"}]},{"@type":"WebSite","@id":"https://swissbaker.ch/fr/#website","url":"https://swissbaker.ch/fr/","name":"SBC","description":"","publisher":{"@id":"https://swissbaker.ch/fr/#organization"},"potentialAction":[{"@type":"SearchAction","target":{"@type":"EntryPoint","urlTemplate":"https://swissbaker.ch/fr/?s={search_term_string}"},"query-input":{"@type":"PropertyValueSpecification","valueRequired":true,"valueName":"search_term_string"}}],"inLanguage":"fr-FR"},{"@type":"Organization","@id":"https://swissbaker.ch/fr/#organization","name":"Schweizerischer Bäcker-Confiseurmeister-Verband","url":"https://swissbaker.ch/fr/","logo":{"@type":"ImageObject","inLanguage":"fr-FR","@id":"https://swissbaker.ch/fr/#/schema/logo/image/","url":"https://swissbaker.ch/wp-content/uploads/2022/04/sbc-logo-yoast.jpg","contentUrl":"https://swissbaker.ch/wp-content/uploads/2022/04/sbc-logo-yoast.jpg","width":512,"height":512,"caption":"Schweizerischer Bäcker-Confiseurmeister-Verband"},"image":{"@id":"https://swissbaker.ch/fr/#/schema/logo/image/"},"sameAs":["https://www.facebook.com/swissbaker.ch","https://x.com/ch_swissbaker"]}]}</script>
<!-- / Yoast SEO Premium plugin. -->

Le Chevaliers du bon pain et les artisans boulangers-confiseurs neuchâtelois ont participé au Corso fleuri de la Fête des vendanges à Neuchâtel.

Schweizerischer Bäcker-Confiseurmeister-Verband
