{"id":69305,"date":"2023-10-11T15:02:46","date_gmt":"2023-10-11T13:02:46","guid":{"rendered":"https:\/\/swissbaker.ch\/?post_type=photogallery&#038;p=69305"},"modified":"2023-10-11T15:02:47","modified_gmt":"2023-10-11T13:02:47","slug":"traditioneller-luzerner-brotmarkt","status":"publish","type":"photogallery","link":"https:\/\/swissbaker.ch\/fr\/panissimo-news\/galerie\/traditioneller-luzerner-brotmarkt\/","title":{"rendered":"TRADITIONELLER LUZERNER BROTMARKT"},"content":{"rendered":"\n<p>Der traditionelle Brotmarkt der Zunft zu Pfistern in Luzern fand bei bestem Wetter statt. Die Besucher\/innen zeigten sich an den verschiedenen Broten interessiert und wollten mehr \u00fcber das Handwerk und die Herstellung erfahren. Der Marktzopf wurde vor Ort produziert und im Holzofen gebacken. Rund 900 St\u00fcck konnten verkauft werden. F\u00fcr Unterhaltung w\u00e4hrend den Mittagsstunden sorgte die Band von Willi Suter, die sich auf der \u00abDincool Tour\u00bb befindet. Dabei konnten die Besucher\/innen nebst verschiedenen s\u00fcssen Backwaren auch frische Pizzas und die ber\u00fchmten Milit\u00e4rk\u00e4seschnitten geniessen. <\/p>\n\n\n\n<p>Der Luzerner Brotmarkt findet jeweils am Pfingstsamstag sowie am dritten Samstag im September statt. 2024 wird er am 18. Mai und am 21. September durchgef\u00fchrt werden.<\/p>\n\n\n\n<p class=\"has-text-align-right\">Urs R\u00f6thlin<\/p>\n","protected":false},"excerpt":{"rendered":"<p>Der traditionelle Brotmarkt der Zunft zu Pfistern in Luzern fand bei bestem Wetter statt. Die Besucher\/innen zeigten sich an den verschiedenen Broten interessiert und wollten mehr \u00fcber das Handwerk und die Herstellung erfahren. Der Marktzopf wurde vor Ort produziert und im Holzofen gebacken. Rund 900 St\u00fcck konnten verkauft werden. F\u00fcr Unterhaltung w\u00e4hrend den Mittagsstunden sorgte die Band von Willi Suter, [&hellip;]<\/p>\n","protected":false},"author":14,"featured_media":69314,"menu_order":0,"template":"","class_list":["post-69305","photogallery","type-photogallery","status-publish","has-post-thumbnail","hentry"],"acf":[],"yoast_head":"<!-- This site is optimized with the Yoast SEO Premium plugin v26.8 (Yoast SEO v26.8) - https:\/\/yoast.com\/product\/yoast-seo-premium-wordpress\/ -->\n<title>TRADITIONELLER LUZERNER BROTMARKT | SBC<\/title>\n<meta name=\"robots\" content=\"index, follow, max-snippet:-1, max-image-preview:large, max-video-preview:-1\" \/>\n<link rel=\"canonical\" href=\"https:\/\/swissbaker.ch\/fr\/panissimo-news\/galerie\/traditioneller-luzerner-brotmarkt\/\" \/>\n<meta property=\"og:locale\" content=\"fr_FR\" \/>\n<meta property=\"og:type\" content=\"article\" \/>\n<meta property=\"og:title\" content=\"TRADITIONELLER LUZERNER BROTMARKT\" \/>\n<meta property=\"og:description\" content=\"Der traditionelle Brotmarkt der Zunft zu Pfistern in Luzern fand bei bestem Wetter statt. Die Besucher\/innen zeigten sich an den verschiedenen Broten interessiert und wollten mehr \u00fcber das Handwerk und die Herstellung erfahren. Der Marktzopf wurde vor Ort produziert und im Holzofen gebacken. Rund 900 St\u00fcck konnten verkauft werden. F\u00fcr Unterhaltung w\u00e4hrend den Mittagsstunden sorgte die Band von Willi Suter, [&hellip;]\" \/>\n<meta property=\"og:url\" content=\"https:\/\/swissbaker.ch\/fr\/panissimo-news\/galerie\/traditioneller-luzerner-brotmarkt\/\" \/>\n<meta property=\"og:site_name\" content=\"SBC\" \/>\n<meta property=\"article:publisher\" content=\"https:\/\/www.facebook.com\/swissbaker.ch\" \/>\n<meta property=\"article:modified_time\" content=\"2023-10-11T13:02:47+00:00\" \/>\n<meta property=\"og:image\" content=\"https:\/\/swissbaker.ch\/wp-content\/uploads\/2023\/10\/brotmarkt_luzern_01.jpg\" \/>\n\t<meta property=\"og:image:width\" content=\"2000\" \/>\n\t<meta property=\"og:image:height\" content=\"1335\" \/>\n\t<meta property=\"og:image:type\" content=\"image\/jpeg\" \/>\n<meta name=\"twitter:card\" content=\"summary_large_image\" \/>\n<meta name=\"twitter:site\" content=\"@ch_swissbaker\" \/>\n<meta name=\"twitter:label1\" content=\"Est. reading time\" \/>\n\t<meta name=\"twitter:data1\" content=\"1 minute\" \/>\n<script type=\"application\/ld+json\" class=\"yoast-schema-graph\">{\"@context\":\"https:\/\/schema.org\",\"@graph\":[{\"@type\":\"WebPage\",\"@id\":\"https:\/\/swissbaker.ch\/fr\/panissimo-news\/galerie\/traditioneller-luzerner-brotmarkt\/\",\"url\":\"https:\/\/swissbaker.ch\/fr\/panissimo-news\/galerie\/traditioneller-luzerner-brotmarkt\/\",\"name\":\"TRADITIONELLER LUZERNER BROTMARKT | SBC\",\"isPartOf\":{\"@id\":\"https:\/\/swissbaker.ch\/fr\/#website\"},\"primaryImageOfPage\":{\"@id\":\"https:\/\/swissbaker.ch\/fr\/panissimo-news\/galerie\/traditioneller-luzerner-brotmarkt\/#primaryimage\"},\"image\":{\"@id\":\"https:\/\/swissbaker.ch\/fr\/panissimo-news\/galerie\/traditioneller-luzerner-brotmarkt\/#primaryimage\"},\"thumbnailUrl\":\"https:\/\/swissbaker.ch\/wp-content\/uploads\/2023\/10\/brotmarkt_luzern_01.jpg\",\"datePublished\":\"2023-10-11T13:02:46+00:00\",\"dateModified\":\"2023-10-11T13:02:47+00:00\",\"breadcrumb\":{\"@id\":\"https:\/\/swissbaker.ch\/fr\/panissimo-news\/galerie\/traditioneller-luzerner-brotmarkt\/#breadcrumb\"},\"inLanguage\":\"fr-FR\",\"potentialAction\":[{\"@type\":\"ReadAction\",\"target\":[\"https:\/\/swissbaker.ch\/fr\/panissimo-news\/galerie\/traditioneller-luzerner-brotmarkt\/\"]}]},{\"@type\":\"ImageObject\",\"inLanguage\":\"fr-FR\",\"@id\":\"https:\/\/swissbaker.ch\/fr\/panissimo-news\/galerie\/traditioneller-luzerner-brotmarkt\/#primaryimage\",\"url\":\"https:\/\/swissbaker.ch\/wp-content\/uploads\/2023\/10\/brotmarkt_luzern_01.jpg\",\"contentUrl\":\"https:\/\/swissbaker.ch\/wp-content\/uploads\/2023\/10\/brotmarkt_luzern_01.jpg\",\"width\":2000,\"height\":1335},{\"@type\":\"BreadcrumbList\",\"@id\":\"https:\/\/swissbaker.ch\/fr\/panissimo-news\/galerie\/traditioneller-luzerner-brotmarkt\/#breadcrumb\",\"itemListElement\":[{\"@type\":\"ListItem\",\"position\":1,\"name\":\"\",\"item\":\"https:\/\/swissbaker.ch\/fr\/\"},{\"@type\":\"ListItem\",\"position\":2,\"name\":\"Galerie de photos\",\"item\":\"https:\/\/swissbaker.ch\/fr\/panissimo-news\/galerie\/\"},{\"@type\":\"ListItem\",\"position\":3,\"name\":\"TRADITIONELLER LUZERNER BROTMARKT\"}]},{\"@type\":\"WebSite\",\"@id\":\"https:\/\/swissbaker.ch\/fr\/#website\",\"url\":\"https:\/\/swissbaker.ch\/fr\/\",\"name\":\"SBC\",\"description\":\"\",\"publisher\":{\"@id\":\"https:\/\/swissbaker.ch\/fr\/#organization\"},\"potentialAction\":[{\"@type\":\"SearchAction\",\"target\":{\"@type\":\"EntryPoint\",\"urlTemplate\":\"https:\/\/swissbaker.ch\/fr\/?s={search_term_string}\"},\"query-input\":{\"@type\":\"PropertyValueSpecification\",\"valueRequired\":true,\"valueName\":\"search_term_string\"}}],\"inLanguage\":\"fr-FR\"},{\"@type\":\"Organization\",\"@id\":\"https:\/\/swissbaker.ch\/fr\/#organization\",\"name\":\"Schweizerischer B\u00e4cker-Confiseurmeister-Verband\",\"url\":\"https:\/\/swissbaker.ch\/fr\/\",\"logo\":{\"@type\":\"ImageObject\",\"inLanguage\":\"fr-FR\",\"@id\":\"https:\/\/swissbaker.ch\/fr\/#\/schema\/logo\/image\/\",\"url\":\"https:\/\/swissbaker.ch\/wp-content\/uploads\/2022\/04\/sbc-logo-yoast.jpg\",\"contentUrl\":\"https:\/\/swissbaker.ch\/wp-content\/uploads\/2022\/04\/sbc-logo-yoast.jpg\",\"width\":512,\"height\":512,\"caption\":\"Schweizerischer B\u00e4cker-Confiseurmeister-Verband\"},\"image\":{\"@id\":\"https:\/\/swissbaker.ch\/fr\/#\/schema\/logo\/image\/\"},\"sameAs\":[\"https:\/\/www.facebook.com\/swissbaker.ch\",\"https:\/\/x.com\/ch_swissbaker\"]}]}<\/script>\n<!-- \/ Yoast SEO Premium plugin. -->","yoast_head_json":{"title":"TRADITIONELLER LUZERNER BROTMARKT | SBC","robots":{"index":"index","follow":"follow","max-snippet":"max-snippet:-1","max-image-preview":"max-image-preview:large","max-video-preview":"max-video-preview:-1"},"canonical":"https:\/\/swissbaker.ch\/fr\/panissimo-news\/galerie\/traditioneller-luzerner-brotmarkt\/","og_locale":"fr_FR","og_type":"article","og_title":"TRADITIONELLER LUZERNER BROTMARKT","og_description":"Der traditionelle Brotmarkt der Zunft zu Pfistern in Luzern fand bei bestem Wetter statt. Die Besucher\/innen zeigten sich an den verschiedenen Broten interessiert und wollten mehr \u00fcber das Handwerk und die Herstellung erfahren. Der Marktzopf wurde vor Ort produziert und im Holzofen gebacken. Rund 900 St\u00fcck konnten verkauft werden. F\u00fcr Unterhaltung w\u00e4hrend den Mittagsstunden sorgte die Band von Willi Suter, [&hellip;]","og_url":"https:\/\/swissbaker.ch\/fr\/panissimo-news\/galerie\/traditioneller-luzerner-brotmarkt\/","og_site_name":"SBC","article_publisher":"https:\/\/www.facebook.com\/swissbaker.ch","article_modified_time":"2023-10-11T13:02:47+00:00","og_image":[{"width":2000,"height":1335,"url":"https:\/\/swissbaker.ch\/wp-content\/uploads\/2023\/10\/brotmarkt_luzern_01.jpg","type":"image\/jpeg"}],"twitter_card":"summary_large_image","twitter_site":"@ch_swissbaker","twitter_misc":{"Est. reading time":"1 minute"},"schema":{"@context":"https:\/\/schema.org","@graph":[{"@type":"WebPage","@id":"https:\/\/swissbaker.ch\/fr\/panissimo-news\/galerie\/traditioneller-luzerner-brotmarkt\/","url":"https:\/\/swissbaker.ch\/fr\/panissimo-news\/galerie\/traditioneller-luzerner-brotmarkt\/","name":"TRADITIONELLER LUZERNER BROTMARKT | SBC","isPartOf":{"@id":"https:\/\/swissbaker.ch\/fr\/#website"},"primaryImageOfPage":{"@id":"https:\/\/swissbaker.ch\/fr\/panissimo-news\/galerie\/traditioneller-luzerner-brotmarkt\/#primaryimage"},"image":{"@id":"https:\/\/swissbaker.ch\/fr\/panissimo-news\/galerie\/traditioneller-luzerner-brotmarkt\/#primaryimage"},"thumbnailUrl":"https:\/\/swissbaker.ch\/wp-content\/uploads\/2023\/10\/brotmarkt_luzern_01.jpg","datePublished":"2023-10-11T13:02:46+00:00","dateModified":"2023-10-11T13:02:47+00:00","breadcrumb":{"@id":"https:\/\/swissbaker.ch\/fr\/panissimo-news\/galerie\/traditioneller-luzerner-brotmarkt\/#breadcrumb"},"inLanguage":"fr-FR","potentialAction":[{"@type":"ReadAction","target":["https:\/\/swissbaker.ch\/fr\/panissimo-news\/galerie\/traditioneller-luzerner-brotmarkt\/"]}]},{"@type":"ImageObject","inLanguage":"fr-FR","@id":"https:\/\/swissbaker.ch\/fr\/panissimo-news\/galerie\/traditioneller-luzerner-brotmarkt\/#primaryimage","url":"https:\/\/swissbaker.ch\/wp-content\/uploads\/2023\/10\/brotmarkt_luzern_01.jpg","contentUrl":"https:\/\/swissbaker.ch\/wp-content\/uploads\/2023\/10\/brotmarkt_luzern_01.jpg","width":2000,"height":1335},{"@type":"BreadcrumbList","@id":"https:\/\/swissbaker.ch\/fr\/panissimo-news\/galerie\/traditioneller-luzerner-brotmarkt\/#breadcrumb","itemListElement":[{"@type":"ListItem","position":1,"name":"","item":"https:\/\/swissbaker.ch\/fr\/"},{"@type":"ListItem","position":2,"name":"Galerie de photos","item":"https:\/\/swissbaker.ch\/fr\/panissimo-news\/galerie\/"},{"@type":"ListItem","position":3,"name":"TRADITIONELLER LUZERNER BROTMARKT"}]},{"@type":"WebSite","@id":"https:\/\/swissbaker.ch\/fr\/#website","url":"https:\/\/swissbaker.ch\/fr\/","name":"SBC","description":"","publisher":{"@id":"https:\/\/swissbaker.ch\/fr\/#organization"},"potentialAction":[{"@type":"SearchAction","target":{"@type":"EntryPoint","urlTemplate":"https:\/\/swissbaker.ch\/fr\/?s={search_term_string}"},"query-input":{"@type":"PropertyValueSpecification","valueRequired":true,"valueName":"search_term_string"}}],"inLanguage":"fr-FR"},{"@type":"Organization","@id":"https:\/\/swissbaker.ch\/fr\/#organization","name":"Schweizerischer B\u00e4cker-Confiseurmeister-Verband","url":"https:\/\/swissbaker.ch\/fr\/","logo":{"@type":"ImageObject","inLanguage":"fr-FR","@id":"https:\/\/swissbaker.ch\/fr\/#\/schema\/logo\/image\/","url":"https:\/\/swissbaker.ch\/wp-content\/uploads\/2022\/04\/sbc-logo-yoast.jpg","contentUrl":"https:\/\/swissbaker.ch\/wp-content\/uploads\/2022\/04\/sbc-logo-yoast.jpg","width":512,"height":512,"caption":"Schweizerischer B\u00e4cker-Confiseurmeister-Verband"},"image":{"@id":"https:\/\/swissbaker.ch\/fr\/#\/schema\/logo\/image\/"},"sameAs":["https:\/\/www.facebook.com\/swissbaker.ch","https:\/\/x.com\/ch_swissbaker"]}]}},"_links":{"self":[{"href":"https:\/\/swissbaker.ch\/fr\/wp-json\/wp\/v2\/photogallery\/69305","targetHints":{"allow":["GET"]}}],"collection":[{"href":"https:\/\/swissbaker.ch\/fr\/wp-json\/wp\/v2\/photogallery"}],"about":[{"href":"https:\/\/swissbaker.ch\/fr\/wp-json\/wp\/v2\/types\/photogallery"}],"author":[{"embeddable":true,"href":"https:\/\/swissbaker.ch\/fr\/wp-json\/wp\/v2\/users\/14"}],"version-history":[{"count":0,"href":"https:\/\/swissbaker.ch\/fr\/wp-json\/wp\/v2\/photogallery\/69305\/revisions"}],"wp:featuredmedia":[{"embeddable":true,"href":"https:\/\/swissbaker.ch\/fr\/wp-json\/wp\/v2\/media\/69314"}],"wp:attachment":[{"href":"https:\/\/swissbaker.ch\/fr\/wp-json\/wp\/v2\/media?parent=69305"}],"curies":[{"name":"wp","href":"https:\/\/api.w.org\/{rel}","templated":true}]}}

<p>Der traditionelle Brotmarkt der Zunft zu Pfistern in Luzern fand bei bestem Wetter statt. Die Besucher/innen zeigten sich an den verschiedenen Broten interessiert und wollten mehr über das Handwerk und die Herstellung erfahren. Der Marktzopf wurde vor Ort produziert und im Holzofen gebacken. Rund 900 Stück konnten verkauft werden. Für Unterhaltung während den Mittagsstunden sorgte die Band von Willi Suter, die sich auf der «Dincool Tour» befindet. Dabei konnten die Besucher/innen nebst verschiedenen süssen Backwaren auch frische Pizzas und die berühmten Militärkäseschnitten geniessen. </p>



<p>Der Luzerner Brotmarkt findet jeweils am Pfingstsamstag sowie am dritten Samstag im September statt. 2024 wird er am 18. Mai und am 21. September durchgeführt werden.</p>



<p class="has-text-align-right">Urs Röthlin</p>

<p>Der traditionelle Brotmarkt der Zunft zu Pfistern in Luzern fand bei bestem Wetter statt. Die Besucher/innen zeigten sich an den verschiedenen Broten interessiert und wollten mehr über das Handwerk und die Herstellung erfahren. Der Marktzopf wurde vor Ort produziert und im Holzofen gebacken. Rund 900 Stück konnten verkauft werden. Für Unterhaltung während den Mittagsstunden sorgte die Band von Willi Suter, [&hellip;]</p>

<!-- This site is optimized with the Yoast SEO Premium plugin v26.8 (Yoast SEO v26.8) - https://yoast.com/product/yoast-seo-premium-wordpress/ -->
<title>TRADITIONELLER LUZERNER BROTMARKT | SBC</title>
<meta name="robots" content="index, follow, max-snippet:-1, max-image-preview:large, max-video-preview:-1" />
<link rel="canonical" href="https://swissbaker.ch/fr/panissimo-news/galerie/traditioneller-luzerner-brotmarkt/" />
<meta property="og:locale" content="fr_FR" />
<meta property="og:type" content="article" />
<meta property="og:title" content="TRADITIONELLER LUZERNER BROTMARKT" />
<meta property="og:description" content="Der traditionelle Brotmarkt der Zunft zu Pfistern in Luzern fand bei bestem Wetter statt. Die Besucher/innen zeigten sich an den verschiedenen Broten interessiert und wollten mehr über das Handwerk und die Herstellung erfahren. Der Marktzopf wurde vor Ort produziert und im Holzofen gebacken. Rund 900 Stück konnten verkauft werden. Für Unterhaltung während den Mittagsstunden sorgte die Band von Willi Suter, [&hellip;]" />
<meta property="og:url" content="https://swissbaker.ch/fr/panissimo-news/galerie/traditioneller-luzerner-brotmarkt/" />
<meta property="og:site_name" content="SBC" />
<meta property="article:publisher" content="https://www.facebook.com/swissbaker.ch" />
<meta property="article:modified_time" content="2023-10-11T13:02:47+00:00" />
<meta property="og:image" content="https://swissbaker.ch/wp-content/uploads/2023/10/brotmarkt_luzern_01.jpg" />
	<meta property="og:image:width" content="2000" />
	<meta property="og:image:height" content="1335" />
	<meta property="og:image:type" content="image/jpeg" />
<meta name="twitter:card" content="summary_large_image" />
<meta name="twitter:site" content="@ch_swissbaker" />
<meta name="twitter:label1" content="Est. reading time" />
	<meta name="twitter:data1" content="1 minute" />
<script type="application/ld+json" class="yoast-schema-graph">{"@context":"https://schema.org","@graph":[{"@type":"WebPage","@id":"https://swissbaker.ch/fr/panissimo-news/galerie/traditioneller-luzerner-brotmarkt/","url":"https://swissbaker.ch/fr/panissimo-news/galerie/traditioneller-luzerner-brotmarkt/","name":"TRADITIONELLER LUZERNER BROTMARKT | SBC","isPartOf":{"@id":"https://swissbaker.ch/fr/#website"},"primaryImageOfPage":{"@id":"https://swissbaker.ch/fr/panissimo-news/galerie/traditioneller-luzerner-brotmarkt/#primaryimage"},"image":{"@id":"https://swissbaker.ch/fr/panissimo-news/galerie/traditioneller-luzerner-brotmarkt/#primaryimage"},"thumbnailUrl":"https://swissbaker.ch/wp-content/uploads/2023/10/brotmarkt_luzern_01.jpg","datePublished":"2023-10-11T13:02:46+00:00","dateModified":"2023-10-11T13:02:47+00:00","breadcrumb":{"@id":"https://swissbaker.ch/fr/panissimo-news/galerie/traditioneller-luzerner-brotmarkt/#breadcrumb"},"inLanguage":"fr-FR","potentialAction":[{"@type":"ReadAction","target":["https://swissbaker.ch/fr/panissimo-news/galerie/traditioneller-luzerner-brotmarkt/"]}]},{"@type":"ImageObject","inLanguage":"fr-FR","@id":"https://swissbaker.ch/fr/panissimo-news/galerie/traditioneller-luzerner-brotmarkt/#primaryimage","url":"https://swissbaker.ch/wp-content/uploads/2023/10/brotmarkt_luzern_01.jpg","contentUrl":"https://swissbaker.ch/wp-content/uploads/2023/10/brotmarkt_luzern_01.jpg","width":2000,"height":1335},{"@type":"BreadcrumbList","@id":"https://swissbaker.ch/fr/panissimo-news/galerie/traditioneller-luzerner-brotmarkt/#breadcrumb","itemListElement":[{"@type":"ListItem","position":1,"name":"","item":"https://swissbaker.ch/fr/"},{"@type":"ListItem","position":2,"name":"Galerie de photos","item":"https://swissbaker.ch/fr/panissimo-news/galerie/"},{"@type":"ListItem","position":3,"name":"TRADITIONELLER LUZERNER BROTMARKT"}]},{"@type":"WebSite","@id":"https://swissbaker.ch/fr/#website","url":"https://swissbaker.ch/fr/","name":"SBC","description":"","publisher":{"@id":"https://swissbaker.ch/fr/#organization"},"potentialAction":[{"@type":"SearchAction","target":{"@type":"EntryPoint","urlTemplate":"https://swissbaker.ch/fr/?s={search_term_string}"},"query-input":{"@type":"PropertyValueSpecification","valueRequired":true,"valueName":"search_term_string"}}],"inLanguage":"fr-FR"},{"@type":"Organization","@id":"https://swissbaker.ch/fr/#organization","name":"Schweizerischer Bäcker-Confiseurmeister-Verband","url":"https://swissbaker.ch/fr/","logo":{"@type":"ImageObject","inLanguage":"fr-FR","@id":"https://swissbaker.ch/fr/#/schema/logo/image/","url":"https://swissbaker.ch/wp-content/uploads/2022/04/sbc-logo-yoast.jpg","contentUrl":"https://swissbaker.ch/wp-content/uploads/2022/04/sbc-logo-yoast.jpg","width":512,"height":512,"caption":"Schweizerischer Bäcker-Confiseurmeister-Verband"},"image":{"@id":"https://swissbaker.ch/fr/#/schema/logo/image/"},"sameAs":["https://www.facebook.com/swissbaker.ch","https://x.com/ch_swissbaker"]}]}</script>
<!-- / Yoast SEO Premium plugin. -->

Der traditionelle Brotmarkt der Zunft zu Pfistern in Luzern fand bei bestem Wetter statt. Die Besucher/innen zeigten sich an den verschiedenen Broten interessiert und wollten mehr über das Handwerk und die Herstellung erfahren. Der Marktzopf wurde vor Ort produziert und im Holzofen gebacken. Rund 900 Stück konnten verkauft werden. Für Unterhaltung während den Mittagsstunden sorgte die Band von Willi Suter, [&hellip;]

Schweizerischer Bäcker-Confiseurmeister-Verband
