{"id":68545,"date":"2023-09-20T11:19:46","date_gmt":"2023-09-20T09:19:46","guid":{"rendered":"https:\/\/swissbaker.ch\/?post_type=photogallery&#038;p=68545"},"modified":"2023-09-20T11:25:28","modified_gmt":"2023-09-20T09:25:28","slug":"richner-baeckerei-konditorei-confiserie-veltheim","status":"publish","type":"photogallery","link":"https:\/\/swissbaker.ch\/fr\/panissimo-news\/galerie\/richner-baeckerei-konditorei-confiserie-veltheim\/","title":{"rendered":"B\u00e4ckerei-Konditorei-Confiserie Richner, Veltheim"},"content":{"rendered":"\n<p><strong>\u00dcber 175 Jahre war sie in Veltheim eine in der Bev\u00f6lkerung gesch\u00e4tzte, normale B\u00e4ckerei mit Qualit\u00e4tsprodukten, bis 2020. Heute wird in der B\u00e4ckerei-Confiserie Richner AG neben Back- und Konditoreiprodukten Schokolade in verschiedenen Gr\u00f6ssen, Formen und Aromen f\u00fcr den Direktverkauf und f\u00fcr den B2B produziert \u2013 in Handarbeit.<\/strong><\/p>\n","protected":false},"excerpt":{"rendered":"<p>\u00dcber 175 Jahre war sie in Veltheim eine in der Bev\u00f6lkerung gesch\u00e4tzte, normale B\u00e4ckerei mit Qualit\u00e4tsprodukten, bis 2020. Heute wird in der B\u00e4ckerei-Confiserie Richner AG neben Back- und Konditoreiprodukten Schokolade in verschiedenen Gr\u00f6ssen, Formen und Aromen f\u00fcr den Direktverkauf und f\u00fcr den B2B produziert \u2013 in Handarbeit.<\/p>\n","protected":false},"author":5,"featured_media":68566,"menu_order":0,"template":"","class_list":["post-68545","photogallery","type-photogallery","status-publish","has-post-thumbnail","hentry"],"acf":[],"yoast_head":"<!-- This site is optimized with the Yoast SEO Premium plugin v26.8 (Yoast SEO v26.8) - https:\/\/yoast.com\/product\/yoast-seo-premium-wordpress\/ -->\n<title>B\u00e4ckerei-Konditorei-Confiserie Richner, Veltheim | SBC<\/title>\n<meta name=\"description\" content=\"Bilder aus der B\u00e4ckerei-Konditorei-Confiserie Richner\" \/>\n<meta name=\"robots\" content=\"index, follow, max-snippet:-1, max-image-preview:large, max-video-preview:-1\" \/>\n<link rel=\"canonical\" href=\"https:\/\/swissbaker.ch\/fr\/panissimo-news\/galerie\/richner-baeckerei-konditorei-confiserie-veltheim\/\" \/>\n<meta property=\"og:locale\" content=\"fr_FR\" \/>\n<meta property=\"og:type\" content=\"article\" \/>\n<meta property=\"og:title\" content=\"B\u00e4ckerei-Konditorei-Confiserie Richner, Veltheim\" \/>\n<meta property=\"og:description\" content=\"Bilder aus der B\u00e4ckerei-Konditorei-Confiserie Richner\" \/>\n<meta property=\"og:url\" content=\"https:\/\/swissbaker.ch\/fr\/panissimo-news\/galerie\/richner-baeckerei-konditorei-confiserie-veltheim\/\" \/>\n<meta property=\"og:site_name\" content=\"SBC\" \/>\n<meta property=\"article:publisher\" content=\"https:\/\/www.facebook.com\/swissbaker.ch\" \/>\n<meta property=\"article:modified_time\" content=\"2023-09-20T09:25:28+00:00\" \/>\n<meta property=\"og:image\" content=\"https:\/\/swissbaker.ch\/wp-content\/uploads\/2023\/09\/richner_veltheim_2023-11.jpg\" \/>\n\t<meta property=\"og:image:width\" content=\"1200\" \/>\n\t<meta property=\"og:image:height\" content=\"1600\" \/>\n\t<meta property=\"og:image:type\" content=\"image\/jpeg\" \/>\n<meta name=\"twitter:card\" content=\"summary_large_image\" \/>\n<meta name=\"twitter:site\" content=\"@ch_swissbaker\" \/>\n<script type=\"application\/ld+json\" class=\"yoast-schema-graph\">{\"@context\":\"https:\/\/schema.org\",\"@graph\":[{\"@type\":\"WebPage\",\"@id\":\"https:\/\/swissbaker.ch\/fr\/panissimo-news\/galerie\/richner-baeckerei-konditorei-confiserie-veltheim\/\",\"url\":\"https:\/\/swissbaker.ch\/fr\/panissimo-news\/galerie\/richner-baeckerei-konditorei-confiserie-veltheim\/\",\"name\":\"B\u00e4ckerei-Konditorei-Confiserie Richner, Veltheim | SBC\",\"isPartOf\":{\"@id\":\"https:\/\/swissbaker.ch\/fr\/#website\"},\"primaryImageOfPage\":{\"@id\":\"https:\/\/swissbaker.ch\/fr\/panissimo-news\/galerie\/richner-baeckerei-konditorei-confiserie-veltheim\/#primaryimage\"},\"image\":{\"@id\":\"https:\/\/swissbaker.ch\/fr\/panissimo-news\/galerie\/richner-baeckerei-konditorei-confiserie-veltheim\/#primaryimage\"},\"thumbnailUrl\":\"https:\/\/swissbaker.ch\/wp-content\/uploads\/2023\/09\/richner_veltheim_2023-11.jpg\",\"datePublished\":\"2023-09-20T09:19:46+00:00\",\"dateModified\":\"2023-09-20T09:25:28+00:00\",\"description\":\"Bilder aus der B\u00e4ckerei-Konditorei-Confiserie Richner\",\"breadcrumb\":{\"@id\":\"https:\/\/swissbaker.ch\/fr\/panissimo-news\/galerie\/richner-baeckerei-konditorei-confiserie-veltheim\/#breadcrumb\"},\"inLanguage\":\"fr-FR\",\"potentialAction\":[{\"@type\":\"ReadAction\",\"target\":[\"https:\/\/swissbaker.ch\/fr\/panissimo-news\/galerie\/richner-baeckerei-konditorei-confiserie-veltheim\/\"]}]},{\"@type\":\"ImageObject\",\"inLanguage\":\"fr-FR\",\"@id\":\"https:\/\/swissbaker.ch\/fr\/panissimo-news\/galerie\/richner-baeckerei-konditorei-confiserie-veltheim\/#primaryimage\",\"url\":\"https:\/\/swissbaker.ch\/wp-content\/uploads\/2023\/09\/richner_veltheim_2023-11.jpg\",\"contentUrl\":\"https:\/\/swissbaker.ch\/wp-content\/uploads\/2023\/09\/richner_veltheim_2023-11.jpg\",\"width\":1200,\"height\":1600},{\"@type\":\"BreadcrumbList\",\"@id\":\"https:\/\/swissbaker.ch\/fr\/panissimo-news\/galerie\/richner-baeckerei-konditorei-confiserie-veltheim\/#breadcrumb\",\"itemListElement\":[{\"@type\":\"ListItem\",\"position\":1,\"name\":\"\",\"item\":\"https:\/\/swissbaker.ch\/fr\/\"},{\"@type\":\"ListItem\",\"position\":2,\"name\":\"Galerie de photos\",\"item\":\"https:\/\/swissbaker.ch\/fr\/panissimo-news\/galerie\/\"},{\"@type\":\"ListItem\",\"position\":3,\"name\":\"B\u00e4ckerei-Konditorei-Confiserie Richner, Veltheim\"}]},{\"@type\":\"WebSite\",\"@id\":\"https:\/\/swissbaker.ch\/fr\/#website\",\"url\":\"https:\/\/swissbaker.ch\/fr\/\",\"name\":\"SBC\",\"description\":\"\",\"publisher\":{\"@id\":\"https:\/\/swissbaker.ch\/fr\/#organization\"},\"potentialAction\":[{\"@type\":\"SearchAction\",\"target\":{\"@type\":\"EntryPoint\",\"urlTemplate\":\"https:\/\/swissbaker.ch\/fr\/?s={search_term_string}\"},\"query-input\":{\"@type\":\"PropertyValueSpecification\",\"valueRequired\":true,\"valueName\":\"search_term_string\"}}],\"inLanguage\":\"fr-FR\"},{\"@type\":\"Organization\",\"@id\":\"https:\/\/swissbaker.ch\/fr\/#organization\",\"name\":\"Schweizerischer B\u00e4cker-Confiseurmeister-Verband\",\"url\":\"https:\/\/swissbaker.ch\/fr\/\",\"logo\":{\"@type\":\"ImageObject\",\"inLanguage\":\"fr-FR\",\"@id\":\"https:\/\/swissbaker.ch\/fr\/#\/schema\/logo\/image\/\",\"url\":\"https:\/\/swissbaker.ch\/wp-content\/uploads\/2022\/04\/sbc-logo-yoast.jpg\",\"contentUrl\":\"https:\/\/swissbaker.ch\/wp-content\/uploads\/2022\/04\/sbc-logo-yoast.jpg\",\"width\":512,\"height\":512,\"caption\":\"Schweizerischer B\u00e4cker-Confiseurmeister-Verband\"},\"image\":{\"@id\":\"https:\/\/swissbaker.ch\/fr\/#\/schema\/logo\/image\/\"},\"sameAs\":[\"https:\/\/www.facebook.com\/swissbaker.ch\",\"https:\/\/x.com\/ch_swissbaker\"]}]}<\/script>\n<!-- \/ Yoast SEO Premium plugin. -->","yoast_head_json":{"title":"B\u00e4ckerei-Konditorei-Confiserie Richner, Veltheim | SBC","description":"Bilder aus der B\u00e4ckerei-Konditorei-Confiserie Richner","robots":{"index":"index","follow":"follow","max-snippet":"max-snippet:-1","max-image-preview":"max-image-preview:large","max-video-preview":"max-video-preview:-1"},"canonical":"https:\/\/swissbaker.ch\/fr\/panissimo-news\/galerie\/richner-baeckerei-konditorei-confiserie-veltheim\/","og_locale":"fr_FR","og_type":"article","og_title":"B\u00e4ckerei-Konditorei-Confiserie Richner, Veltheim","og_description":"Bilder aus der B\u00e4ckerei-Konditorei-Confiserie Richner","og_url":"https:\/\/swissbaker.ch\/fr\/panissimo-news\/galerie\/richner-baeckerei-konditorei-confiserie-veltheim\/","og_site_name":"SBC","article_publisher":"https:\/\/www.facebook.com\/swissbaker.ch","article_modified_time":"2023-09-20T09:25:28+00:00","og_image":[{"width":1200,"height":1600,"url":"https:\/\/swissbaker.ch\/wp-content\/uploads\/2023\/09\/richner_veltheim_2023-11.jpg","type":"image\/jpeg"}],"twitter_card":"summary_large_image","twitter_site":"@ch_swissbaker","schema":{"@context":"https:\/\/schema.org","@graph":[{"@type":"WebPage","@id":"https:\/\/swissbaker.ch\/fr\/panissimo-news\/galerie\/richner-baeckerei-konditorei-confiserie-veltheim\/","url":"https:\/\/swissbaker.ch\/fr\/panissimo-news\/galerie\/richner-baeckerei-konditorei-confiserie-veltheim\/","name":"B\u00e4ckerei-Konditorei-Confiserie Richner, Veltheim | SBC","isPartOf":{"@id":"https:\/\/swissbaker.ch\/fr\/#website"},"primaryImageOfPage":{"@id":"https:\/\/swissbaker.ch\/fr\/panissimo-news\/galerie\/richner-baeckerei-konditorei-confiserie-veltheim\/#primaryimage"},"image":{"@id":"https:\/\/swissbaker.ch\/fr\/panissimo-news\/galerie\/richner-baeckerei-konditorei-confiserie-veltheim\/#primaryimage"},"thumbnailUrl":"https:\/\/swissbaker.ch\/wp-content\/uploads\/2023\/09\/richner_veltheim_2023-11.jpg","datePublished":"2023-09-20T09:19:46+00:00","dateModified":"2023-09-20T09:25:28+00:00","description":"Bilder aus der B\u00e4ckerei-Konditorei-Confiserie Richner","breadcrumb":{"@id":"https:\/\/swissbaker.ch\/fr\/panissimo-news\/galerie\/richner-baeckerei-konditorei-confiserie-veltheim\/#breadcrumb"},"inLanguage":"fr-FR","potentialAction":[{"@type":"ReadAction","target":["https:\/\/swissbaker.ch\/fr\/panissimo-news\/galerie\/richner-baeckerei-konditorei-confiserie-veltheim\/"]}]},{"@type":"ImageObject","inLanguage":"fr-FR","@id":"https:\/\/swissbaker.ch\/fr\/panissimo-news\/galerie\/richner-baeckerei-konditorei-confiserie-veltheim\/#primaryimage","url":"https:\/\/swissbaker.ch\/wp-content\/uploads\/2023\/09\/richner_veltheim_2023-11.jpg","contentUrl":"https:\/\/swissbaker.ch\/wp-content\/uploads\/2023\/09\/richner_veltheim_2023-11.jpg","width":1200,"height":1600},{"@type":"BreadcrumbList","@id":"https:\/\/swissbaker.ch\/fr\/panissimo-news\/galerie\/richner-baeckerei-konditorei-confiserie-veltheim\/#breadcrumb","itemListElement":[{"@type":"ListItem","position":1,"name":"","item":"https:\/\/swissbaker.ch\/fr\/"},{"@type":"ListItem","position":2,"name":"Galerie de photos","item":"https:\/\/swissbaker.ch\/fr\/panissimo-news\/galerie\/"},{"@type":"ListItem","position":3,"name":"B\u00e4ckerei-Konditorei-Confiserie Richner, Veltheim"}]},{"@type":"WebSite","@id":"https:\/\/swissbaker.ch\/fr\/#website","url":"https:\/\/swissbaker.ch\/fr\/","name":"SBC","description":"","publisher":{"@id":"https:\/\/swissbaker.ch\/fr\/#organization"},"potentialAction":[{"@type":"SearchAction","target":{"@type":"EntryPoint","urlTemplate":"https:\/\/swissbaker.ch\/fr\/?s={search_term_string}"},"query-input":{"@type":"PropertyValueSpecification","valueRequired":true,"valueName":"search_term_string"}}],"inLanguage":"fr-FR"},{"@type":"Organization","@id":"https:\/\/swissbaker.ch\/fr\/#organization","name":"Schweizerischer B\u00e4cker-Confiseurmeister-Verband","url":"https:\/\/swissbaker.ch\/fr\/","logo":{"@type":"ImageObject","inLanguage":"fr-FR","@id":"https:\/\/swissbaker.ch\/fr\/#\/schema\/logo\/image\/","url":"https:\/\/swissbaker.ch\/wp-content\/uploads\/2022\/04\/sbc-logo-yoast.jpg","contentUrl":"https:\/\/swissbaker.ch\/wp-content\/uploads\/2022\/04\/sbc-logo-yoast.jpg","width":512,"height":512,"caption":"Schweizerischer B\u00e4cker-Confiseurmeister-Verband"},"image":{"@id":"https:\/\/swissbaker.ch\/fr\/#\/schema\/logo\/image\/"},"sameAs":["https:\/\/www.facebook.com\/swissbaker.ch","https:\/\/x.com\/ch_swissbaker"]}]}},"_links":{"self":[{"href":"https:\/\/swissbaker.ch\/fr\/wp-json\/wp\/v2\/photogallery\/68545","targetHints":{"allow":["GET"]}}],"collection":[{"href":"https:\/\/swissbaker.ch\/fr\/wp-json\/wp\/v2\/photogallery"}],"about":[{"href":"https:\/\/swissbaker.ch\/fr\/wp-json\/wp\/v2\/types\/photogallery"}],"author":[{"embeddable":true,"href":"https:\/\/swissbaker.ch\/fr\/wp-json\/wp\/v2\/users\/5"}],"version-history":[{"count":0,"href":"https:\/\/swissbaker.ch\/fr\/wp-json\/wp\/v2\/photogallery\/68545\/revisions"}],"wp:featuredmedia":[{"embeddable":true,"href":"https:\/\/swissbaker.ch\/fr\/wp-json\/wp\/v2\/media\/68566"}],"wp:attachment":[{"href":"https:\/\/swissbaker.ch\/fr\/wp-json\/wp\/v2\/media?parent=68545"}],"curies":[{"name":"wp","href":"https:\/\/api.w.org\/{rel}","templated":true}]}}

Bäckerei-Konditorei-Confiserie Richner, Veltheim

<p><strong>Über 175 Jahre war sie in Veltheim eine in der Bevölkerung geschätzte, normale Bäckerei mit Qualitätsprodukten, bis 2020. Heute wird in der Bäckerei-Confiserie Richner AG neben Back- und Konditoreiprodukten Schokolade in verschiedenen Grössen, Formen und Aromen für den Direktverkauf und für den B2B produziert – in Handarbeit.</strong></p>

<p>Über 175 Jahre war sie in Veltheim eine in der Bevölkerung geschätzte, normale Bäckerei mit Qualitätsprodukten, bis 2020. Heute wird in der Bäckerei-Confiserie Richner AG neben Back- und Konditoreiprodukten Schokolade in verschiedenen Grössen, Formen und Aromen für den Direktverkauf und für den B2B produziert – in Handarbeit.</p>

<!-- This site is optimized with the Yoast SEO Premium plugin v26.8 (Yoast SEO v26.8) - https://yoast.com/product/yoast-seo-premium-wordpress/ -->
<title>Bäckerei-Konditorei-Confiserie Richner, Veltheim | SBC</title>
<meta name="description" content="Bilder aus der Bäckerei-Konditorei-Confiserie Richner" />
<meta name="robots" content="index, follow, max-snippet:-1, max-image-preview:large, max-video-preview:-1" />
<link rel="canonical" href="https://swissbaker.ch/fr/panissimo-news/galerie/richner-baeckerei-konditorei-confiserie-veltheim/" />
<meta property="og:locale" content="fr_FR" />
<meta property="og:type" content="article" />
<meta property="og:title" content="Bäckerei-Konditorei-Confiserie Richner, Veltheim" />
<meta property="og:description" content="Bilder aus der Bäckerei-Konditorei-Confiserie Richner" />
<meta property="og:url" content="https://swissbaker.ch/fr/panissimo-news/galerie/richner-baeckerei-konditorei-confiserie-veltheim/" />
<meta property="og:site_name" content="SBC" />
<meta property="article:publisher" content="https://www.facebook.com/swissbaker.ch" />
<meta property="article:modified_time" content="2023-09-20T09:25:28+00:00" />
<meta property="og:image" content="https://swissbaker.ch/wp-content/uploads/2023/09/richner_veltheim_2023-11.jpg" />
	<meta property="og:image:width" content="1200" />
	<meta property="og:image:height" content="1600" />
	<meta property="og:image:type" content="image/jpeg" />
<meta name="twitter:card" content="summary_large_image" />
<meta name="twitter:site" content="@ch_swissbaker" />
<script type="application/ld+json" class="yoast-schema-graph">{"@context":"https://schema.org","@graph":[{"@type":"WebPage","@id":"https://swissbaker.ch/fr/panissimo-news/galerie/richner-baeckerei-konditorei-confiserie-veltheim/","url":"https://swissbaker.ch/fr/panissimo-news/galerie/richner-baeckerei-konditorei-confiserie-veltheim/","name":"Bäckerei-Konditorei-Confiserie Richner, Veltheim | SBC","isPartOf":{"@id":"https://swissbaker.ch/fr/#website"},"primaryImageOfPage":{"@id":"https://swissbaker.ch/fr/panissimo-news/galerie/richner-baeckerei-konditorei-confiserie-veltheim/#primaryimage"},"image":{"@id":"https://swissbaker.ch/fr/panissimo-news/galerie/richner-baeckerei-konditorei-confiserie-veltheim/#primaryimage"},"thumbnailUrl":"https://swissbaker.ch/wp-content/uploads/2023/09/richner_veltheim_2023-11.jpg","datePublished":"2023-09-20T09:19:46+00:00","dateModified":"2023-09-20T09:25:28+00:00","description":"Bilder aus der Bäckerei-Konditorei-Confiserie Richner","breadcrumb":{"@id":"https://swissbaker.ch/fr/panissimo-news/galerie/richner-baeckerei-konditorei-confiserie-veltheim/#breadcrumb"},"inLanguage":"fr-FR","potentialAction":[{"@type":"ReadAction","target":["https://swissbaker.ch/fr/panissimo-news/galerie/richner-baeckerei-konditorei-confiserie-veltheim/"]}]},{"@type":"ImageObject","inLanguage":"fr-FR","@id":"https://swissbaker.ch/fr/panissimo-news/galerie/richner-baeckerei-konditorei-confiserie-veltheim/#primaryimage","url":"https://swissbaker.ch/wp-content/uploads/2023/09/richner_veltheim_2023-11.jpg","contentUrl":"https://swissbaker.ch/wp-content/uploads/2023/09/richner_veltheim_2023-11.jpg","width":1200,"height":1600},{"@type":"BreadcrumbList","@id":"https://swissbaker.ch/fr/panissimo-news/galerie/richner-baeckerei-konditorei-confiserie-veltheim/#breadcrumb","itemListElement":[{"@type":"ListItem","position":1,"name":"","item":"https://swissbaker.ch/fr/"},{"@type":"ListItem","position":2,"name":"Galerie de photos","item":"https://swissbaker.ch/fr/panissimo-news/galerie/"},{"@type":"ListItem","position":3,"name":"Bäckerei-Konditorei-Confiserie Richner, Veltheim"}]},{"@type":"WebSite","@id":"https://swissbaker.ch/fr/#website","url":"https://swissbaker.ch/fr/","name":"SBC","description":"","publisher":{"@id":"https://swissbaker.ch/fr/#organization"},"potentialAction":[{"@type":"SearchAction","target":{"@type":"EntryPoint","urlTemplate":"https://swissbaker.ch/fr/?s={search_term_string}"},"query-input":{"@type":"PropertyValueSpecification","valueRequired":true,"valueName":"search_term_string"}}],"inLanguage":"fr-FR"},{"@type":"Organization","@id":"https://swissbaker.ch/fr/#organization","name":"Schweizerischer Bäcker-Confiseurmeister-Verband","url":"https://swissbaker.ch/fr/","logo":{"@type":"ImageObject","inLanguage":"fr-FR","@id":"https://swissbaker.ch/fr/#/schema/logo/image/","url":"https://swissbaker.ch/wp-content/uploads/2022/04/sbc-logo-yoast.jpg","contentUrl":"https://swissbaker.ch/wp-content/uploads/2022/04/sbc-logo-yoast.jpg","width":512,"height":512,"caption":"Schweizerischer Bäcker-Confiseurmeister-Verband"},"image":{"@id":"https://swissbaker.ch/fr/#/schema/logo/image/"},"sameAs":["https://www.facebook.com/swissbaker.ch","https://x.com/ch_swissbaker"]}]}</script>
<!-- / Yoast SEO Premium plugin. -->

Bäckerei-Konditorei-Confiserie Richner, Veltheim | SBC

Bilder aus der Bäckerei-Konditorei-Confiserie Richner

Schweizerischer Bäcker-Confiseurmeister-Verband
