{"id":60960,"date":"2023-05-05T16:18:02","date_gmt":"2023-05-05T14:18:02","guid":{"rendered":"https:\/\/swissbaker.ch\/?post_type=photogallery&#038;p=60960"},"modified":"2023-05-05T16:20:31","modified_gmt":"2023-05-05T14:20:31","slug":"bereit-fuer-die-fuenfte-generation","status":"publish","type":"photogallery","link":"https:\/\/swissbaker.ch\/fr\/panissimo-news\/galerie\/bereit-fuer-die-fuenfte-generation\/","title":{"rendered":"<strong>Bereit f\u00fcr die f\u00fcnfte Generation<\/strong>"},"content":{"rendered":"\n<p><strong>Mit dem Totalumbau von Produktion und Laden am Hauptsitz in Sempach (LU) und den in den letzten Jahren renovierten Verkaufsgesch\u00e4ften ist die Willi Beck AG bereit f\u00fcr die \u00dcbergabe an die f\u00fcnfte Generation.<\/strong><\/p>\n","protected":false},"excerpt":{"rendered":"<p>Mit dem Totalumbau von Produktion und Laden am Hauptsitz in Sempach (LU) und den in den letzten Jahren renovierten Verkaufsgesch\u00e4ften ist die Willi Beck AG bereit f\u00fcr die \u00dcbergabe an die f\u00fcnfte Generation.<\/p>\n","protected":false},"author":5,"featured_media":60962,"menu_order":0,"template":"","class_list":["post-60960","photogallery","type-photogallery","status-publish","has-post-thumbnail","hentry"],"acf":[],"yoast_head":"<!-- This site is optimized with the Yoast SEO Premium plugin v26.8 (Yoast SEO v26.8) - https:\/\/yoast.com\/product\/yoast-seo-premium-wordpress\/ -->\n<title>Bereit f\u00fcr die f\u00fcnfte Generation | SBC<\/title>\n<meta name=\"robots\" content=\"index, follow, max-snippet:-1, max-image-preview:large, max-video-preview:-1\" \/>\n<link rel=\"canonical\" href=\"https:\/\/swissbaker.ch\/fr\/panissimo-news\/galerie\/bereit-fuer-die-fuenfte-generation\/\" \/>\n<meta property=\"og:locale\" content=\"fr_FR\" \/>\n<meta property=\"og:type\" content=\"article\" \/>\n<meta property=\"og:title\" content=\"Bereit f\u00fcr die f\u00fcnfte Generation\" \/>\n<meta property=\"og:description\" content=\"Mit dem Totalumbau von Produktion und Laden am Hauptsitz in Sempach (LU) und den in den letzten Jahren renovierten Verkaufsgesch\u00e4ften ist die Willi Beck AG bereit f\u00fcr die \u00dcbergabe an die f\u00fcnfte Generation.\" \/>\n<meta property=\"og:url\" content=\"https:\/\/swissbaker.ch\/fr\/panissimo-news\/galerie\/bereit-fuer-die-fuenfte-generation\/\" \/>\n<meta property=\"og:site_name\" content=\"SBC\" \/>\n<meta property=\"article:publisher\" content=\"https:\/\/www.facebook.com\/swissbaker.ch\" \/>\n<meta property=\"article:modified_time\" content=\"2023-05-05T14:20:31+00:00\" \/>\n<meta property=\"og:image\" content=\"https:\/\/swissbaker.ch\/wp-content\/uploads\/2023\/05\/w1_bearbeitet-1-scaled.jpg\" \/>\n\t<meta property=\"og:image:width\" content=\"2048\" \/>\n\t<meta property=\"og:image:height\" content=\"1462\" \/>\n\t<meta property=\"og:image:type\" content=\"image\/jpeg\" \/>\n<meta name=\"twitter:card\" content=\"summary_large_image\" \/>\n<meta name=\"twitter:site\" content=\"@ch_swissbaker\" \/>\n<meta name=\"twitter:label1\" content=\"Est. reading time\" \/>\n\t<meta name=\"twitter:data1\" content=\"1 minute\" \/>\n<script type=\"application\/ld+json\" class=\"yoast-schema-graph\">{\"@context\":\"https:\/\/schema.org\",\"@graph\":[{\"@type\":\"WebPage\",\"@id\":\"https:\/\/swissbaker.ch\/fr\/panissimo-news\/galerie\/bereit-fuer-die-fuenfte-generation\/\",\"url\":\"https:\/\/swissbaker.ch\/fr\/panissimo-news\/galerie\/bereit-fuer-die-fuenfte-generation\/\",\"name\":\"Bereit f\u00fcr die f\u00fcnfte Generation | SBC\",\"isPartOf\":{\"@id\":\"https:\/\/swissbaker.ch\/fr\/#website\"},\"primaryImageOfPage\":{\"@id\":\"https:\/\/swissbaker.ch\/fr\/panissimo-news\/galerie\/bereit-fuer-die-fuenfte-generation\/#primaryimage\"},\"image\":{\"@id\":\"https:\/\/swissbaker.ch\/fr\/panissimo-news\/galerie\/bereit-fuer-die-fuenfte-generation\/#primaryimage\"},\"thumbnailUrl\":\"https:\/\/swissbaker.ch\/wp-content\/uploads\/2023\/05\/w1_bearbeitet-1-scaled.jpg\",\"datePublished\":\"2023-05-05T14:18:02+00:00\",\"dateModified\":\"2023-05-05T14:20:31+00:00\",\"breadcrumb\":{\"@id\":\"https:\/\/swissbaker.ch\/fr\/panissimo-news\/galerie\/bereit-fuer-die-fuenfte-generation\/#breadcrumb\"},\"inLanguage\":\"fr-FR\",\"potentialAction\":[{\"@type\":\"ReadAction\",\"target\":[\"https:\/\/swissbaker.ch\/fr\/panissimo-news\/galerie\/bereit-fuer-die-fuenfte-generation\/\"]}]},{\"@type\":\"ImageObject\",\"inLanguage\":\"fr-FR\",\"@id\":\"https:\/\/swissbaker.ch\/fr\/panissimo-news\/galerie\/bereit-fuer-die-fuenfte-generation\/#primaryimage\",\"url\":\"https:\/\/swissbaker.ch\/wp-content\/uploads\/2023\/05\/w1_bearbeitet-1-scaled.jpg\",\"contentUrl\":\"https:\/\/swissbaker.ch\/wp-content\/uploads\/2023\/05\/w1_bearbeitet-1-scaled.jpg\",\"width\":2048,\"height\":1462},{\"@type\":\"BreadcrumbList\",\"@id\":\"https:\/\/swissbaker.ch\/fr\/panissimo-news\/galerie\/bereit-fuer-die-fuenfte-generation\/#breadcrumb\",\"itemListElement\":[{\"@type\":\"ListItem\",\"position\":1,\"name\":\"\",\"item\":\"https:\/\/swissbaker.ch\/fr\/\"},{\"@type\":\"ListItem\",\"position\":2,\"name\":\"Galerie de photos\",\"item\":\"https:\/\/swissbaker.ch\/fr\/panissimo-news\/galerie\/\"},{\"@type\":\"ListItem\",\"position\":3,\"name\":\"Bereit f\u00fcr die f\u00fcnfte Generation\"}]},{\"@type\":\"WebSite\",\"@id\":\"https:\/\/swissbaker.ch\/fr\/#website\",\"url\":\"https:\/\/swissbaker.ch\/fr\/\",\"name\":\"SBC\",\"description\":\"\",\"publisher\":{\"@id\":\"https:\/\/swissbaker.ch\/fr\/#organization\"},\"potentialAction\":[{\"@type\":\"SearchAction\",\"target\":{\"@type\":\"EntryPoint\",\"urlTemplate\":\"https:\/\/swissbaker.ch\/fr\/?s={search_term_string}\"},\"query-input\":{\"@type\":\"PropertyValueSpecification\",\"valueRequired\":true,\"valueName\":\"search_term_string\"}}],\"inLanguage\":\"fr-FR\"},{\"@type\":\"Organization\",\"@id\":\"https:\/\/swissbaker.ch\/fr\/#organization\",\"name\":\"Schweizerischer B\u00e4cker-Confiseurmeister-Verband\",\"url\":\"https:\/\/swissbaker.ch\/fr\/\",\"logo\":{\"@type\":\"ImageObject\",\"inLanguage\":\"fr-FR\",\"@id\":\"https:\/\/swissbaker.ch\/fr\/#\/schema\/logo\/image\/\",\"url\":\"https:\/\/swissbaker.ch\/wp-content\/uploads\/2022\/04\/sbc-logo-yoast.jpg\",\"contentUrl\":\"https:\/\/swissbaker.ch\/wp-content\/uploads\/2022\/04\/sbc-logo-yoast.jpg\",\"width\":512,\"height\":512,\"caption\":\"Schweizerischer B\u00e4cker-Confiseurmeister-Verband\"},\"image\":{\"@id\":\"https:\/\/swissbaker.ch\/fr\/#\/schema\/logo\/image\/\"},\"sameAs\":[\"https:\/\/www.facebook.com\/swissbaker.ch\",\"https:\/\/x.com\/ch_swissbaker\"]}]}<\/script>\n<!-- \/ Yoast SEO Premium plugin. -->","yoast_head_json":{"title":"Bereit f\u00fcr die f\u00fcnfte Generation | SBC","robots":{"index":"index","follow":"follow","max-snippet":"max-snippet:-1","max-image-preview":"max-image-preview:large","max-video-preview":"max-video-preview:-1"},"canonical":"https:\/\/swissbaker.ch\/fr\/panissimo-news\/galerie\/bereit-fuer-die-fuenfte-generation\/","og_locale":"fr_FR","og_type":"article","og_title":"Bereit f\u00fcr die f\u00fcnfte Generation","og_description":"Mit dem Totalumbau von Produktion und Laden am Hauptsitz in Sempach (LU) und den in den letzten Jahren renovierten Verkaufsgesch\u00e4ften ist die Willi Beck AG bereit f\u00fcr die \u00dcbergabe an die f\u00fcnfte Generation.","og_url":"https:\/\/swissbaker.ch\/fr\/panissimo-news\/galerie\/bereit-fuer-die-fuenfte-generation\/","og_site_name":"SBC","article_publisher":"https:\/\/www.facebook.com\/swissbaker.ch","article_modified_time":"2023-05-05T14:20:31+00:00","og_image":[{"width":2048,"height":1462,"url":"https:\/\/swissbaker.ch\/wp-content\/uploads\/2023\/05\/w1_bearbeitet-1-scaled.jpg","type":"image\/jpeg"}],"twitter_card":"summary_large_image","twitter_site":"@ch_swissbaker","twitter_misc":{"Est. reading time":"1 minute"},"schema":{"@context":"https:\/\/schema.org","@graph":[{"@type":"WebPage","@id":"https:\/\/swissbaker.ch\/fr\/panissimo-news\/galerie\/bereit-fuer-die-fuenfte-generation\/","url":"https:\/\/swissbaker.ch\/fr\/panissimo-news\/galerie\/bereit-fuer-die-fuenfte-generation\/","name":"Bereit f\u00fcr die f\u00fcnfte Generation | SBC","isPartOf":{"@id":"https:\/\/swissbaker.ch\/fr\/#website"},"primaryImageOfPage":{"@id":"https:\/\/swissbaker.ch\/fr\/panissimo-news\/galerie\/bereit-fuer-die-fuenfte-generation\/#primaryimage"},"image":{"@id":"https:\/\/swissbaker.ch\/fr\/panissimo-news\/galerie\/bereit-fuer-die-fuenfte-generation\/#primaryimage"},"thumbnailUrl":"https:\/\/swissbaker.ch\/wp-content\/uploads\/2023\/05\/w1_bearbeitet-1-scaled.jpg","datePublished":"2023-05-05T14:18:02+00:00","dateModified":"2023-05-05T14:20:31+00:00","breadcrumb":{"@id":"https:\/\/swissbaker.ch\/fr\/panissimo-news\/galerie\/bereit-fuer-die-fuenfte-generation\/#breadcrumb"},"inLanguage":"fr-FR","potentialAction":[{"@type":"ReadAction","target":["https:\/\/swissbaker.ch\/fr\/panissimo-news\/galerie\/bereit-fuer-die-fuenfte-generation\/"]}]},{"@type":"ImageObject","inLanguage":"fr-FR","@id":"https:\/\/swissbaker.ch\/fr\/panissimo-news\/galerie\/bereit-fuer-die-fuenfte-generation\/#primaryimage","url":"https:\/\/swissbaker.ch\/wp-content\/uploads\/2023\/05\/w1_bearbeitet-1-scaled.jpg","contentUrl":"https:\/\/swissbaker.ch\/wp-content\/uploads\/2023\/05\/w1_bearbeitet-1-scaled.jpg","width":2048,"height":1462},{"@type":"BreadcrumbList","@id":"https:\/\/swissbaker.ch\/fr\/panissimo-news\/galerie\/bereit-fuer-die-fuenfte-generation\/#breadcrumb","itemListElement":[{"@type":"ListItem","position":1,"name":"","item":"https:\/\/swissbaker.ch\/fr\/"},{"@type":"ListItem","position":2,"name":"Galerie de photos","item":"https:\/\/swissbaker.ch\/fr\/panissimo-news\/galerie\/"},{"@type":"ListItem","position":3,"name":"Bereit f\u00fcr die f\u00fcnfte Generation"}]},{"@type":"WebSite","@id":"https:\/\/swissbaker.ch\/fr\/#website","url":"https:\/\/swissbaker.ch\/fr\/","name":"SBC","description":"","publisher":{"@id":"https:\/\/swissbaker.ch\/fr\/#organization"},"potentialAction":[{"@type":"SearchAction","target":{"@type":"EntryPoint","urlTemplate":"https:\/\/swissbaker.ch\/fr\/?s={search_term_string}"},"query-input":{"@type":"PropertyValueSpecification","valueRequired":true,"valueName":"search_term_string"}}],"inLanguage":"fr-FR"},{"@type":"Organization","@id":"https:\/\/swissbaker.ch\/fr\/#organization","name":"Schweizerischer B\u00e4cker-Confiseurmeister-Verband","url":"https:\/\/swissbaker.ch\/fr\/","logo":{"@type":"ImageObject","inLanguage":"fr-FR","@id":"https:\/\/swissbaker.ch\/fr\/#\/schema\/logo\/image\/","url":"https:\/\/swissbaker.ch\/wp-content\/uploads\/2022\/04\/sbc-logo-yoast.jpg","contentUrl":"https:\/\/swissbaker.ch\/wp-content\/uploads\/2022\/04\/sbc-logo-yoast.jpg","width":512,"height":512,"caption":"Schweizerischer B\u00e4cker-Confiseurmeister-Verband"},"image":{"@id":"https:\/\/swissbaker.ch\/fr\/#\/schema\/logo\/image\/"},"sameAs":["https:\/\/www.facebook.com\/swissbaker.ch","https:\/\/x.com\/ch_swissbaker"]}]}},"_links":{"self":[{"href":"https:\/\/swissbaker.ch\/fr\/wp-json\/wp\/v2\/photogallery\/60960","targetHints":{"allow":["GET"]}}],"collection":[{"href":"https:\/\/swissbaker.ch\/fr\/wp-json\/wp\/v2\/photogallery"}],"about":[{"href":"https:\/\/swissbaker.ch\/fr\/wp-json\/wp\/v2\/types\/photogallery"}],"author":[{"embeddable":true,"href":"https:\/\/swissbaker.ch\/fr\/wp-json\/wp\/v2\/users\/5"}],"version-history":[{"count":0,"href":"https:\/\/swissbaker.ch\/fr\/wp-json\/wp\/v2\/photogallery\/60960\/revisions"}],"wp:featuredmedia":[{"embeddable":true,"href":"https:\/\/swissbaker.ch\/fr\/wp-json\/wp\/v2\/media\/60962"}],"wp:attachment":[{"href":"https:\/\/swissbaker.ch\/fr\/wp-json\/wp\/v2\/media?parent=60960"}],"curies":[{"name":"wp","href":"https:\/\/api.w.org\/{rel}","templated":true}]}}

<strong>Bereit für die fünfte Generation</strong>

<p><strong>Mit dem Totalumbau von Produktion und Laden am Hauptsitz in Sempach (LU) und den in den letzten Jahren renovierten Verkaufsgeschäften ist die Willi Beck AG bereit für die Übergabe an die fünfte Generation.</strong></p>

<p>Mit dem Totalumbau von Produktion und Laden am Hauptsitz in Sempach (LU) und den in den letzten Jahren renovierten Verkaufsgeschäften ist die Willi Beck AG bereit für die Übergabe an die fünfte Generation.</p>

<!-- This site is optimized with the Yoast SEO Premium plugin v26.8 (Yoast SEO v26.8) - https://yoast.com/product/yoast-seo-premium-wordpress/ -->
<title>Bereit für die fünfte Generation | SBC</title>
<meta name="robots" content="index, follow, max-snippet:-1, max-image-preview:large, max-video-preview:-1" />
<link rel="canonical" href="https://swissbaker.ch/fr/panissimo-news/galerie/bereit-fuer-die-fuenfte-generation/" />
<meta property="og:locale" content="fr_FR" />
<meta property="og:type" content="article" />
<meta property="og:title" content="Bereit für die fünfte Generation" />
<meta property="og:description" content="Mit dem Totalumbau von Produktion und Laden am Hauptsitz in Sempach (LU) und den in den letzten Jahren renovierten Verkaufsgeschäften ist die Willi Beck AG bereit für die Übergabe an die fünfte Generation." />
<meta property="og:url" content="https://swissbaker.ch/fr/panissimo-news/galerie/bereit-fuer-die-fuenfte-generation/" />
<meta property="og:site_name" content="SBC" />
<meta property="article:publisher" content="https://www.facebook.com/swissbaker.ch" />
<meta property="article:modified_time" content="2023-05-05T14:20:31+00:00" />
<meta property="og:image" content="https://swissbaker.ch/wp-content/uploads/2023/05/w1_bearbeitet-1-scaled.jpg" />
	<meta property="og:image:width" content="2048" />
	<meta property="og:image:height" content="1462" />
	<meta property="og:image:type" content="image/jpeg" />
<meta name="twitter:card" content="summary_large_image" />
<meta name="twitter:site" content="@ch_swissbaker" />
<meta name="twitter:label1" content="Est. reading time" />
	<meta name="twitter:data1" content="1 minute" />
<script type="application/ld+json" class="yoast-schema-graph">{"@context":"https://schema.org","@graph":[{"@type":"WebPage","@id":"https://swissbaker.ch/fr/panissimo-news/galerie/bereit-fuer-die-fuenfte-generation/","url":"https://swissbaker.ch/fr/panissimo-news/galerie/bereit-fuer-die-fuenfte-generation/","name":"Bereit für die fünfte Generation | SBC","isPartOf":{"@id":"https://swissbaker.ch/fr/#website"},"primaryImageOfPage":{"@id":"https://swissbaker.ch/fr/panissimo-news/galerie/bereit-fuer-die-fuenfte-generation/#primaryimage"},"image":{"@id":"https://swissbaker.ch/fr/panissimo-news/galerie/bereit-fuer-die-fuenfte-generation/#primaryimage"},"thumbnailUrl":"https://swissbaker.ch/wp-content/uploads/2023/05/w1_bearbeitet-1-scaled.jpg","datePublished":"2023-05-05T14:18:02+00:00","dateModified":"2023-05-05T14:20:31+00:00","breadcrumb":{"@id":"https://swissbaker.ch/fr/panissimo-news/galerie/bereit-fuer-die-fuenfte-generation/#breadcrumb"},"inLanguage":"fr-FR","potentialAction":[{"@type":"ReadAction","target":["https://swissbaker.ch/fr/panissimo-news/galerie/bereit-fuer-die-fuenfte-generation/"]}]},{"@type":"ImageObject","inLanguage":"fr-FR","@id":"https://swissbaker.ch/fr/panissimo-news/galerie/bereit-fuer-die-fuenfte-generation/#primaryimage","url":"https://swissbaker.ch/wp-content/uploads/2023/05/w1_bearbeitet-1-scaled.jpg","contentUrl":"https://swissbaker.ch/wp-content/uploads/2023/05/w1_bearbeitet-1-scaled.jpg","width":2048,"height":1462},{"@type":"BreadcrumbList","@id":"https://swissbaker.ch/fr/panissimo-news/galerie/bereit-fuer-die-fuenfte-generation/#breadcrumb","itemListElement":[{"@type":"ListItem","position":1,"name":"","item":"https://swissbaker.ch/fr/"},{"@type":"ListItem","position":2,"name":"Galerie de photos","item":"https://swissbaker.ch/fr/panissimo-news/galerie/"},{"@type":"ListItem","position":3,"name":"Bereit für die fünfte Generation"}]},{"@type":"WebSite","@id":"https://swissbaker.ch/fr/#website","url":"https://swissbaker.ch/fr/","name":"SBC","description":"","publisher":{"@id":"https://swissbaker.ch/fr/#organization"},"potentialAction":[{"@type":"SearchAction","target":{"@type":"EntryPoint","urlTemplate":"https://swissbaker.ch/fr/?s={search_term_string}"},"query-input":{"@type":"PropertyValueSpecification","valueRequired":true,"valueName":"search_term_string"}}],"inLanguage":"fr-FR"},{"@type":"Organization","@id":"https://swissbaker.ch/fr/#organization","name":"Schweizerischer Bäcker-Confiseurmeister-Verband","url":"https://swissbaker.ch/fr/","logo":{"@type":"ImageObject","inLanguage":"fr-FR","@id":"https://swissbaker.ch/fr/#/schema/logo/image/","url":"https://swissbaker.ch/wp-content/uploads/2022/04/sbc-logo-yoast.jpg","contentUrl":"https://swissbaker.ch/wp-content/uploads/2022/04/sbc-logo-yoast.jpg","width":512,"height":512,"caption":"Schweizerischer Bäcker-Confiseurmeister-Verband"},"image":{"@id":"https://swissbaker.ch/fr/#/schema/logo/image/"},"sameAs":["https://www.facebook.com/swissbaker.ch","https://x.com/ch_swissbaker"]}]}</script>
<!-- / Yoast SEO Premium plugin. -->

Bereit für die fünfte Generation | SBC

Bereit für die fünfte Generation

Mit dem Totalumbau von Produktion und Laden am Hauptsitz in Sempach (LU) und den in den letzten Jahren renovierten Verkaufsgeschäften ist die Willi Beck AG bereit für die Übergabe an die fünfte Generation.

Schweizerischer Bäcker-Confiseurmeister-Verband
