{"id":60333,"date":"2023-05-04T08:36:02","date_gmt":"2023-05-04T06:36:02","guid":{"rendered":"https:\/\/swissbaker.ch\/?post_type=photogallery&#038;p=60333"},"modified":"2023-05-04T08:36:04","modified_gmt":"2023-05-04T06:36:04","slug":"fachveranstaltung-brotzeit-schweiz","status":"publish","type":"photogallery","link":"https:\/\/swissbaker.ch\/fr\/panissimo-news\/galerie\/fachveranstaltung-brotzeit-schweiz\/","title":{"rendered":"Fachveranstaltung BrotZeit Schweiz"},"content":{"rendered":"\n<p>K\u00fcrzlich lud der Verein BrotZeit Schweiz im M\u00fchlerama Z\u00fcrich zu einer Fachdiskussion ein, um der Frage nachzugehen, ob und wie sich Wirtschaftlichkeit und echtes Handwerk in unserer Branche vereinen lassen. Der Titel lautete &#8220;Gutes Brot backen &#8211; brotlose Kunst oder zukunftsf\u00e4hig&#8221;?<\/p>\n","protected":false},"excerpt":{"rendered":"<p>K\u00fcrzlich lud der Verein BrotZeit Schweiz im M\u00fchlerama Z\u00fcrich zu einer Fachdiskussion ein, um der Frage nachzugehen, ob und wie sich Wirtschaftlichkeit und echtes Handwerk in unserer Branche vereinen lassen. Der Titel lautete &#8220;Gutes Brot backen &#8211; brotlose Kunst oder zukunftsf\u00e4hig&#8221;?<\/p>\n","protected":false},"author":5,"featured_media":60345,"menu_order":0,"template":"","class_list":["post-60333","photogallery","type-photogallery","status-publish","has-post-thumbnail","hentry"],"acf":[],"yoast_head":"<!-- This site is optimized with the Yoast SEO Premium plugin v26.8 (Yoast SEO v26.8) - https:\/\/yoast.com\/product\/yoast-seo-premium-wordpress\/ -->\n<title>Fachveranstaltung BrotZeit Schweiz | SBC<\/title>\n<meta name=\"robots\" content=\"index, follow, max-snippet:-1, max-image-preview:large, max-video-preview:-1\" \/>\n<link rel=\"canonical\" href=\"https:\/\/swissbaker.ch\/fr\/panissimo-news\/galerie\/fachveranstaltung-brotzeit-schweiz\/\" \/>\n<meta property=\"og:locale\" content=\"fr_FR\" \/>\n<meta property=\"og:type\" content=\"article\" \/>\n<meta property=\"og:title\" content=\"Fachveranstaltung BrotZeit Schweiz\" \/>\n<meta property=\"og:description\" content=\"K\u00fcrzlich lud der Verein BrotZeit Schweiz im M\u00fchlerama Z\u00fcrich zu einer Fachdiskussion ein, um der Frage nachzugehen, ob und wie sich Wirtschaftlichkeit und echtes Handwerk in unserer Branche vereinen lassen. Der Titel lautete &#8220;Gutes Brot backen &#8211; brotlose Kunst oder zukunftsf\u00e4hig&#8221;?\" \/>\n<meta property=\"og:url\" content=\"https:\/\/swissbaker.ch\/fr\/panissimo-news\/galerie\/fachveranstaltung-brotzeit-schweiz\/\" \/>\n<meta property=\"og:site_name\" content=\"SBC\" \/>\n<meta property=\"article:publisher\" content=\"https:\/\/www.facebook.com\/swissbaker.ch\" \/>\n<meta property=\"article:modified_time\" content=\"2023-05-04T06:36:04+00:00\" \/>\n<meta property=\"og:image\" content=\"https:\/\/swissbaker.ch\/wp-content\/uploads\/2023\/04\/dsc_0375_korr-scaled.jpg\" \/>\n\t<meta property=\"og:image:width\" content=\"2048\" \/>\n\t<meta property=\"og:image:height\" content=\"1365\" \/>\n\t<meta property=\"og:image:type\" content=\"image\/jpeg\" \/>\n<meta name=\"twitter:card\" content=\"summary_large_image\" \/>\n<meta name=\"twitter:site\" content=\"@ch_swissbaker\" \/>\n<meta name=\"twitter:label1\" content=\"Est. reading time\" \/>\n\t<meta name=\"twitter:data1\" content=\"1 minute\" \/>\n<script type=\"application\/ld+json\" class=\"yoast-schema-graph\">{\"@context\":\"https:\/\/schema.org\",\"@graph\":[{\"@type\":\"WebPage\",\"@id\":\"https:\/\/swissbaker.ch\/fr\/panissimo-news\/galerie\/fachveranstaltung-brotzeit-schweiz\/\",\"url\":\"https:\/\/swissbaker.ch\/fr\/panissimo-news\/galerie\/fachveranstaltung-brotzeit-schweiz\/\",\"name\":\"Fachveranstaltung BrotZeit Schweiz | SBC\",\"isPartOf\":{\"@id\":\"https:\/\/swissbaker.ch\/fr\/#website\"},\"primaryImageOfPage\":{\"@id\":\"https:\/\/swissbaker.ch\/fr\/panissimo-news\/galerie\/fachveranstaltung-brotzeit-schweiz\/#primaryimage\"},\"image\":{\"@id\":\"https:\/\/swissbaker.ch\/fr\/panissimo-news\/galerie\/fachveranstaltung-brotzeit-schweiz\/#primaryimage\"},\"thumbnailUrl\":\"https:\/\/swissbaker.ch\/wp-content\/uploads\/2023\/04\/dsc_0375_korr-scaled.jpg\",\"datePublished\":\"2023-05-04T06:36:02+00:00\",\"dateModified\":\"2023-05-04T06:36:04+00:00\",\"breadcrumb\":{\"@id\":\"https:\/\/swissbaker.ch\/fr\/panissimo-news\/galerie\/fachveranstaltung-brotzeit-schweiz\/#breadcrumb\"},\"inLanguage\":\"fr-FR\",\"potentialAction\":[{\"@type\":\"ReadAction\",\"target\":[\"https:\/\/swissbaker.ch\/fr\/panissimo-news\/galerie\/fachveranstaltung-brotzeit-schweiz\/\"]}]},{\"@type\":\"ImageObject\",\"inLanguage\":\"fr-FR\",\"@id\":\"https:\/\/swissbaker.ch\/fr\/panissimo-news\/galerie\/fachveranstaltung-brotzeit-schweiz\/#primaryimage\",\"url\":\"https:\/\/swissbaker.ch\/wp-content\/uploads\/2023\/04\/dsc_0375_korr-scaled.jpg\",\"contentUrl\":\"https:\/\/swissbaker.ch\/wp-content\/uploads\/2023\/04\/dsc_0375_korr-scaled.jpg\",\"width\":2048,\"height\":1365},{\"@type\":\"BreadcrumbList\",\"@id\":\"https:\/\/swissbaker.ch\/fr\/panissimo-news\/galerie\/fachveranstaltung-brotzeit-schweiz\/#breadcrumb\",\"itemListElement\":[{\"@type\":\"ListItem\",\"position\":1,\"name\":\"\",\"item\":\"https:\/\/swissbaker.ch\/fr\/\"},{\"@type\":\"ListItem\",\"position\":2,\"name\":\"Galerie de photos\",\"item\":\"https:\/\/swissbaker.ch\/fr\/panissimo-news\/galerie\/\"},{\"@type\":\"ListItem\",\"position\":3,\"name\":\"Fachveranstaltung BrotZeit Schweiz\"}]},{\"@type\":\"WebSite\",\"@id\":\"https:\/\/swissbaker.ch\/fr\/#website\",\"url\":\"https:\/\/swissbaker.ch\/fr\/\",\"name\":\"SBC\",\"description\":\"\",\"publisher\":{\"@id\":\"https:\/\/swissbaker.ch\/fr\/#organization\"},\"potentialAction\":[{\"@type\":\"SearchAction\",\"target\":{\"@type\":\"EntryPoint\",\"urlTemplate\":\"https:\/\/swissbaker.ch\/fr\/?s={search_term_string}\"},\"query-input\":{\"@type\":\"PropertyValueSpecification\",\"valueRequired\":true,\"valueName\":\"search_term_string\"}}],\"inLanguage\":\"fr-FR\"},{\"@type\":\"Organization\",\"@id\":\"https:\/\/swissbaker.ch\/fr\/#organization\",\"name\":\"Schweizerischer B\u00e4cker-Confiseurmeister-Verband\",\"url\":\"https:\/\/swissbaker.ch\/fr\/\",\"logo\":{\"@type\":\"ImageObject\",\"inLanguage\":\"fr-FR\",\"@id\":\"https:\/\/swissbaker.ch\/fr\/#\/schema\/logo\/image\/\",\"url\":\"https:\/\/swissbaker.ch\/wp-content\/uploads\/2022\/04\/sbc-logo-yoast.jpg\",\"contentUrl\":\"https:\/\/swissbaker.ch\/wp-content\/uploads\/2022\/04\/sbc-logo-yoast.jpg\",\"width\":512,\"height\":512,\"caption\":\"Schweizerischer B\u00e4cker-Confiseurmeister-Verband\"},\"image\":{\"@id\":\"https:\/\/swissbaker.ch\/fr\/#\/schema\/logo\/image\/\"},\"sameAs\":[\"https:\/\/www.facebook.com\/swissbaker.ch\",\"https:\/\/x.com\/ch_swissbaker\"]}]}<\/script>\n<!-- \/ Yoast SEO Premium plugin. -->","yoast_head_json":{"title":"Fachveranstaltung BrotZeit Schweiz | SBC","robots":{"index":"index","follow":"follow","max-snippet":"max-snippet:-1","max-image-preview":"max-image-preview:large","max-video-preview":"max-video-preview:-1"},"canonical":"https:\/\/swissbaker.ch\/fr\/panissimo-news\/galerie\/fachveranstaltung-brotzeit-schweiz\/","og_locale":"fr_FR","og_type":"article","og_title":"Fachveranstaltung BrotZeit Schweiz","og_description":"K\u00fcrzlich lud der Verein BrotZeit Schweiz im M\u00fchlerama Z\u00fcrich zu einer Fachdiskussion ein, um der Frage nachzugehen, ob und wie sich Wirtschaftlichkeit und echtes Handwerk in unserer Branche vereinen lassen. Der Titel lautete &#8220;Gutes Brot backen &#8211; brotlose Kunst oder zukunftsf\u00e4hig&#8221;?","og_url":"https:\/\/swissbaker.ch\/fr\/panissimo-news\/galerie\/fachveranstaltung-brotzeit-schweiz\/","og_site_name":"SBC","article_publisher":"https:\/\/www.facebook.com\/swissbaker.ch","article_modified_time":"2023-05-04T06:36:04+00:00","og_image":[{"width":2048,"height":1365,"url":"https:\/\/swissbaker.ch\/wp-content\/uploads\/2023\/04\/dsc_0375_korr-scaled.jpg","type":"image\/jpeg"}],"twitter_card":"summary_large_image","twitter_site":"@ch_swissbaker","twitter_misc":{"Est. reading time":"1 minute"},"schema":{"@context":"https:\/\/schema.org","@graph":[{"@type":"WebPage","@id":"https:\/\/swissbaker.ch\/fr\/panissimo-news\/galerie\/fachveranstaltung-brotzeit-schweiz\/","url":"https:\/\/swissbaker.ch\/fr\/panissimo-news\/galerie\/fachveranstaltung-brotzeit-schweiz\/","name":"Fachveranstaltung BrotZeit Schweiz | SBC","isPartOf":{"@id":"https:\/\/swissbaker.ch\/fr\/#website"},"primaryImageOfPage":{"@id":"https:\/\/swissbaker.ch\/fr\/panissimo-news\/galerie\/fachveranstaltung-brotzeit-schweiz\/#primaryimage"},"image":{"@id":"https:\/\/swissbaker.ch\/fr\/panissimo-news\/galerie\/fachveranstaltung-brotzeit-schweiz\/#primaryimage"},"thumbnailUrl":"https:\/\/swissbaker.ch\/wp-content\/uploads\/2023\/04\/dsc_0375_korr-scaled.jpg","datePublished":"2023-05-04T06:36:02+00:00","dateModified":"2023-05-04T06:36:04+00:00","breadcrumb":{"@id":"https:\/\/swissbaker.ch\/fr\/panissimo-news\/galerie\/fachveranstaltung-brotzeit-schweiz\/#breadcrumb"},"inLanguage":"fr-FR","potentialAction":[{"@type":"ReadAction","target":["https:\/\/swissbaker.ch\/fr\/panissimo-news\/galerie\/fachveranstaltung-brotzeit-schweiz\/"]}]},{"@type":"ImageObject","inLanguage":"fr-FR","@id":"https:\/\/swissbaker.ch\/fr\/panissimo-news\/galerie\/fachveranstaltung-brotzeit-schweiz\/#primaryimage","url":"https:\/\/swissbaker.ch\/wp-content\/uploads\/2023\/04\/dsc_0375_korr-scaled.jpg","contentUrl":"https:\/\/swissbaker.ch\/wp-content\/uploads\/2023\/04\/dsc_0375_korr-scaled.jpg","width":2048,"height":1365},{"@type":"BreadcrumbList","@id":"https:\/\/swissbaker.ch\/fr\/panissimo-news\/galerie\/fachveranstaltung-brotzeit-schweiz\/#breadcrumb","itemListElement":[{"@type":"ListItem","position":1,"name":"","item":"https:\/\/swissbaker.ch\/fr\/"},{"@type":"ListItem","position":2,"name":"Galerie de photos","item":"https:\/\/swissbaker.ch\/fr\/panissimo-news\/galerie\/"},{"@type":"ListItem","position":3,"name":"Fachveranstaltung BrotZeit Schweiz"}]},{"@type":"WebSite","@id":"https:\/\/swissbaker.ch\/fr\/#website","url":"https:\/\/swissbaker.ch\/fr\/","name":"SBC","description":"","publisher":{"@id":"https:\/\/swissbaker.ch\/fr\/#organization"},"potentialAction":[{"@type":"SearchAction","target":{"@type":"EntryPoint","urlTemplate":"https:\/\/swissbaker.ch\/fr\/?s={search_term_string}"},"query-input":{"@type":"PropertyValueSpecification","valueRequired":true,"valueName":"search_term_string"}}],"inLanguage":"fr-FR"},{"@type":"Organization","@id":"https:\/\/swissbaker.ch\/fr\/#organization","name":"Schweizerischer B\u00e4cker-Confiseurmeister-Verband","url":"https:\/\/swissbaker.ch\/fr\/","logo":{"@type":"ImageObject","inLanguage":"fr-FR","@id":"https:\/\/swissbaker.ch\/fr\/#\/schema\/logo\/image\/","url":"https:\/\/swissbaker.ch\/wp-content\/uploads\/2022\/04\/sbc-logo-yoast.jpg","contentUrl":"https:\/\/swissbaker.ch\/wp-content\/uploads\/2022\/04\/sbc-logo-yoast.jpg","width":512,"height":512,"caption":"Schweizerischer B\u00e4cker-Confiseurmeister-Verband"},"image":{"@id":"https:\/\/swissbaker.ch\/fr\/#\/schema\/logo\/image\/"},"sameAs":["https:\/\/www.facebook.com\/swissbaker.ch","https:\/\/x.com\/ch_swissbaker"]}]}},"_links":{"self":[{"href":"https:\/\/swissbaker.ch\/fr\/wp-json\/wp\/v2\/photogallery\/60333","targetHints":{"allow":["GET"]}}],"collection":[{"href":"https:\/\/swissbaker.ch\/fr\/wp-json\/wp\/v2\/photogallery"}],"about":[{"href":"https:\/\/swissbaker.ch\/fr\/wp-json\/wp\/v2\/types\/photogallery"}],"author":[{"embeddable":true,"href":"https:\/\/swissbaker.ch\/fr\/wp-json\/wp\/v2\/users\/5"}],"version-history":[{"count":0,"href":"https:\/\/swissbaker.ch\/fr\/wp-json\/wp\/v2\/photogallery\/60333\/revisions"}],"wp:featuredmedia":[{"embeddable":true,"href":"https:\/\/swissbaker.ch\/fr\/wp-json\/wp\/v2\/media\/60345"}],"wp:attachment":[{"href":"https:\/\/swissbaker.ch\/fr\/wp-json\/wp\/v2\/media?parent=60333"}],"curies":[{"name":"wp","href":"https:\/\/api.w.org\/{rel}","templated":true}]}}

<p>Kürzlich lud der Verein BrotZeit Schweiz im Mühlerama Zürich zu einer Fachdiskussion ein, um der Frage nachzugehen, ob und wie sich Wirtschaftlichkeit und echtes Handwerk in unserer Branche vereinen lassen. Der Titel lautete &#8220;Gutes Brot backen &#8211; brotlose Kunst oder zukunftsfähig&#8221;?</p>

<!-- This site is optimized with the Yoast SEO Premium plugin v26.8 (Yoast SEO v26.8) - https://yoast.com/product/yoast-seo-premium-wordpress/ -->
<title>Fachveranstaltung BrotZeit Schweiz | SBC</title>
<meta name="robots" content="index, follow, max-snippet:-1, max-image-preview:large, max-video-preview:-1" />
<link rel="canonical" href="https://swissbaker.ch/fr/panissimo-news/galerie/fachveranstaltung-brotzeit-schweiz/" />
<meta property="og:locale" content="fr_FR" />
<meta property="og:type" content="article" />
<meta property="og:title" content="Fachveranstaltung BrotZeit Schweiz" />
<meta property="og:description" content="Kürzlich lud der Verein BrotZeit Schweiz im Mühlerama Zürich zu einer Fachdiskussion ein, um der Frage nachzugehen, ob und wie sich Wirtschaftlichkeit und echtes Handwerk in unserer Branche vereinen lassen. Der Titel lautete &#8220;Gutes Brot backen &#8211; brotlose Kunst oder zukunftsfähig&#8221;?" />
<meta property="og:url" content="https://swissbaker.ch/fr/panissimo-news/galerie/fachveranstaltung-brotzeit-schweiz/" />
<meta property="og:site_name" content="SBC" />
<meta property="article:publisher" content="https://www.facebook.com/swissbaker.ch" />
<meta property="article:modified_time" content="2023-05-04T06:36:04+00:00" />
<meta property="og:image" content="https://swissbaker.ch/wp-content/uploads/2023/04/dsc_0375_korr-scaled.jpg" />
	<meta property="og:image:width" content="2048" />
	<meta property="og:image:height" content="1365" />
	<meta property="og:image:type" content="image/jpeg" />
<meta name="twitter:card" content="summary_large_image" />
<meta name="twitter:site" content="@ch_swissbaker" />
<meta name="twitter:label1" content="Est. reading time" />
	<meta name="twitter:data1" content="1 minute" />
<script type="application/ld+json" class="yoast-schema-graph">{"@context":"https://schema.org","@graph":[{"@type":"WebPage","@id":"https://swissbaker.ch/fr/panissimo-news/galerie/fachveranstaltung-brotzeit-schweiz/","url":"https://swissbaker.ch/fr/panissimo-news/galerie/fachveranstaltung-brotzeit-schweiz/","name":"Fachveranstaltung BrotZeit Schweiz | SBC","isPartOf":{"@id":"https://swissbaker.ch/fr/#website"},"primaryImageOfPage":{"@id":"https://swissbaker.ch/fr/panissimo-news/galerie/fachveranstaltung-brotzeit-schweiz/#primaryimage"},"image":{"@id":"https://swissbaker.ch/fr/panissimo-news/galerie/fachveranstaltung-brotzeit-schweiz/#primaryimage"},"thumbnailUrl":"https://swissbaker.ch/wp-content/uploads/2023/04/dsc_0375_korr-scaled.jpg","datePublished":"2023-05-04T06:36:02+00:00","dateModified":"2023-05-04T06:36:04+00:00","breadcrumb":{"@id":"https://swissbaker.ch/fr/panissimo-news/galerie/fachveranstaltung-brotzeit-schweiz/#breadcrumb"},"inLanguage":"fr-FR","potentialAction":[{"@type":"ReadAction","target":["https://swissbaker.ch/fr/panissimo-news/galerie/fachveranstaltung-brotzeit-schweiz/"]}]},{"@type":"ImageObject","inLanguage":"fr-FR","@id":"https://swissbaker.ch/fr/panissimo-news/galerie/fachveranstaltung-brotzeit-schweiz/#primaryimage","url":"https://swissbaker.ch/wp-content/uploads/2023/04/dsc_0375_korr-scaled.jpg","contentUrl":"https://swissbaker.ch/wp-content/uploads/2023/04/dsc_0375_korr-scaled.jpg","width":2048,"height":1365},{"@type":"BreadcrumbList","@id":"https://swissbaker.ch/fr/panissimo-news/galerie/fachveranstaltung-brotzeit-schweiz/#breadcrumb","itemListElement":[{"@type":"ListItem","position":1,"name":"","item":"https://swissbaker.ch/fr/"},{"@type":"ListItem","position":2,"name":"Galerie de photos","item":"https://swissbaker.ch/fr/panissimo-news/galerie/"},{"@type":"ListItem","position":3,"name":"Fachveranstaltung BrotZeit Schweiz"}]},{"@type":"WebSite","@id":"https://swissbaker.ch/fr/#website","url":"https://swissbaker.ch/fr/","name":"SBC","description":"","publisher":{"@id":"https://swissbaker.ch/fr/#organization"},"potentialAction":[{"@type":"SearchAction","target":{"@type":"EntryPoint","urlTemplate":"https://swissbaker.ch/fr/?s={search_term_string}"},"query-input":{"@type":"PropertyValueSpecification","valueRequired":true,"valueName":"search_term_string"}}],"inLanguage":"fr-FR"},{"@type":"Organization","@id":"https://swissbaker.ch/fr/#organization","name":"Schweizerischer Bäcker-Confiseurmeister-Verband","url":"https://swissbaker.ch/fr/","logo":{"@type":"ImageObject","inLanguage":"fr-FR","@id":"https://swissbaker.ch/fr/#/schema/logo/image/","url":"https://swissbaker.ch/wp-content/uploads/2022/04/sbc-logo-yoast.jpg","contentUrl":"https://swissbaker.ch/wp-content/uploads/2022/04/sbc-logo-yoast.jpg","width":512,"height":512,"caption":"Schweizerischer Bäcker-Confiseurmeister-Verband"},"image":{"@id":"https://swissbaker.ch/fr/#/schema/logo/image/"},"sameAs":["https://www.facebook.com/swissbaker.ch","https://x.com/ch_swissbaker"]}]}</script>
<!-- / Yoast SEO Premium plugin. -->

Kürzlich lud der Verein BrotZeit Schweiz im Mühlerama Zürich zu einer Fachdiskussion ein, um der Frage nachzugehen, ob und wie sich Wirtschaftlichkeit und echtes Handwerk in unserer Branche vereinen lassen. Der Titel lautete &#8220;Gutes Brot backen &#8211; brotlose Kunst oder zukunftsfähig&#8221;?

Schweizerischer Bäcker-Confiseurmeister-Verband
