{"id":56297,"date":"2023-02-02T11:03:35","date_gmt":"2023-02-02T10:03:35","guid":{"rendered":"https:\/\/swissbaker.ch\/?post_type=photogallery&#038;p=56297"},"modified":"2023-02-02T12:59:29","modified_gmt":"2023-02-02T11:59:29","slug":"concours-de-ski-2023","status":"publish","type":"photogallery","link":"https:\/\/swissbaker.ch\/fr\/panissimo-news\/galerie\/concours-de-ski-2023\/","title":{"rendered":"Concours de ski 2023"},"content":{"rendered":"\n<p>Le 30 janvier, 57 artisans et amis de la boulangerie-confiserie ont pris le d\u00e9part du traditionnel slalom g\u00e9ant en une manche de la branche. Organis\u00e9 par Cyrille Pittier et Christian Boillat, le concours s\u2019est d\u00e9roul\u00e9 dans d\u2019excellentes conditions aux Diablerets (VD). La 43<sup>e<\/sup> \u00e9dition est d\u2019ores et d\u00e9j\u00e0 agenda au 24 janvier. Les amateurs de glisse se retrouveront \u00e0 Ovronnaz (VS).<\/p>\n\n\n\n<div class=\"wp-block-file\"><a id=\"wp-block-file--media-a3b8b7a3-5daa-413b-b778-40e8d13f2101\" href=\"https:\/\/swissbaker.ch\/wp-content\/uploads\/2023\/02\/20230131.classement_slalom-boulanger-les-diablerets-30.01.pdf\" target=\"_blank\" rel=\"noreferrer noopener\">Classement slalom g\u00e9ant boulanger 2023 \u00e0 les Diablerets<\/a><a href=\"https:\/\/swissbaker.ch\/wp-content\/uploads\/2023\/02\/20230131.classement_slalom-boulanger-les-diablerets-30.01.pdf\" class=\"wp-block-file__button\" download aria-describedby=\"wp-block-file--media-a3b8b7a3-5daa-413b-b778-40e8d13f2101\">Herunterladen<\/a><\/div>\n","protected":false},"excerpt":{"rendered":"<p>Le 30 janvier, 57 artisans et amis de la boulangerie-confiserie ont pris le d\u00e9part du traditionnel slalom g\u00e9ant en une manche de la branche. Organis\u00e9 par Cyrille Pittier et Christian Boillat, le concours s\u2019est d\u00e9roul\u00e9 dans d\u2019excellentes conditions aux Diablerets (VD). La 43e \u00e9dition est d\u2019ores et d\u00e9j\u00e0 agenda au 24 janvier. Les amateurs de glisse se retrouveront \u00e0 Ovronnaz [&hellip;]<\/p>\n","protected":false},"author":4,"featured_media":56327,"menu_order":0,"template":"","class_list":["post-56297","photogallery","type-photogallery","status-publish","has-post-thumbnail","hentry"],"acf":[],"yoast_head":"<!-- This site is optimized with the Yoast SEO Premium plugin v26.8 (Yoast SEO v26.8) - https:\/\/yoast.com\/product\/yoast-seo-premium-wordpress\/ -->\n<title>Concours de ski 2023 | SBC<\/title>\n<meta name=\"description\" content=\"Le 30 janvier, 57 artisans et amis de la boulangerie-confiserie ont pris le d\u00e9part du traditionnel slalom g\u00e9ant en une manche de la branche.\" \/>\n<meta name=\"robots\" content=\"index, follow, max-snippet:-1, max-image-preview:large, max-video-preview:-1\" \/>\n<link rel=\"canonical\" href=\"https:\/\/swissbaker.ch\/fr\/panissimo-news\/galerie\/concours-de-ski-2023\/\" \/>\n<meta property=\"og:locale\" content=\"fr_FR\" \/>\n<meta property=\"og:type\" content=\"article\" \/>\n<meta property=\"og:title\" content=\"Concours de ski 2023\" \/>\n<meta property=\"og:description\" content=\"Le 30 janvier, 57 artisans et amis de la boulangerie-confiserie ont pris le d\u00e9part du traditionnel slalom g\u00e9ant en une manche de la branche.\" \/>\n<meta property=\"og:url\" content=\"https:\/\/swissbaker.ch\/fr\/panissimo-news\/galerie\/concours-de-ski-2023\/\" \/>\n<meta property=\"og:site_name\" content=\"SBC\" \/>\n<meta property=\"article:publisher\" content=\"https:\/\/www.facebook.com\/swissbaker.ch\" \/>\n<meta property=\"article:modified_time\" content=\"2023-02-02T11:59:29+00:00\" \/>\n<meta property=\"og:image\" content=\"https:\/\/swissbaker.ch\/wp-content\/uploads\/2023\/02\/45d57521-5fe4-42ed-b702-755a6db47411.jpg\" \/>\n\t<meta property=\"og:image:width\" content=\"2000\" \/>\n\t<meta property=\"og:image:height\" content=\"1500\" \/>\n\t<meta property=\"og:image:type\" content=\"image\/jpeg\" \/>\n<meta name=\"twitter:card\" content=\"summary_large_image\" \/>\n<meta name=\"twitter:site\" content=\"@ch_swissbaker\" \/>\n<meta name=\"twitter:label1\" content=\"Est. reading time\" \/>\n\t<meta name=\"twitter:data1\" content=\"1 minute\" \/>\n<script type=\"application\/ld+json\" class=\"yoast-schema-graph\">{\"@context\":\"https:\/\/schema.org\",\"@graph\":[{\"@type\":\"WebPage\",\"@id\":\"https:\/\/swissbaker.ch\/fr\/panissimo-news\/galerie\/concours-de-ski-2023\/\",\"url\":\"https:\/\/swissbaker.ch\/fr\/panissimo-news\/galerie\/concours-de-ski-2023\/\",\"name\":\"Concours de ski 2023 | SBC\",\"isPartOf\":{\"@id\":\"https:\/\/swissbaker.ch\/fr\/#website\"},\"primaryImageOfPage\":{\"@id\":\"https:\/\/swissbaker.ch\/fr\/panissimo-news\/galerie\/concours-de-ski-2023\/#primaryimage\"},\"image\":{\"@id\":\"https:\/\/swissbaker.ch\/fr\/panissimo-news\/galerie\/concours-de-ski-2023\/#primaryimage\"},\"thumbnailUrl\":\"https:\/\/swissbaker.ch\/wp-content\/uploads\/2023\/02\/45d57521-5fe4-42ed-b702-755a6db47411.jpg\",\"datePublished\":\"2023-02-02T10:03:35+00:00\",\"dateModified\":\"2023-02-02T11:59:29+00:00\",\"description\":\"Le 30 janvier, 57 artisans et amis de la boulangerie-confiserie ont pris le d\u00e9part du traditionnel slalom g\u00e9ant en une manche de la branche.\",\"breadcrumb\":{\"@id\":\"https:\/\/swissbaker.ch\/fr\/panissimo-news\/galerie\/concours-de-ski-2023\/#breadcrumb\"},\"inLanguage\":\"fr-FR\",\"potentialAction\":[{\"@type\":\"ReadAction\",\"target\":[\"https:\/\/swissbaker.ch\/fr\/panissimo-news\/galerie\/concours-de-ski-2023\/\"]}]},{\"@type\":\"ImageObject\",\"inLanguage\":\"fr-FR\",\"@id\":\"https:\/\/swissbaker.ch\/fr\/panissimo-news\/galerie\/concours-de-ski-2023\/#primaryimage\",\"url\":\"https:\/\/swissbaker.ch\/wp-content\/uploads\/2023\/02\/45d57521-5fe4-42ed-b702-755a6db47411.jpg\",\"contentUrl\":\"https:\/\/swissbaker.ch\/wp-content\/uploads\/2023\/02\/45d57521-5fe4-42ed-b702-755a6db47411.jpg\",\"width\":2000,\"height\":1500,\"caption\":\"Concours de ski 2023\"},{\"@type\":\"BreadcrumbList\",\"@id\":\"https:\/\/swissbaker.ch\/fr\/panissimo-news\/galerie\/concours-de-ski-2023\/#breadcrumb\",\"itemListElement\":[{\"@type\":\"ListItem\",\"position\":1,\"name\":\"\",\"item\":\"https:\/\/swissbaker.ch\/fr\/\"},{\"@type\":\"ListItem\",\"position\":2,\"name\":\"Galerie de photos\",\"item\":\"https:\/\/swissbaker.ch\/fr\/panissimo-news\/galerie\/\"},{\"@type\":\"ListItem\",\"position\":3,\"name\":\"Concours de ski 2023\"}]},{\"@type\":\"WebSite\",\"@id\":\"https:\/\/swissbaker.ch\/fr\/#website\",\"url\":\"https:\/\/swissbaker.ch\/fr\/\",\"name\":\"SBC\",\"description\":\"\",\"publisher\":{\"@id\":\"https:\/\/swissbaker.ch\/fr\/#organization\"},\"potentialAction\":[{\"@type\":\"SearchAction\",\"target\":{\"@type\":\"EntryPoint\",\"urlTemplate\":\"https:\/\/swissbaker.ch\/fr\/?s={search_term_string}\"},\"query-input\":{\"@type\":\"PropertyValueSpecification\",\"valueRequired\":true,\"valueName\":\"search_term_string\"}}],\"inLanguage\":\"fr-FR\"},{\"@type\":\"Organization\",\"@id\":\"https:\/\/swissbaker.ch\/fr\/#organization\",\"name\":\"Schweizerischer B\u00e4cker-Confiseurmeister-Verband\",\"url\":\"https:\/\/swissbaker.ch\/fr\/\",\"logo\":{\"@type\":\"ImageObject\",\"inLanguage\":\"fr-FR\",\"@id\":\"https:\/\/swissbaker.ch\/fr\/#\/schema\/logo\/image\/\",\"url\":\"https:\/\/swissbaker.ch\/wp-content\/uploads\/2022\/04\/sbc-logo-yoast.jpg\",\"contentUrl\":\"https:\/\/swissbaker.ch\/wp-content\/uploads\/2022\/04\/sbc-logo-yoast.jpg\",\"width\":512,\"height\":512,\"caption\":\"Schweizerischer B\u00e4cker-Confiseurmeister-Verband\"},\"image\":{\"@id\":\"https:\/\/swissbaker.ch\/fr\/#\/schema\/logo\/image\/\"},\"sameAs\":[\"https:\/\/www.facebook.com\/swissbaker.ch\",\"https:\/\/x.com\/ch_swissbaker\"]}]}<\/script>\n<!-- \/ Yoast SEO Premium plugin. -->","yoast_head_json":{"title":"Concours de ski 2023 | SBC","description":"Le 30 janvier, 57 artisans et amis de la boulangerie-confiserie ont pris le d\u00e9part du traditionnel slalom g\u00e9ant en une manche de la branche.","robots":{"index":"index","follow":"follow","max-snippet":"max-snippet:-1","max-image-preview":"max-image-preview:large","max-video-preview":"max-video-preview:-1"},"canonical":"https:\/\/swissbaker.ch\/fr\/panissimo-news\/galerie\/concours-de-ski-2023\/","og_locale":"fr_FR","og_type":"article","og_title":"Concours de ski 2023","og_description":"Le 30 janvier, 57 artisans et amis de la boulangerie-confiserie ont pris le d\u00e9part du traditionnel slalom g\u00e9ant en une manche de la branche.","og_url":"https:\/\/swissbaker.ch\/fr\/panissimo-news\/galerie\/concours-de-ski-2023\/","og_site_name":"SBC","article_publisher":"https:\/\/www.facebook.com\/swissbaker.ch","article_modified_time":"2023-02-02T11:59:29+00:00","og_image":[{"width":2000,"height":1500,"url":"https:\/\/swissbaker.ch\/wp-content\/uploads\/2023\/02\/45d57521-5fe4-42ed-b702-755a6db47411.jpg","type":"image\/jpeg"}],"twitter_card":"summary_large_image","twitter_site":"@ch_swissbaker","twitter_misc":{"Est. reading time":"1 minute"},"schema":{"@context":"https:\/\/schema.org","@graph":[{"@type":"WebPage","@id":"https:\/\/swissbaker.ch\/fr\/panissimo-news\/galerie\/concours-de-ski-2023\/","url":"https:\/\/swissbaker.ch\/fr\/panissimo-news\/galerie\/concours-de-ski-2023\/","name":"Concours de ski 2023 | SBC","isPartOf":{"@id":"https:\/\/swissbaker.ch\/fr\/#website"},"primaryImageOfPage":{"@id":"https:\/\/swissbaker.ch\/fr\/panissimo-news\/galerie\/concours-de-ski-2023\/#primaryimage"},"image":{"@id":"https:\/\/swissbaker.ch\/fr\/panissimo-news\/galerie\/concours-de-ski-2023\/#primaryimage"},"thumbnailUrl":"https:\/\/swissbaker.ch\/wp-content\/uploads\/2023\/02\/45d57521-5fe4-42ed-b702-755a6db47411.jpg","datePublished":"2023-02-02T10:03:35+00:00","dateModified":"2023-02-02T11:59:29+00:00","description":"Le 30 janvier, 57 artisans et amis de la boulangerie-confiserie ont pris le d\u00e9part du traditionnel slalom g\u00e9ant en une manche de la branche.","breadcrumb":{"@id":"https:\/\/swissbaker.ch\/fr\/panissimo-news\/galerie\/concours-de-ski-2023\/#breadcrumb"},"inLanguage":"fr-FR","potentialAction":[{"@type":"ReadAction","target":["https:\/\/swissbaker.ch\/fr\/panissimo-news\/galerie\/concours-de-ski-2023\/"]}]},{"@type":"ImageObject","inLanguage":"fr-FR","@id":"https:\/\/swissbaker.ch\/fr\/panissimo-news\/galerie\/concours-de-ski-2023\/#primaryimage","url":"https:\/\/swissbaker.ch\/wp-content\/uploads\/2023\/02\/45d57521-5fe4-42ed-b702-755a6db47411.jpg","contentUrl":"https:\/\/swissbaker.ch\/wp-content\/uploads\/2023\/02\/45d57521-5fe4-42ed-b702-755a6db47411.jpg","width":2000,"height":1500,"caption":"Concours de ski 2023"},{"@type":"BreadcrumbList","@id":"https:\/\/swissbaker.ch\/fr\/panissimo-news\/galerie\/concours-de-ski-2023\/#breadcrumb","itemListElement":[{"@type":"ListItem","position":1,"name":"","item":"https:\/\/swissbaker.ch\/fr\/"},{"@type":"ListItem","position":2,"name":"Galerie de photos","item":"https:\/\/swissbaker.ch\/fr\/panissimo-news\/galerie\/"},{"@type":"ListItem","position":3,"name":"Concours de ski 2023"}]},{"@type":"WebSite","@id":"https:\/\/swissbaker.ch\/fr\/#website","url":"https:\/\/swissbaker.ch\/fr\/","name":"SBC","description":"","publisher":{"@id":"https:\/\/swissbaker.ch\/fr\/#organization"},"potentialAction":[{"@type":"SearchAction","target":{"@type":"EntryPoint","urlTemplate":"https:\/\/swissbaker.ch\/fr\/?s={search_term_string}"},"query-input":{"@type":"PropertyValueSpecification","valueRequired":true,"valueName":"search_term_string"}}],"inLanguage":"fr-FR"},{"@type":"Organization","@id":"https:\/\/swissbaker.ch\/fr\/#organization","name":"Schweizerischer B\u00e4cker-Confiseurmeister-Verband","url":"https:\/\/swissbaker.ch\/fr\/","logo":{"@type":"ImageObject","inLanguage":"fr-FR","@id":"https:\/\/swissbaker.ch\/fr\/#\/schema\/logo\/image\/","url":"https:\/\/swissbaker.ch\/wp-content\/uploads\/2022\/04\/sbc-logo-yoast.jpg","contentUrl":"https:\/\/swissbaker.ch\/wp-content\/uploads\/2022\/04\/sbc-logo-yoast.jpg","width":512,"height":512,"caption":"Schweizerischer B\u00e4cker-Confiseurmeister-Verband"},"image":{"@id":"https:\/\/swissbaker.ch\/fr\/#\/schema\/logo\/image\/"},"sameAs":["https:\/\/www.facebook.com\/swissbaker.ch","https:\/\/x.com\/ch_swissbaker"]}]}},"_links":{"self":[{"href":"https:\/\/swissbaker.ch\/fr\/wp-json\/wp\/v2\/photogallery\/56297","targetHints":{"allow":["GET"]}}],"collection":[{"href":"https:\/\/swissbaker.ch\/fr\/wp-json\/wp\/v2\/photogallery"}],"about":[{"href":"https:\/\/swissbaker.ch\/fr\/wp-json\/wp\/v2\/types\/photogallery"}],"author":[{"embeddable":true,"href":"https:\/\/swissbaker.ch\/fr\/wp-json\/wp\/v2\/users\/4"}],"version-history":[{"count":0,"href":"https:\/\/swissbaker.ch\/fr\/wp-json\/wp\/v2\/photogallery\/56297\/revisions"}],"wp:featuredmedia":[{"embeddable":true,"href":"https:\/\/swissbaker.ch\/fr\/wp-json\/wp\/v2\/media\/56327"}],"wp:attachment":[{"href":"https:\/\/swissbaker.ch\/fr\/wp-json\/wp\/v2\/media?parent=56297"}],"curies":[{"name":"wp","href":"https:\/\/api.w.org\/{rel}","templated":true}]}}

<p>Le 30 janvier, 57 artisans et amis de la boulangerie-confiserie ont pris le départ du traditionnel slalom géant en une manche de la branche. Organisé par Cyrille Pittier et Christian Boillat, le concours s’est déroulé dans d’excellentes conditions aux Diablerets (VD). La 43<sup>e</sup> édition est d’ores et déjà agenda au 24 janvier. Les amateurs de glisse se retrouveront à Ovronnaz (VS).</p>



<div class="wp-block-file"><a id="wp-block-file--media-a3b8b7a3-5daa-413b-b778-40e8d13f2101" href="https://swissbaker.ch/wp-content/uploads/2023/02/20230131.classement_slalom-boulanger-les-diablerets-30.01.pdf" target="_blank" rel="noreferrer noopener">Classement slalom géant boulanger 2023 à les Diablerets</a><a href="https://swissbaker.ch/wp-content/uploads/2023/02/20230131.classement_slalom-boulanger-les-diablerets-30.01.pdf" class="wp-block-file__button" download aria-describedby="wp-block-file--media-a3b8b7a3-5daa-413b-b778-40e8d13f2101">Herunterladen</a></div>

<p>Le 30 janvier, 57 artisans et amis de la boulangerie-confiserie ont pris le départ du traditionnel slalom géant en une manche de la branche. Organisé par Cyrille Pittier et Christian Boillat, le concours s’est déroulé dans d’excellentes conditions aux Diablerets (VD). La 43e édition est d’ores et déjà agenda au 24 janvier. Les amateurs de glisse se retrouveront à Ovronnaz [&hellip;]</p>

<!-- This site is optimized with the Yoast SEO Premium plugin v26.8 (Yoast SEO v26.8) - https://yoast.com/product/yoast-seo-premium-wordpress/ -->
<title>Concours de ski 2023 | SBC</title>
<meta name="description" content="Le 30 janvier, 57 artisans et amis de la boulangerie-confiserie ont pris le départ du traditionnel slalom géant en une manche de la branche." />
<meta name="robots" content="index, follow, max-snippet:-1, max-image-preview:large, max-video-preview:-1" />
<link rel="canonical" href="https://swissbaker.ch/fr/panissimo-news/galerie/concours-de-ski-2023/" />
<meta property="og:locale" content="fr_FR" />
<meta property="og:type" content="article" />
<meta property="og:title" content="Concours de ski 2023" />
<meta property="og:description" content="Le 30 janvier, 57 artisans et amis de la boulangerie-confiserie ont pris le départ du traditionnel slalom géant en une manche de la branche." />
<meta property="og:url" content="https://swissbaker.ch/fr/panissimo-news/galerie/concours-de-ski-2023/" />
<meta property="og:site_name" content="SBC" />
<meta property="article:publisher" content="https://www.facebook.com/swissbaker.ch" />
<meta property="article:modified_time" content="2023-02-02T11:59:29+00:00" />
<meta property="og:image" content="https://swissbaker.ch/wp-content/uploads/2023/02/45d57521-5fe4-42ed-b702-755a6db47411.jpg" />
	<meta property="og:image:width" content="2000" />
	<meta property="og:image:height" content="1500" />
	<meta property="og:image:type" content="image/jpeg" />
<meta name="twitter:card" content="summary_large_image" />
<meta name="twitter:site" content="@ch_swissbaker" />
<meta name="twitter:label1" content="Est. reading time" />
	<meta name="twitter:data1" content="1 minute" />
<script type="application/ld+json" class="yoast-schema-graph">{"@context":"https://schema.org","@graph":[{"@type":"WebPage","@id":"https://swissbaker.ch/fr/panissimo-news/galerie/concours-de-ski-2023/","url":"https://swissbaker.ch/fr/panissimo-news/galerie/concours-de-ski-2023/","name":"Concours de ski 2023 | SBC","isPartOf":{"@id":"https://swissbaker.ch/fr/#website"},"primaryImageOfPage":{"@id":"https://swissbaker.ch/fr/panissimo-news/galerie/concours-de-ski-2023/#primaryimage"},"image":{"@id":"https://swissbaker.ch/fr/panissimo-news/galerie/concours-de-ski-2023/#primaryimage"},"thumbnailUrl":"https://swissbaker.ch/wp-content/uploads/2023/02/45d57521-5fe4-42ed-b702-755a6db47411.jpg","datePublished":"2023-02-02T10:03:35+00:00","dateModified":"2023-02-02T11:59:29+00:00","description":"Le 30 janvier, 57 artisans et amis de la boulangerie-confiserie ont pris le départ du traditionnel slalom géant en une manche de la branche.","breadcrumb":{"@id":"https://swissbaker.ch/fr/panissimo-news/galerie/concours-de-ski-2023/#breadcrumb"},"inLanguage":"fr-FR","potentialAction":[{"@type":"ReadAction","target":["https://swissbaker.ch/fr/panissimo-news/galerie/concours-de-ski-2023/"]}]},{"@type":"ImageObject","inLanguage":"fr-FR","@id":"https://swissbaker.ch/fr/panissimo-news/galerie/concours-de-ski-2023/#primaryimage","url":"https://swissbaker.ch/wp-content/uploads/2023/02/45d57521-5fe4-42ed-b702-755a6db47411.jpg","contentUrl":"https://swissbaker.ch/wp-content/uploads/2023/02/45d57521-5fe4-42ed-b702-755a6db47411.jpg","width":2000,"height":1500,"caption":"Concours de ski 2023"},{"@type":"BreadcrumbList","@id":"https://swissbaker.ch/fr/panissimo-news/galerie/concours-de-ski-2023/#breadcrumb","itemListElement":[{"@type":"ListItem","position":1,"name":"","item":"https://swissbaker.ch/fr/"},{"@type":"ListItem","position":2,"name":"Galerie de photos","item":"https://swissbaker.ch/fr/panissimo-news/galerie/"},{"@type":"ListItem","position":3,"name":"Concours de ski 2023"}]},{"@type":"WebSite","@id":"https://swissbaker.ch/fr/#website","url":"https://swissbaker.ch/fr/","name":"SBC","description":"","publisher":{"@id":"https://swissbaker.ch/fr/#organization"},"potentialAction":[{"@type":"SearchAction","target":{"@type":"EntryPoint","urlTemplate":"https://swissbaker.ch/fr/?s={search_term_string}"},"query-input":{"@type":"PropertyValueSpecification","valueRequired":true,"valueName":"search_term_string"}}],"inLanguage":"fr-FR"},{"@type":"Organization","@id":"https://swissbaker.ch/fr/#organization","name":"Schweizerischer Bäcker-Confiseurmeister-Verband","url":"https://swissbaker.ch/fr/","logo":{"@type":"ImageObject","inLanguage":"fr-FR","@id":"https://swissbaker.ch/fr/#/schema/logo/image/","url":"https://swissbaker.ch/wp-content/uploads/2022/04/sbc-logo-yoast.jpg","contentUrl":"https://swissbaker.ch/wp-content/uploads/2022/04/sbc-logo-yoast.jpg","width":512,"height":512,"caption":"Schweizerischer Bäcker-Confiseurmeister-Verband"},"image":{"@id":"https://swissbaker.ch/fr/#/schema/logo/image/"},"sameAs":["https://www.facebook.com/swissbaker.ch","https://x.com/ch_swissbaker"]}]}</script>
<!-- / Yoast SEO Premium plugin. -->

Le 30 janvier, 57 artisans et amis de la boulangerie-confiserie ont pris le départ du traditionnel slalom géant en une manche de la branche.

Schweizerischer Bäcker-Confiseurmeister-Verband
