{"id":127642,"date":"2025-09-26T10:38:05","date_gmt":"2025-09-26T08:38:05","guid":{"rendered":"https:\/\/swissbaker.ch\/?post_type=photogallery&#038;p=127642"},"modified":"2025-09-26T10:47:57","modified_gmt":"2025-09-26T08:47:57","slug":"sortie-annuelle-2025-de-lamicale-des-motards-boulangers","status":"publish","type":"photogallery","link":"https:\/\/swissbaker.ch\/fr\/panissimo-news\/galerie\/sortie-annuelle-2025-de-lamicale-des-motards-boulangers\/","title":{"rendered":"Sortie annuelle 2025 de l&#8217;Amicale des motards boulangers"},"content":{"rendered":"\n<p>Ils \u00e9taient onze \u00abbaker-bikers\u00bb \u00e0 suivre l\u2019itin\u00e9raire de la 30e sortie annuelle de l\u2019Amicale des motards boulangers (AMB). De Chexbres (VD) \u00e0 Ch\u00e2tel-St-Denis (FR) via les cols des Mosses et du Jaun, environ 200 kilom\u00e8tres les attendaient, avec un repas \u00e0 Saanen (BE).<\/p>\n","protected":false},"excerpt":{"rendered":"<p>Ils \u00e9taient onze \u00abbaker-bikers\u00bb \u00e0 suivre l\u2019itin\u00e9raire de la 30e sortie annuelle de l\u2019Amicale des motards boulangers (AMB). De Chexbres (VD) \u00e0 Ch\u00e2tel-St-Denis (FR) via les cols des Mosses et du Jaun, environ 200 kilom\u00e8tres les attendaient, avec un repas \u00e0 Saanen (BE).<\/p>\n","protected":false},"author":5,"featured_media":127647,"menu_order":0,"template":"","class_list":["post-127642","photogallery","type-photogallery","status-publish","has-post-thumbnail","hentry"],"acf":[],"yoast_head":"<!-- This site is optimized with the Yoast SEO Premium plugin v26.8 (Yoast SEO v26.8) - https:\/\/yoast.com\/product\/yoast-seo-premium-wordpress\/ -->\n<title>Sortie annuelle 2025 de l&#039;Amicale des motards boulangers | SBC<\/title>\n<meta name=\"robots\" content=\"index, follow, max-snippet:-1, max-image-preview:large, max-video-preview:-1\" \/>\n<link rel=\"canonical\" href=\"https:\/\/swissbaker.ch\/fr\/panissimo-news\/galerie\/sortie-annuelle-2025-de-lamicale-des-motards-boulangers\/\" \/>\n<meta property=\"og:locale\" content=\"fr_FR\" \/>\n<meta property=\"og:type\" content=\"article\" \/>\n<meta property=\"og:title\" content=\"Sortie annuelle 2025 de l&#039;Amicale des motards boulangers\" \/>\n<meta property=\"og:description\" content=\"Ils \u00e9taient onze \u00abbaker-bikers\u00bb \u00e0 suivre l\u2019itin\u00e9raire de la 30e sortie annuelle de l\u2019Amicale des motards boulangers (AMB). De Chexbres (VD) \u00e0 Ch\u00e2tel-St-Denis (FR) via les cols des Mosses et du Jaun, environ 200 kilom\u00e8tres les attendaient, avec un repas \u00e0 Saanen (BE).\" \/>\n<meta property=\"og:url\" content=\"https:\/\/swissbaker.ch\/fr\/panissimo-news\/galerie\/sortie-annuelle-2025-de-lamicale-des-motards-boulangers\/\" \/>\n<meta property=\"og:site_name\" content=\"SBC\" \/>\n<meta property=\"article:publisher\" content=\"https:\/\/www.facebook.com\/swissbaker.ch\" \/>\n<meta property=\"article:modified_time\" content=\"2025-09-26T08:47:57+00:00\" \/>\n<meta property=\"og:image\" content=\"https:\/\/swissbaker.ch\/wp-content\/uploads\/2025\/09\/20250910_baker-bikers_sortie_annuelle-3-1024x768.jpg\" \/>\n\t<meta property=\"og:image:width\" content=\"1024\" \/>\n\t<meta property=\"og:image:height\" content=\"768\" \/>\n\t<meta property=\"og:image:type\" content=\"image\/jpeg\" \/>\n<meta name=\"twitter:card\" content=\"summary_large_image\" \/>\n<meta name=\"twitter:site\" content=\"@ch_swissbaker\" \/>\n<script type=\"application\/ld+json\" class=\"yoast-schema-graph\">{\"@context\":\"https:\/\/schema.org\",\"@graph\":[{\"@type\":\"WebPage\",\"@id\":\"https:\/\/swissbaker.ch\/fr\/panissimo-news\/galerie\/sortie-annuelle-2025-de-lamicale-des-motards-boulangers\/\",\"url\":\"https:\/\/swissbaker.ch\/fr\/panissimo-news\/galerie\/sortie-annuelle-2025-de-lamicale-des-motards-boulangers\/\",\"name\":\"Sortie annuelle 2025 de l'Amicale des motards boulangers | SBC\",\"isPartOf\":{\"@id\":\"https:\/\/swissbaker.ch\/fr\/#website\"},\"primaryImageOfPage\":{\"@id\":\"https:\/\/swissbaker.ch\/fr\/panissimo-news\/galerie\/sortie-annuelle-2025-de-lamicale-des-motards-boulangers\/#primaryimage\"},\"image\":{\"@id\":\"https:\/\/swissbaker.ch\/fr\/panissimo-news\/galerie\/sortie-annuelle-2025-de-lamicale-des-motards-boulangers\/#primaryimage\"},\"thumbnailUrl\":\"https:\/\/swissbaker.ch\/wp-content\/uploads\/2025\/09\/20250910_baker-bikers_sortie_annuelle-3.jpg\",\"datePublished\":\"2025-09-26T08:38:05+00:00\",\"dateModified\":\"2025-09-26T08:47:57+00:00\",\"breadcrumb\":{\"@id\":\"https:\/\/swissbaker.ch\/fr\/panissimo-news\/galerie\/sortie-annuelle-2025-de-lamicale-des-motards-boulangers\/#breadcrumb\"},\"inLanguage\":\"fr-FR\",\"potentialAction\":[{\"@type\":\"ReadAction\",\"target\":[\"https:\/\/swissbaker.ch\/fr\/panissimo-news\/galerie\/sortie-annuelle-2025-de-lamicale-des-motards-boulangers\/\"]}]},{\"@type\":\"ImageObject\",\"inLanguage\":\"fr-FR\",\"@id\":\"https:\/\/swissbaker.ch\/fr\/panissimo-news\/galerie\/sortie-annuelle-2025-de-lamicale-des-motards-boulangers\/#primaryimage\",\"url\":\"https:\/\/swissbaker.ch\/wp-content\/uploads\/2025\/09\/20250910_baker-bikers_sortie_annuelle-3.jpg\",\"contentUrl\":\"https:\/\/swissbaker.ch\/wp-content\/uploads\/2025\/09\/20250910_baker-bikers_sortie_annuelle-3.jpg\",\"width\":4032,\"height\":3024},{\"@type\":\"BreadcrumbList\",\"@id\":\"https:\/\/swissbaker.ch\/fr\/panissimo-news\/galerie\/sortie-annuelle-2025-de-lamicale-des-motards-boulangers\/#breadcrumb\",\"itemListElement\":[{\"@type\":\"ListItem\",\"position\":1,\"name\":\"\",\"item\":\"https:\/\/swissbaker.ch\/fr\/\"},{\"@type\":\"ListItem\",\"position\":2,\"name\":\"Galerie de photos\",\"item\":\"https:\/\/swissbaker.ch\/fr\/panissimo-news\/galerie\/\"},{\"@type\":\"ListItem\",\"position\":3,\"name\":\"Sortie annuelle 2025 de l&#8217;Amicale des motards boulangers\"}]},{\"@type\":\"WebSite\",\"@id\":\"https:\/\/swissbaker.ch\/fr\/#website\",\"url\":\"https:\/\/swissbaker.ch\/fr\/\",\"name\":\"SBC\",\"description\":\"\",\"publisher\":{\"@id\":\"https:\/\/swissbaker.ch\/fr\/#organization\"},\"potentialAction\":[{\"@type\":\"SearchAction\",\"target\":{\"@type\":\"EntryPoint\",\"urlTemplate\":\"https:\/\/swissbaker.ch\/fr\/?s={search_term_string}\"},\"query-input\":{\"@type\":\"PropertyValueSpecification\",\"valueRequired\":true,\"valueName\":\"search_term_string\"}}],\"inLanguage\":\"fr-FR\"},{\"@type\":\"Organization\",\"@id\":\"https:\/\/swissbaker.ch\/fr\/#organization\",\"name\":\"Schweizerischer B\u00e4cker-Confiseurmeister-Verband\",\"url\":\"https:\/\/swissbaker.ch\/fr\/\",\"logo\":{\"@type\":\"ImageObject\",\"inLanguage\":\"fr-FR\",\"@id\":\"https:\/\/swissbaker.ch\/fr\/#\/schema\/logo\/image\/\",\"url\":\"https:\/\/swissbaker.ch\/wp-content\/uploads\/2022\/04\/sbc-logo-yoast.jpg\",\"contentUrl\":\"https:\/\/swissbaker.ch\/wp-content\/uploads\/2022\/04\/sbc-logo-yoast.jpg\",\"width\":512,\"height\":512,\"caption\":\"Schweizerischer B\u00e4cker-Confiseurmeister-Verband\"},\"image\":{\"@id\":\"https:\/\/swissbaker.ch\/fr\/#\/schema\/logo\/image\/\"},\"sameAs\":[\"https:\/\/www.facebook.com\/swissbaker.ch\",\"https:\/\/x.com\/ch_swissbaker\"]}]}<\/script>\n<!-- \/ Yoast SEO Premium plugin. -->","yoast_head_json":{"title":"Sortie annuelle 2025 de l'Amicale des motards boulangers | SBC","robots":{"index":"index","follow":"follow","max-snippet":"max-snippet:-1","max-image-preview":"max-image-preview:large","max-video-preview":"max-video-preview:-1"},"canonical":"https:\/\/swissbaker.ch\/fr\/panissimo-news\/galerie\/sortie-annuelle-2025-de-lamicale-des-motards-boulangers\/","og_locale":"fr_FR","og_type":"article","og_title":"Sortie annuelle 2025 de l'Amicale des motards boulangers","og_description":"Ils \u00e9taient onze \u00abbaker-bikers\u00bb \u00e0 suivre l\u2019itin\u00e9raire de la 30e sortie annuelle de l\u2019Amicale des motards boulangers (AMB). De Chexbres (VD) \u00e0 Ch\u00e2tel-St-Denis (FR) via les cols des Mosses et du Jaun, environ 200 kilom\u00e8tres les attendaient, avec un repas \u00e0 Saanen (BE).","og_url":"https:\/\/swissbaker.ch\/fr\/panissimo-news\/galerie\/sortie-annuelle-2025-de-lamicale-des-motards-boulangers\/","og_site_name":"SBC","article_publisher":"https:\/\/www.facebook.com\/swissbaker.ch","article_modified_time":"2025-09-26T08:47:57+00:00","og_image":[{"width":1024,"height":768,"url":"https:\/\/swissbaker.ch\/wp-content\/uploads\/2025\/09\/20250910_baker-bikers_sortie_annuelle-3-1024x768.jpg","type":"image\/jpeg"}],"twitter_card":"summary_large_image","twitter_site":"@ch_swissbaker","schema":{"@context":"https:\/\/schema.org","@graph":[{"@type":"WebPage","@id":"https:\/\/swissbaker.ch\/fr\/panissimo-news\/galerie\/sortie-annuelle-2025-de-lamicale-des-motards-boulangers\/","url":"https:\/\/swissbaker.ch\/fr\/panissimo-news\/galerie\/sortie-annuelle-2025-de-lamicale-des-motards-boulangers\/","name":"Sortie annuelle 2025 de l'Amicale des motards boulangers | SBC","isPartOf":{"@id":"https:\/\/swissbaker.ch\/fr\/#website"},"primaryImageOfPage":{"@id":"https:\/\/swissbaker.ch\/fr\/panissimo-news\/galerie\/sortie-annuelle-2025-de-lamicale-des-motards-boulangers\/#primaryimage"},"image":{"@id":"https:\/\/swissbaker.ch\/fr\/panissimo-news\/galerie\/sortie-annuelle-2025-de-lamicale-des-motards-boulangers\/#primaryimage"},"thumbnailUrl":"https:\/\/swissbaker.ch\/wp-content\/uploads\/2025\/09\/20250910_baker-bikers_sortie_annuelle-3.jpg","datePublished":"2025-09-26T08:38:05+00:00","dateModified":"2025-09-26T08:47:57+00:00","breadcrumb":{"@id":"https:\/\/swissbaker.ch\/fr\/panissimo-news\/galerie\/sortie-annuelle-2025-de-lamicale-des-motards-boulangers\/#breadcrumb"},"inLanguage":"fr-FR","potentialAction":[{"@type":"ReadAction","target":["https:\/\/swissbaker.ch\/fr\/panissimo-news\/galerie\/sortie-annuelle-2025-de-lamicale-des-motards-boulangers\/"]}]},{"@type":"ImageObject","inLanguage":"fr-FR","@id":"https:\/\/swissbaker.ch\/fr\/panissimo-news\/galerie\/sortie-annuelle-2025-de-lamicale-des-motards-boulangers\/#primaryimage","url":"https:\/\/swissbaker.ch\/wp-content\/uploads\/2025\/09\/20250910_baker-bikers_sortie_annuelle-3.jpg","contentUrl":"https:\/\/swissbaker.ch\/wp-content\/uploads\/2025\/09\/20250910_baker-bikers_sortie_annuelle-3.jpg","width":4032,"height":3024},{"@type":"BreadcrumbList","@id":"https:\/\/swissbaker.ch\/fr\/panissimo-news\/galerie\/sortie-annuelle-2025-de-lamicale-des-motards-boulangers\/#breadcrumb","itemListElement":[{"@type":"ListItem","position":1,"name":"","item":"https:\/\/swissbaker.ch\/fr\/"},{"@type":"ListItem","position":2,"name":"Galerie de photos","item":"https:\/\/swissbaker.ch\/fr\/panissimo-news\/galerie\/"},{"@type":"ListItem","position":3,"name":"Sortie annuelle 2025 de l&#8217;Amicale des motards boulangers"}]},{"@type":"WebSite","@id":"https:\/\/swissbaker.ch\/fr\/#website","url":"https:\/\/swissbaker.ch\/fr\/","name":"SBC","description":"","publisher":{"@id":"https:\/\/swissbaker.ch\/fr\/#organization"},"potentialAction":[{"@type":"SearchAction","target":{"@type":"EntryPoint","urlTemplate":"https:\/\/swissbaker.ch\/fr\/?s={search_term_string}"},"query-input":{"@type":"PropertyValueSpecification","valueRequired":true,"valueName":"search_term_string"}}],"inLanguage":"fr-FR"},{"@type":"Organization","@id":"https:\/\/swissbaker.ch\/fr\/#organization","name":"Schweizerischer B\u00e4cker-Confiseurmeister-Verband","url":"https:\/\/swissbaker.ch\/fr\/","logo":{"@type":"ImageObject","inLanguage":"fr-FR","@id":"https:\/\/swissbaker.ch\/fr\/#\/schema\/logo\/image\/","url":"https:\/\/swissbaker.ch\/wp-content\/uploads\/2022\/04\/sbc-logo-yoast.jpg","contentUrl":"https:\/\/swissbaker.ch\/wp-content\/uploads\/2022\/04\/sbc-logo-yoast.jpg","width":512,"height":512,"caption":"Schweizerischer B\u00e4cker-Confiseurmeister-Verband"},"image":{"@id":"https:\/\/swissbaker.ch\/fr\/#\/schema\/logo\/image\/"},"sameAs":["https:\/\/www.facebook.com\/swissbaker.ch","https:\/\/x.com\/ch_swissbaker"]}]}},"_links":{"self":[{"href":"https:\/\/swissbaker.ch\/fr\/wp-json\/wp\/v2\/photogallery\/127642","targetHints":{"allow":["GET"]}}],"collection":[{"href":"https:\/\/swissbaker.ch\/fr\/wp-json\/wp\/v2\/photogallery"}],"about":[{"href":"https:\/\/swissbaker.ch\/fr\/wp-json\/wp\/v2\/types\/photogallery"}],"author":[{"embeddable":true,"href":"https:\/\/swissbaker.ch\/fr\/wp-json\/wp\/v2\/users\/5"}],"version-history":[{"count":0,"href":"https:\/\/swissbaker.ch\/fr\/wp-json\/wp\/v2\/photogallery\/127642\/revisions"}],"wp:featuredmedia":[{"embeddable":true,"href":"https:\/\/swissbaker.ch\/fr\/wp-json\/wp\/v2\/media\/127647"}],"wp:attachment":[{"href":"https:\/\/swissbaker.ch\/fr\/wp-json\/wp\/v2\/media?parent=127642"}],"curies":[{"name":"wp","href":"https:\/\/api.w.org\/{rel}","templated":true}]}}

<p>Ils étaient onze «baker-bikers» à suivre l’itinéraire de la 30e sortie annuelle de l’Amicale des motards boulangers (AMB). De Chexbres (VD) à Châtel-St-Denis (FR) via les cols des Mosses et du Jaun, environ 200 kilomètres les attendaient, avec un repas à Saanen (BE).</p>

<!-- This site is optimized with the Yoast SEO Premium plugin v26.8 (Yoast SEO v26.8) - https://yoast.com/product/yoast-seo-premium-wordpress/ -->
<title>Sortie annuelle 2025 de l&#039;Amicale des motards boulangers | SBC</title>
<meta name="robots" content="index, follow, max-snippet:-1, max-image-preview:large, max-video-preview:-1" />
<link rel="canonical" href="https://swissbaker.ch/fr/panissimo-news/galerie/sortie-annuelle-2025-de-lamicale-des-motards-boulangers/" />
<meta property="og:locale" content="fr_FR" />
<meta property="og:type" content="article" />
<meta property="og:title" content="Sortie annuelle 2025 de l&#039;Amicale des motards boulangers" />
<meta property="og:description" content="Ils étaient onze «baker-bikers» à suivre l’itinéraire de la 30e sortie annuelle de l’Amicale des motards boulangers (AMB). De Chexbres (VD) à Châtel-St-Denis (FR) via les cols des Mosses et du Jaun, environ 200 kilomètres les attendaient, avec un repas à Saanen (BE)." />
<meta property="og:url" content="https://swissbaker.ch/fr/panissimo-news/galerie/sortie-annuelle-2025-de-lamicale-des-motards-boulangers/" />
<meta property="og:site_name" content="SBC" />
<meta property="article:publisher" content="https://www.facebook.com/swissbaker.ch" />
<meta property="article:modified_time" content="2025-09-26T08:47:57+00:00" />
<meta property="og:image" content="https://swissbaker.ch/wp-content/uploads/2025/09/20250910_baker-bikers_sortie_annuelle-3-1024x768.jpg" />
	<meta property="og:image:width" content="1024" />
	<meta property="og:image:height" content="768" />
	<meta property="og:image:type" content="image/jpeg" />
<meta name="twitter:card" content="summary_large_image" />
<meta name="twitter:site" content="@ch_swissbaker" />
<script type="application/ld+json" class="yoast-schema-graph">{"@context":"https://schema.org","@graph":[{"@type":"WebPage","@id":"https://swissbaker.ch/fr/panissimo-news/galerie/sortie-annuelle-2025-de-lamicale-des-motards-boulangers/","url":"https://swissbaker.ch/fr/panissimo-news/galerie/sortie-annuelle-2025-de-lamicale-des-motards-boulangers/","name":"Sortie annuelle 2025 de l'Amicale des motards boulangers | SBC","isPartOf":{"@id":"https://swissbaker.ch/fr/#website"},"primaryImageOfPage":{"@id":"https://swissbaker.ch/fr/panissimo-news/galerie/sortie-annuelle-2025-de-lamicale-des-motards-boulangers/#primaryimage"},"image":{"@id":"https://swissbaker.ch/fr/panissimo-news/galerie/sortie-annuelle-2025-de-lamicale-des-motards-boulangers/#primaryimage"},"thumbnailUrl":"https://swissbaker.ch/wp-content/uploads/2025/09/20250910_baker-bikers_sortie_annuelle-3.jpg","datePublished":"2025-09-26T08:38:05+00:00","dateModified":"2025-09-26T08:47:57+00:00","breadcrumb":{"@id":"https://swissbaker.ch/fr/panissimo-news/galerie/sortie-annuelle-2025-de-lamicale-des-motards-boulangers/#breadcrumb"},"inLanguage":"fr-FR","potentialAction":[{"@type":"ReadAction","target":["https://swissbaker.ch/fr/panissimo-news/galerie/sortie-annuelle-2025-de-lamicale-des-motards-boulangers/"]}]},{"@type":"ImageObject","inLanguage":"fr-FR","@id":"https://swissbaker.ch/fr/panissimo-news/galerie/sortie-annuelle-2025-de-lamicale-des-motards-boulangers/#primaryimage","url":"https://swissbaker.ch/wp-content/uploads/2025/09/20250910_baker-bikers_sortie_annuelle-3.jpg","contentUrl":"https://swissbaker.ch/wp-content/uploads/2025/09/20250910_baker-bikers_sortie_annuelle-3.jpg","width":4032,"height":3024},{"@type":"BreadcrumbList","@id":"https://swissbaker.ch/fr/panissimo-news/galerie/sortie-annuelle-2025-de-lamicale-des-motards-boulangers/#breadcrumb","itemListElement":[{"@type":"ListItem","position":1,"name":"","item":"https://swissbaker.ch/fr/"},{"@type":"ListItem","position":2,"name":"Galerie de photos","item":"https://swissbaker.ch/fr/panissimo-news/galerie/"},{"@type":"ListItem","position":3,"name":"Sortie annuelle 2025 de l&#8217;Amicale des motards boulangers"}]},{"@type":"WebSite","@id":"https://swissbaker.ch/fr/#website","url":"https://swissbaker.ch/fr/","name":"SBC","description":"","publisher":{"@id":"https://swissbaker.ch/fr/#organization"},"potentialAction":[{"@type":"SearchAction","target":{"@type":"EntryPoint","urlTemplate":"https://swissbaker.ch/fr/?s={search_term_string}"},"query-input":{"@type":"PropertyValueSpecification","valueRequired":true,"valueName":"search_term_string"}}],"inLanguage":"fr-FR"},{"@type":"Organization","@id":"https://swissbaker.ch/fr/#organization","name":"Schweizerischer Bäcker-Confiseurmeister-Verband","url":"https://swissbaker.ch/fr/","logo":{"@type":"ImageObject","inLanguage":"fr-FR","@id":"https://swissbaker.ch/fr/#/schema/logo/image/","url":"https://swissbaker.ch/wp-content/uploads/2022/04/sbc-logo-yoast.jpg","contentUrl":"https://swissbaker.ch/wp-content/uploads/2022/04/sbc-logo-yoast.jpg","width":512,"height":512,"caption":"Schweizerischer Bäcker-Confiseurmeister-Verband"},"image":{"@id":"https://swissbaker.ch/fr/#/schema/logo/image/"},"sameAs":["https://www.facebook.com/swissbaker.ch","https://x.com/ch_swissbaker"]}]}</script>
<!-- / Yoast SEO Premium plugin. -->

Ils étaient onze «baker-bikers» à suivre l’itinéraire de la 30e sortie annuelle de l’Amicale des motards boulangers (AMB). De Chexbres (VD) à Châtel-St-Denis (FR) via les cols des Mosses et du Jaun, environ 200 kilomètres les attendaient, avec un repas à Saanen (BE).

Schweizerischer Bäcker-Confiseurmeister-Verband
