{"id":124679,"date":"2025-08-27T15:35:43","date_gmt":"2025-08-27T13:35:43","guid":{"rendered":"https:\/\/swissbaker.ch\/?post_type=photogallery&#038;p=124679"},"modified":"2025-08-27T15:36:16","modified_gmt":"2025-08-27T13:36:16","slug":"boulangers-patissiers-adoubes-au-val-de-ruz","status":"publish","type":"photogallery","link":"https:\/\/swissbaker.ch\/fr\/panissimo-news\/galerie\/boulangers-patissiers-adoubes-au-val-de-ruz\/","title":{"rendered":"Boulangers-p\u00e2tissiers adoub\u00e9s au Val-de-Ruz"},"content":{"rendered":"\n<p>Lors de la F\u00eate de la terre, les Chevaliers du bon ont accueillis quatre nouveaux membres dimanche \u00e0 Cernier (NE)&nbsp;: Nathalie Suter (La Gourmandise, Boudevilliers), Damien Dubois (Boulangerie Conrad SA, Le Landeron), Christian M\u00e4der (M\u00e4der SA, Neuch\u00e2tel) et Patrice Mitaill\u00e9 (Du Pain \u00d4 Chocolat by Mitaill\u00e9 S\u00e0rl. Nicolas Perriard (La Tarterie du Littoral, Neuch\u00e2tel) ainsi qu\u2019\u00e0 Olivier Pierrehumbert (Chez Tinet, St-Aubin) ont confirm\u00e9 leur titre et re\u00e7u une \u00e9toile. Marie Perriard, Sylviane Jeanneret et S\u00e9bastien Knecht ont, quant \u00e0 eux \u00e9t\u00e9 faits Compagnons du bon pain.<\/p>\n","protected":false},"excerpt":{"rendered":"<p>Lors de la F\u00eate de la terre, les Chevaliers du bon ont accueillis quatre nouveaux membres dimanche \u00e0 Cernier (NE)&nbsp;: Nathalie Suter (La Gourmandise, Boudevilliers), Damien Dubois (Boulangerie Conrad SA, Le Landeron), Christian M\u00e4der (M\u00e4der SA, Neuch\u00e2tel) et Patrice Mitaill\u00e9 (Du Pain \u00d4 Chocolat by Mitaill\u00e9 S\u00e0rl. Nicolas Perriard (La Tarterie du Littoral, Neuch\u00e2tel) ainsi qu\u2019\u00e0 Olivier Pierrehumbert (Chez Tinet, [&hellip;]<\/p>\n","protected":false},"author":5,"featured_media":124730,"menu_order":0,"template":"","class_list":["post-124679","photogallery","type-photogallery","status-publish","has-post-thumbnail","hentry"],"acf":[],"yoast_head":"<!-- This site is optimized with the Yoast SEO Premium plugin v26.8 (Yoast SEO v26.8) - https:\/\/yoast.com\/product\/yoast-seo-premium-wordpress\/ -->\n<title>Boulangers-p\u00e2tissiers adoub\u00e9s au Val-de-Ruz | SBC<\/title>\n<meta name=\"robots\" content=\"index, follow, max-snippet:-1, max-image-preview:large, max-video-preview:-1\" \/>\n<link rel=\"canonical\" href=\"https:\/\/swissbaker.ch\/fr\/panissimo-news\/galerie\/boulangers-patissiers-adoubes-au-val-de-ruz\/\" \/>\n<meta property=\"og:locale\" content=\"fr_FR\" \/>\n<meta property=\"og:type\" content=\"article\" \/>\n<meta property=\"og:title\" content=\"Boulangers-p\u00e2tissiers adoub\u00e9s au Val-de-Ruz\" \/>\n<meta property=\"og:description\" content=\"Lors de la F\u00eate de la terre, les Chevaliers du bon ont accueillis quatre nouveaux membres dimanche \u00e0 Cernier (NE)&nbsp;: Nathalie Suter (La Gourmandise, Boudevilliers), Damien Dubois (Boulangerie Conrad SA, Le Landeron), Christian M\u00e4der (M\u00e4der SA, Neuch\u00e2tel) et Patrice Mitaill\u00e9 (Du Pain \u00d4 Chocolat by Mitaill\u00e9 S\u00e0rl. Nicolas Perriard (La Tarterie du Littoral, Neuch\u00e2tel) ainsi qu\u2019\u00e0 Olivier Pierrehumbert (Chez Tinet, [&hellip;]\" \/>\n<meta property=\"og:url\" content=\"https:\/\/swissbaker.ch\/fr\/panissimo-news\/galerie\/boulangers-patissiers-adoubes-au-val-de-ruz\/\" \/>\n<meta property=\"og:site_name\" content=\"SBC\" \/>\n<meta property=\"article:publisher\" content=\"https:\/\/www.facebook.com\/swissbaker.ch\" \/>\n<meta property=\"article:modified_time\" content=\"2025-08-27T13:36:16+00:00\" \/>\n<meta property=\"og:image\" content=\"https:\/\/swissbaker.ch\/wp-content\/uploads\/2025\/08\/cbp_neuchatel_2025-14.jpg\" \/>\n\t<meta property=\"og:image:width\" content=\"1600\" \/>\n\t<meta property=\"og:image:height\" content=\"1200\" \/>\n\t<meta property=\"og:image:type\" content=\"image\/jpeg\" \/>\n<meta name=\"twitter:card\" content=\"summary_large_image\" \/>\n<meta name=\"twitter:site\" content=\"@ch_swissbaker\" \/>\n<script type=\"application\/ld+json\" class=\"yoast-schema-graph\">{\"@context\":\"https:\/\/schema.org\",\"@graph\":[{\"@type\":\"WebPage\",\"@id\":\"https:\/\/swissbaker.ch\/fr\/panissimo-news\/galerie\/boulangers-patissiers-adoubes-au-val-de-ruz\/\",\"url\":\"https:\/\/swissbaker.ch\/fr\/panissimo-news\/galerie\/boulangers-patissiers-adoubes-au-val-de-ruz\/\",\"name\":\"Boulangers-p\u00e2tissiers adoub\u00e9s au Val-de-Ruz | SBC\",\"isPartOf\":{\"@id\":\"https:\/\/swissbaker.ch\/fr\/#website\"},\"primaryImageOfPage\":{\"@id\":\"https:\/\/swissbaker.ch\/fr\/panissimo-news\/galerie\/boulangers-patissiers-adoubes-au-val-de-ruz\/#primaryimage\"},\"image\":{\"@id\":\"https:\/\/swissbaker.ch\/fr\/panissimo-news\/galerie\/boulangers-patissiers-adoubes-au-val-de-ruz\/#primaryimage\"},\"thumbnailUrl\":\"https:\/\/swissbaker.ch\/wp-content\/uploads\/2025\/08\/cbp_neuchatel_2025-14.jpg\",\"datePublished\":\"2025-08-27T13:35:43+00:00\",\"dateModified\":\"2025-08-27T13:36:16+00:00\",\"breadcrumb\":{\"@id\":\"https:\/\/swissbaker.ch\/fr\/panissimo-news\/galerie\/boulangers-patissiers-adoubes-au-val-de-ruz\/#breadcrumb\"},\"inLanguage\":\"fr-FR\",\"potentialAction\":[{\"@type\":\"ReadAction\",\"target\":[\"https:\/\/swissbaker.ch\/fr\/panissimo-news\/galerie\/boulangers-patissiers-adoubes-au-val-de-ruz\/\"]}]},{\"@type\":\"ImageObject\",\"inLanguage\":\"fr-FR\",\"@id\":\"https:\/\/swissbaker.ch\/fr\/panissimo-news\/galerie\/boulangers-patissiers-adoubes-au-val-de-ruz\/#primaryimage\",\"url\":\"https:\/\/swissbaker.ch\/wp-content\/uploads\/2025\/08\/cbp_neuchatel_2025-14.jpg\",\"contentUrl\":\"https:\/\/swissbaker.ch\/wp-content\/uploads\/2025\/08\/cbp_neuchatel_2025-14.jpg\",\"width\":1600,\"height\":1200},{\"@type\":\"BreadcrumbList\",\"@id\":\"https:\/\/swissbaker.ch\/fr\/panissimo-news\/galerie\/boulangers-patissiers-adoubes-au-val-de-ruz\/#breadcrumb\",\"itemListElement\":[{\"@type\":\"ListItem\",\"position\":1,\"name\":\"\",\"item\":\"https:\/\/swissbaker.ch\/fr\/\"},{\"@type\":\"ListItem\",\"position\":2,\"name\":\"Galerie de photos\",\"item\":\"https:\/\/swissbaker.ch\/fr\/panissimo-news\/galerie\/\"},{\"@type\":\"ListItem\",\"position\":3,\"name\":\"Boulangers-p\u00e2tissiers adoub\u00e9s au Val-de-Ruz\"}]},{\"@type\":\"WebSite\",\"@id\":\"https:\/\/swissbaker.ch\/fr\/#website\",\"url\":\"https:\/\/swissbaker.ch\/fr\/\",\"name\":\"SBC\",\"description\":\"\",\"publisher\":{\"@id\":\"https:\/\/swissbaker.ch\/fr\/#organization\"},\"potentialAction\":[{\"@type\":\"SearchAction\",\"target\":{\"@type\":\"EntryPoint\",\"urlTemplate\":\"https:\/\/swissbaker.ch\/fr\/?s={search_term_string}\"},\"query-input\":{\"@type\":\"PropertyValueSpecification\",\"valueRequired\":true,\"valueName\":\"search_term_string\"}}],\"inLanguage\":\"fr-FR\"},{\"@type\":\"Organization\",\"@id\":\"https:\/\/swissbaker.ch\/fr\/#organization\",\"name\":\"Schweizerischer B\u00e4cker-Confiseurmeister-Verband\",\"url\":\"https:\/\/swissbaker.ch\/fr\/\",\"logo\":{\"@type\":\"ImageObject\",\"inLanguage\":\"fr-FR\",\"@id\":\"https:\/\/swissbaker.ch\/fr\/#\/schema\/logo\/image\/\",\"url\":\"https:\/\/swissbaker.ch\/wp-content\/uploads\/2022\/04\/sbc-logo-yoast.jpg\",\"contentUrl\":\"https:\/\/swissbaker.ch\/wp-content\/uploads\/2022\/04\/sbc-logo-yoast.jpg\",\"width\":512,\"height\":512,\"caption\":\"Schweizerischer B\u00e4cker-Confiseurmeister-Verband\"},\"image\":{\"@id\":\"https:\/\/swissbaker.ch\/fr\/#\/schema\/logo\/image\/\"},\"sameAs\":[\"https:\/\/www.facebook.com\/swissbaker.ch\",\"https:\/\/x.com\/ch_swissbaker\"]}]}<\/script>\n<!-- \/ Yoast SEO Premium plugin. -->","yoast_head_json":{"title":"Boulangers-p\u00e2tissiers adoub\u00e9s au Val-de-Ruz | SBC","robots":{"index":"index","follow":"follow","max-snippet":"max-snippet:-1","max-image-preview":"max-image-preview:large","max-video-preview":"max-video-preview:-1"},"canonical":"https:\/\/swissbaker.ch\/fr\/panissimo-news\/galerie\/boulangers-patissiers-adoubes-au-val-de-ruz\/","og_locale":"fr_FR","og_type":"article","og_title":"Boulangers-p\u00e2tissiers adoub\u00e9s au Val-de-Ruz","og_description":"Lors de la F\u00eate de la terre, les Chevaliers du bon ont accueillis quatre nouveaux membres dimanche \u00e0 Cernier (NE)&nbsp;: Nathalie Suter (La Gourmandise, Boudevilliers), Damien Dubois (Boulangerie Conrad SA, Le Landeron), Christian M\u00e4der (M\u00e4der SA, Neuch\u00e2tel) et Patrice Mitaill\u00e9 (Du Pain \u00d4 Chocolat by Mitaill\u00e9 S\u00e0rl. Nicolas Perriard (La Tarterie du Littoral, Neuch\u00e2tel) ainsi qu\u2019\u00e0 Olivier Pierrehumbert (Chez Tinet, [&hellip;]","og_url":"https:\/\/swissbaker.ch\/fr\/panissimo-news\/galerie\/boulangers-patissiers-adoubes-au-val-de-ruz\/","og_site_name":"SBC","article_publisher":"https:\/\/www.facebook.com\/swissbaker.ch","article_modified_time":"2025-08-27T13:36:16+00:00","og_image":[{"width":1600,"height":1200,"url":"https:\/\/swissbaker.ch\/wp-content\/uploads\/2025\/08\/cbp_neuchatel_2025-14.jpg","type":"image\/jpeg"}],"twitter_card":"summary_large_image","twitter_site":"@ch_swissbaker","schema":{"@context":"https:\/\/schema.org","@graph":[{"@type":"WebPage","@id":"https:\/\/swissbaker.ch\/fr\/panissimo-news\/galerie\/boulangers-patissiers-adoubes-au-val-de-ruz\/","url":"https:\/\/swissbaker.ch\/fr\/panissimo-news\/galerie\/boulangers-patissiers-adoubes-au-val-de-ruz\/","name":"Boulangers-p\u00e2tissiers adoub\u00e9s au Val-de-Ruz | SBC","isPartOf":{"@id":"https:\/\/swissbaker.ch\/fr\/#website"},"primaryImageOfPage":{"@id":"https:\/\/swissbaker.ch\/fr\/panissimo-news\/galerie\/boulangers-patissiers-adoubes-au-val-de-ruz\/#primaryimage"},"image":{"@id":"https:\/\/swissbaker.ch\/fr\/panissimo-news\/galerie\/boulangers-patissiers-adoubes-au-val-de-ruz\/#primaryimage"},"thumbnailUrl":"https:\/\/swissbaker.ch\/wp-content\/uploads\/2025\/08\/cbp_neuchatel_2025-14.jpg","datePublished":"2025-08-27T13:35:43+00:00","dateModified":"2025-08-27T13:36:16+00:00","breadcrumb":{"@id":"https:\/\/swissbaker.ch\/fr\/panissimo-news\/galerie\/boulangers-patissiers-adoubes-au-val-de-ruz\/#breadcrumb"},"inLanguage":"fr-FR","potentialAction":[{"@type":"ReadAction","target":["https:\/\/swissbaker.ch\/fr\/panissimo-news\/galerie\/boulangers-patissiers-adoubes-au-val-de-ruz\/"]}]},{"@type":"ImageObject","inLanguage":"fr-FR","@id":"https:\/\/swissbaker.ch\/fr\/panissimo-news\/galerie\/boulangers-patissiers-adoubes-au-val-de-ruz\/#primaryimage","url":"https:\/\/swissbaker.ch\/wp-content\/uploads\/2025\/08\/cbp_neuchatel_2025-14.jpg","contentUrl":"https:\/\/swissbaker.ch\/wp-content\/uploads\/2025\/08\/cbp_neuchatel_2025-14.jpg","width":1600,"height":1200},{"@type":"BreadcrumbList","@id":"https:\/\/swissbaker.ch\/fr\/panissimo-news\/galerie\/boulangers-patissiers-adoubes-au-val-de-ruz\/#breadcrumb","itemListElement":[{"@type":"ListItem","position":1,"name":"","item":"https:\/\/swissbaker.ch\/fr\/"},{"@type":"ListItem","position":2,"name":"Galerie de photos","item":"https:\/\/swissbaker.ch\/fr\/panissimo-news\/galerie\/"},{"@type":"ListItem","position":3,"name":"Boulangers-p\u00e2tissiers adoub\u00e9s au Val-de-Ruz"}]},{"@type":"WebSite","@id":"https:\/\/swissbaker.ch\/fr\/#website","url":"https:\/\/swissbaker.ch\/fr\/","name":"SBC","description":"","publisher":{"@id":"https:\/\/swissbaker.ch\/fr\/#organization"},"potentialAction":[{"@type":"SearchAction","target":{"@type":"EntryPoint","urlTemplate":"https:\/\/swissbaker.ch\/fr\/?s={search_term_string}"},"query-input":{"@type":"PropertyValueSpecification","valueRequired":true,"valueName":"search_term_string"}}],"inLanguage":"fr-FR"},{"@type":"Organization","@id":"https:\/\/swissbaker.ch\/fr\/#organization","name":"Schweizerischer B\u00e4cker-Confiseurmeister-Verband","url":"https:\/\/swissbaker.ch\/fr\/","logo":{"@type":"ImageObject","inLanguage":"fr-FR","@id":"https:\/\/swissbaker.ch\/fr\/#\/schema\/logo\/image\/","url":"https:\/\/swissbaker.ch\/wp-content\/uploads\/2022\/04\/sbc-logo-yoast.jpg","contentUrl":"https:\/\/swissbaker.ch\/wp-content\/uploads\/2022\/04\/sbc-logo-yoast.jpg","width":512,"height":512,"caption":"Schweizerischer B\u00e4cker-Confiseurmeister-Verband"},"image":{"@id":"https:\/\/swissbaker.ch\/fr\/#\/schema\/logo\/image\/"},"sameAs":["https:\/\/www.facebook.com\/swissbaker.ch","https:\/\/x.com\/ch_swissbaker"]}]}},"_links":{"self":[{"href":"https:\/\/swissbaker.ch\/fr\/wp-json\/wp\/v2\/photogallery\/124679","targetHints":{"allow":["GET"]}}],"collection":[{"href":"https:\/\/swissbaker.ch\/fr\/wp-json\/wp\/v2\/photogallery"}],"about":[{"href":"https:\/\/swissbaker.ch\/fr\/wp-json\/wp\/v2\/types\/photogallery"}],"author":[{"embeddable":true,"href":"https:\/\/swissbaker.ch\/fr\/wp-json\/wp\/v2\/users\/5"}],"version-history":[{"count":0,"href":"https:\/\/swissbaker.ch\/fr\/wp-json\/wp\/v2\/photogallery\/124679\/revisions"}],"wp:featuredmedia":[{"embeddable":true,"href":"https:\/\/swissbaker.ch\/fr\/wp-json\/wp\/v2\/media\/124730"}],"wp:attachment":[{"href":"https:\/\/swissbaker.ch\/fr\/wp-json\/wp\/v2\/media?parent=124679"}],"curies":[{"name":"wp","href":"https:\/\/api.w.org\/{rel}","templated":true}]}}

Boulangers-pâtissiers adoubés au Val-de-Ruz

<p>Lors de la Fête de la terre, les Chevaliers du bon ont accueillis quatre nouveaux membres dimanche à Cernier (NE)&nbsp;: Nathalie Suter (La Gourmandise, Boudevilliers), Damien Dubois (Boulangerie Conrad SA, Le Landeron), Christian Mäder (Mäder SA, Neuchâtel) et Patrice Mitaillé (Du Pain Ô Chocolat by Mitaillé Sàrl. Nicolas Perriard (La Tarterie du Littoral, Neuchâtel) ainsi qu’à Olivier Pierrehumbert (Chez Tinet, St-Aubin) ont confirmé leur titre et reçu une étoile. Marie Perriard, Sylviane Jeanneret et Sébastien Knecht ont, quant à eux été faits Compagnons du bon pain.</p>

<p>Lors de la Fête de la terre, les Chevaliers du bon ont accueillis quatre nouveaux membres dimanche à Cernier (NE)&nbsp;: Nathalie Suter (La Gourmandise, Boudevilliers), Damien Dubois (Boulangerie Conrad SA, Le Landeron), Christian Mäder (Mäder SA, Neuchâtel) et Patrice Mitaillé (Du Pain Ô Chocolat by Mitaillé Sàrl. Nicolas Perriard (La Tarterie du Littoral, Neuchâtel) ainsi qu’à Olivier Pierrehumbert (Chez Tinet, [&hellip;]</p>

<!-- This site is optimized with the Yoast SEO Premium plugin v26.8 (Yoast SEO v26.8) - https://yoast.com/product/yoast-seo-premium-wordpress/ -->
<title>Boulangers-pâtissiers adoubés au Val-de-Ruz | SBC</title>
<meta name="robots" content="index, follow, max-snippet:-1, max-image-preview:large, max-video-preview:-1" />
<link rel="canonical" href="https://swissbaker.ch/fr/panissimo-news/galerie/boulangers-patissiers-adoubes-au-val-de-ruz/" />
<meta property="og:locale" content="fr_FR" />
<meta property="og:type" content="article" />
<meta property="og:title" content="Boulangers-pâtissiers adoubés au Val-de-Ruz" />
<meta property="og:description" content="Lors de la Fête de la terre, les Chevaliers du bon ont accueillis quatre nouveaux membres dimanche à Cernier (NE)&nbsp;: Nathalie Suter (La Gourmandise, Boudevilliers), Damien Dubois (Boulangerie Conrad SA, Le Landeron), Christian Mäder (Mäder SA, Neuchâtel) et Patrice Mitaillé (Du Pain Ô Chocolat by Mitaillé Sàrl. Nicolas Perriard (La Tarterie du Littoral, Neuchâtel) ainsi qu’à Olivier Pierrehumbert (Chez Tinet, [&hellip;]" />
<meta property="og:url" content="https://swissbaker.ch/fr/panissimo-news/galerie/boulangers-patissiers-adoubes-au-val-de-ruz/" />
<meta property="og:site_name" content="SBC" />
<meta property="article:publisher" content="https://www.facebook.com/swissbaker.ch" />
<meta property="article:modified_time" content="2025-08-27T13:36:16+00:00" />
<meta property="og:image" content="https://swissbaker.ch/wp-content/uploads/2025/08/cbp_neuchatel_2025-14.jpg" />
	<meta property="og:image:width" content="1600" />
	<meta property="og:image:height" content="1200" />
	<meta property="og:image:type" content="image/jpeg" />
<meta name="twitter:card" content="summary_large_image" />
<meta name="twitter:site" content="@ch_swissbaker" />
<script type="application/ld+json" class="yoast-schema-graph">{"@context":"https://schema.org","@graph":[{"@type":"WebPage","@id":"https://swissbaker.ch/fr/panissimo-news/galerie/boulangers-patissiers-adoubes-au-val-de-ruz/","url":"https://swissbaker.ch/fr/panissimo-news/galerie/boulangers-patissiers-adoubes-au-val-de-ruz/","name":"Boulangers-pâtissiers adoubés au Val-de-Ruz | SBC","isPartOf":{"@id":"https://swissbaker.ch/fr/#website"},"primaryImageOfPage":{"@id":"https://swissbaker.ch/fr/panissimo-news/galerie/boulangers-patissiers-adoubes-au-val-de-ruz/#primaryimage"},"image":{"@id":"https://swissbaker.ch/fr/panissimo-news/galerie/boulangers-patissiers-adoubes-au-val-de-ruz/#primaryimage"},"thumbnailUrl":"https://swissbaker.ch/wp-content/uploads/2025/08/cbp_neuchatel_2025-14.jpg","datePublished":"2025-08-27T13:35:43+00:00","dateModified":"2025-08-27T13:36:16+00:00","breadcrumb":{"@id":"https://swissbaker.ch/fr/panissimo-news/galerie/boulangers-patissiers-adoubes-au-val-de-ruz/#breadcrumb"},"inLanguage":"fr-FR","potentialAction":[{"@type":"ReadAction","target":["https://swissbaker.ch/fr/panissimo-news/galerie/boulangers-patissiers-adoubes-au-val-de-ruz/"]}]},{"@type":"ImageObject","inLanguage":"fr-FR","@id":"https://swissbaker.ch/fr/panissimo-news/galerie/boulangers-patissiers-adoubes-au-val-de-ruz/#primaryimage","url":"https://swissbaker.ch/wp-content/uploads/2025/08/cbp_neuchatel_2025-14.jpg","contentUrl":"https://swissbaker.ch/wp-content/uploads/2025/08/cbp_neuchatel_2025-14.jpg","width":1600,"height":1200},{"@type":"BreadcrumbList","@id":"https://swissbaker.ch/fr/panissimo-news/galerie/boulangers-patissiers-adoubes-au-val-de-ruz/#breadcrumb","itemListElement":[{"@type":"ListItem","position":1,"name":"","item":"https://swissbaker.ch/fr/"},{"@type":"ListItem","position":2,"name":"Galerie de photos","item":"https://swissbaker.ch/fr/panissimo-news/galerie/"},{"@type":"ListItem","position":3,"name":"Boulangers-pâtissiers adoubés au Val-de-Ruz"}]},{"@type":"WebSite","@id":"https://swissbaker.ch/fr/#website","url":"https://swissbaker.ch/fr/","name":"SBC","description":"","publisher":{"@id":"https://swissbaker.ch/fr/#organization"},"potentialAction":[{"@type":"SearchAction","target":{"@type":"EntryPoint","urlTemplate":"https://swissbaker.ch/fr/?s={search_term_string}"},"query-input":{"@type":"PropertyValueSpecification","valueRequired":true,"valueName":"search_term_string"}}],"inLanguage":"fr-FR"},{"@type":"Organization","@id":"https://swissbaker.ch/fr/#organization","name":"Schweizerischer Bäcker-Confiseurmeister-Verband","url":"https://swissbaker.ch/fr/","logo":{"@type":"ImageObject","inLanguage":"fr-FR","@id":"https://swissbaker.ch/fr/#/schema/logo/image/","url":"https://swissbaker.ch/wp-content/uploads/2022/04/sbc-logo-yoast.jpg","contentUrl":"https://swissbaker.ch/wp-content/uploads/2022/04/sbc-logo-yoast.jpg","width":512,"height":512,"caption":"Schweizerischer Bäcker-Confiseurmeister-Verband"},"image":{"@id":"https://swissbaker.ch/fr/#/schema/logo/image/"},"sameAs":["https://www.facebook.com/swissbaker.ch","https://x.com/ch_swissbaker"]}]}</script>
<!-- / Yoast SEO Premium plugin. -->

Boulangers-pâtissiers adoubés au Val-de-Ruz | SBC

Lors de la Fête de la terre, les Chevaliers du bon ont accueillis quatre nouveaux membres dimanche à Cernier (NE)&nbsp;: Nathalie Suter (La Gourmandise, Boudevilliers), Damien Dubois (Boulangerie Conrad SA, Le Landeron), Christian Mäder (Mäder SA, Neuchâtel) et Patrice Mitaillé (Du Pain Ô Chocolat by Mitaillé Sàrl. Nicolas Perriard (La Tarterie du Littoral, Neuchâtel) ainsi qu’à Olivier Pierrehumbert (Chez Tinet, [&hellip;]

Schweizerischer Bäcker-Confiseurmeister-Verband
