{"id":124197,"date":"2025-08-21T10:14:57","date_gmt":"2025-08-21T08:14:57","guid":{"rendered":"https:\/\/swissbaker.ch\/?post_type=photogallery&#038;p=124197"},"modified":"2025-08-21T10:17:50","modified_gmt":"2025-08-21T08:17:50","slug":"bam-2025-feuer","status":"publish","type":"photogallery","link":"https:\/\/swissbaker.ch\/fr\/panissimo-news\/galerie\/bam-2025-feuer\/","title":{"rendered":"BAM 2025: Feurige Schaust\u00fccke"},"content":{"rendered":"\n<p>F\u00fcr die BAM 2025 (Berufs- und Ausbildungsmesse Bern) kreierten die lernenden B\u00e4cker-Confiseur\/innen und Detailhandelsfachpersonen der Berufsschulen Langenthal (BE) und Thun (BE) Schaust\u00fccke. Die Tausenden an Sch\u00fcler\/innen und Besuchenden k\u00f6nnen diese w\u00e4hrend der viert\u00e4gigen Messe in der Bernexpo bestaunen. F\u00fcr die Auszubildenden lohnt es sich besonders, ihre Fertigkeiten unter Beweis zu stellen: Die Ausstellung ist jeweils auch mit einem freundschaftlichen Wettbewerb verbunden. Deren Pr\u00e4mierung erfolgt jeweils am letzten Messetag, heuer am 24. August.<\/p>\n\n\n\n<p><\/p>\n","protected":false},"excerpt":{"rendered":"<p>F\u00fcr die BAM 2025 (Berufs- und Ausbildungsmesse Bern) kreierten die lernenden B\u00e4cker-Confiseur\/innen und Detailhandelsfachpersonen der Berufsschulen Langenthal (BE) und Thun (BE) Schaust\u00fccke. Die Tausenden an Sch\u00fcler\/innen und Besuchenden k\u00f6nnen diese w\u00e4hrend der viert\u00e4gigen Messe in der Bernexpo bestaunen. F\u00fcr die Auszubildenden lohnt es sich besonders, ihre Fertigkeiten unter Beweis zu stellen: Die Ausstellung ist jeweils auch mit einem freundschaftlichen Wettbewerb [&hellip;]<\/p>\n","protected":false},"author":15,"featured_media":124301,"menu_order":0,"template":"","class_list":["post-124197","photogallery","type-photogallery","status-publish","has-post-thumbnail","hentry"],"acf":[],"yoast_head":"<!-- This site is optimized with the Yoast SEO Premium plugin v26.8 (Yoast SEO v26.8) - https:\/\/yoast.com\/product\/yoast-seo-premium-wordpress\/ -->\n<title>BAM 2025: Feurige Schaust\u00fccke | SBC<\/title>\n<meta name=\"description\" content=\"F\u00fcr die BAM 2025 kreierten die lernenden B\u00e4cker-Confiseur\/innen und Detailhandelsfachpersonen Schaust\u00fccke.\" \/>\n<meta name=\"robots\" content=\"index, follow, max-snippet:-1, max-image-preview:large, max-video-preview:-1\" \/>\n<link rel=\"canonical\" href=\"https:\/\/swissbaker.ch\/fr\/panissimo-news\/galerie\/bam-2025-feuer\/\" \/>\n<meta property=\"og:locale\" content=\"fr_FR\" \/>\n<meta property=\"og:type\" content=\"article\" \/>\n<meta property=\"og:title\" content=\"BAM 2025: Feurige Schaust\u00fccke\" \/>\n<meta property=\"og:description\" content=\"F\u00fcr die BAM 2025 kreierten die lernenden B\u00e4cker-Confiseur\/innen und Detailhandelsfachpersonen Schaust\u00fccke.\" \/>\n<meta property=\"og:url\" content=\"https:\/\/swissbaker.ch\/fr\/panissimo-news\/galerie\/bam-2025-feuer\/\" \/>\n<meta property=\"og:site_name\" content=\"SBC\" \/>\n<meta property=\"article:publisher\" content=\"https:\/\/www.facebook.com\/swissbaker.ch\" \/>\n<meta property=\"article:modified_time\" content=\"2025-08-21T08:17:50+00:00\" \/>\n<meta property=\"og:image\" content=\"https:\/\/swissbaker.ch\/wp-content\/uploads\/2025\/08\/p8200110-1024x768.jpg\" \/>\n\t<meta property=\"og:image:width\" content=\"1024\" \/>\n\t<meta property=\"og:image:height\" content=\"768\" \/>\n\t<meta property=\"og:image:type\" content=\"image\/jpeg\" \/>\n<meta name=\"twitter:card\" content=\"summary_large_image\" \/>\n<meta name=\"twitter:site\" content=\"@ch_swissbaker\" \/>\n<script type=\"application\/ld+json\" class=\"yoast-schema-graph\">{\"@context\":\"https:\/\/schema.org\",\"@graph\":[{\"@type\":\"WebPage\",\"@id\":\"https:\/\/swissbaker.ch\/fr\/panissimo-news\/galerie\/bam-2025-feuer\/\",\"url\":\"https:\/\/swissbaker.ch\/fr\/panissimo-news\/galerie\/bam-2025-feuer\/\",\"name\":\"BAM 2025: Feurige Schaust\u00fccke | SBC\",\"isPartOf\":{\"@id\":\"https:\/\/swissbaker.ch\/fr\/#website\"},\"primaryImageOfPage\":{\"@id\":\"https:\/\/swissbaker.ch\/fr\/panissimo-news\/galerie\/bam-2025-feuer\/#primaryimage\"},\"image\":{\"@id\":\"https:\/\/swissbaker.ch\/fr\/panissimo-news\/galerie\/bam-2025-feuer\/#primaryimage\"},\"thumbnailUrl\":\"https:\/\/swissbaker.ch\/wp-content\/uploads\/2025\/08\/p8200110.jpg\",\"datePublished\":\"2025-08-21T08:14:57+00:00\",\"dateModified\":\"2025-08-21T08:17:50+00:00\",\"description\":\"F\u00fcr die BAM 2025 kreierten die lernenden B\u00e4cker-Confiseur\/innen und Detailhandelsfachpersonen Schaust\u00fccke.\",\"breadcrumb\":{\"@id\":\"https:\/\/swissbaker.ch\/fr\/panissimo-news\/galerie\/bam-2025-feuer\/#breadcrumb\"},\"inLanguage\":\"fr-FR\",\"potentialAction\":[{\"@type\":\"ReadAction\",\"target\":[\"https:\/\/swissbaker.ch\/fr\/panissimo-news\/galerie\/bam-2025-feuer\/\"]}]},{\"@type\":\"ImageObject\",\"inLanguage\":\"fr-FR\",\"@id\":\"https:\/\/swissbaker.ch\/fr\/panissimo-news\/galerie\/bam-2025-feuer\/#primaryimage\",\"url\":\"https:\/\/swissbaker.ch\/wp-content\/uploads\/2025\/08\/p8200110.jpg\",\"contentUrl\":\"https:\/\/swissbaker.ch\/wp-content\/uploads\/2025\/08\/p8200110.jpg\",\"width\":4608,\"height\":3456,\"caption\":\"OLYMPUS DIGITAL CAMERA\"},{\"@type\":\"BreadcrumbList\",\"@id\":\"https:\/\/swissbaker.ch\/fr\/panissimo-news\/galerie\/bam-2025-feuer\/#breadcrumb\",\"itemListElement\":[{\"@type\":\"ListItem\",\"position\":1,\"name\":\"\",\"item\":\"https:\/\/swissbaker.ch\/fr\/\"},{\"@type\":\"ListItem\",\"position\":2,\"name\":\"Galerie de photos\",\"item\":\"https:\/\/swissbaker.ch\/fr\/panissimo-news\/galerie\/\"},{\"@type\":\"ListItem\",\"position\":3,\"name\":\"BAM 2025: Feurige Schaust\u00fccke\"}]},{\"@type\":\"WebSite\",\"@id\":\"https:\/\/swissbaker.ch\/fr\/#website\",\"url\":\"https:\/\/swissbaker.ch\/fr\/\",\"name\":\"SBC\",\"description\":\"\",\"publisher\":{\"@id\":\"https:\/\/swissbaker.ch\/fr\/#organization\"},\"potentialAction\":[{\"@type\":\"SearchAction\",\"target\":{\"@type\":\"EntryPoint\",\"urlTemplate\":\"https:\/\/swissbaker.ch\/fr\/?s={search_term_string}\"},\"query-input\":{\"@type\":\"PropertyValueSpecification\",\"valueRequired\":true,\"valueName\":\"search_term_string\"}}],\"inLanguage\":\"fr-FR\"},{\"@type\":\"Organization\",\"@id\":\"https:\/\/swissbaker.ch\/fr\/#organization\",\"name\":\"Schweizerischer B\u00e4cker-Confiseurmeister-Verband\",\"url\":\"https:\/\/swissbaker.ch\/fr\/\",\"logo\":{\"@type\":\"ImageObject\",\"inLanguage\":\"fr-FR\",\"@id\":\"https:\/\/swissbaker.ch\/fr\/#\/schema\/logo\/image\/\",\"url\":\"https:\/\/swissbaker.ch\/wp-content\/uploads\/2022\/04\/sbc-logo-yoast.jpg\",\"contentUrl\":\"https:\/\/swissbaker.ch\/wp-content\/uploads\/2022\/04\/sbc-logo-yoast.jpg\",\"width\":512,\"height\":512,\"caption\":\"Schweizerischer B\u00e4cker-Confiseurmeister-Verband\"},\"image\":{\"@id\":\"https:\/\/swissbaker.ch\/fr\/#\/schema\/logo\/image\/\"},\"sameAs\":[\"https:\/\/www.facebook.com\/swissbaker.ch\",\"https:\/\/x.com\/ch_swissbaker\"]}]}<\/script>\n<!-- \/ Yoast SEO Premium plugin. -->","yoast_head_json":{"title":"BAM 2025: Feurige Schaust\u00fccke | SBC","description":"F\u00fcr die BAM 2025 kreierten die lernenden B\u00e4cker-Confiseur\/innen und Detailhandelsfachpersonen Schaust\u00fccke.","robots":{"index":"index","follow":"follow","max-snippet":"max-snippet:-1","max-image-preview":"max-image-preview:large","max-video-preview":"max-video-preview:-1"},"canonical":"https:\/\/swissbaker.ch\/fr\/panissimo-news\/galerie\/bam-2025-feuer\/","og_locale":"fr_FR","og_type":"article","og_title":"BAM 2025: Feurige Schaust\u00fccke","og_description":"F\u00fcr die BAM 2025 kreierten die lernenden B\u00e4cker-Confiseur\/innen und Detailhandelsfachpersonen Schaust\u00fccke.","og_url":"https:\/\/swissbaker.ch\/fr\/panissimo-news\/galerie\/bam-2025-feuer\/","og_site_name":"SBC","article_publisher":"https:\/\/www.facebook.com\/swissbaker.ch","article_modified_time":"2025-08-21T08:17:50+00:00","og_image":[{"width":1024,"height":768,"url":"https:\/\/swissbaker.ch\/wp-content\/uploads\/2025\/08\/p8200110-1024x768.jpg","type":"image\/jpeg"}],"twitter_card":"summary_large_image","twitter_site":"@ch_swissbaker","schema":{"@context":"https:\/\/schema.org","@graph":[{"@type":"WebPage","@id":"https:\/\/swissbaker.ch\/fr\/panissimo-news\/galerie\/bam-2025-feuer\/","url":"https:\/\/swissbaker.ch\/fr\/panissimo-news\/galerie\/bam-2025-feuer\/","name":"BAM 2025: Feurige Schaust\u00fccke | SBC","isPartOf":{"@id":"https:\/\/swissbaker.ch\/fr\/#website"},"primaryImageOfPage":{"@id":"https:\/\/swissbaker.ch\/fr\/panissimo-news\/galerie\/bam-2025-feuer\/#primaryimage"},"image":{"@id":"https:\/\/swissbaker.ch\/fr\/panissimo-news\/galerie\/bam-2025-feuer\/#primaryimage"},"thumbnailUrl":"https:\/\/swissbaker.ch\/wp-content\/uploads\/2025\/08\/p8200110.jpg","datePublished":"2025-08-21T08:14:57+00:00","dateModified":"2025-08-21T08:17:50+00:00","description":"F\u00fcr die BAM 2025 kreierten die lernenden B\u00e4cker-Confiseur\/innen und Detailhandelsfachpersonen Schaust\u00fccke.","breadcrumb":{"@id":"https:\/\/swissbaker.ch\/fr\/panissimo-news\/galerie\/bam-2025-feuer\/#breadcrumb"},"inLanguage":"fr-FR","potentialAction":[{"@type":"ReadAction","target":["https:\/\/swissbaker.ch\/fr\/panissimo-news\/galerie\/bam-2025-feuer\/"]}]},{"@type":"ImageObject","inLanguage":"fr-FR","@id":"https:\/\/swissbaker.ch\/fr\/panissimo-news\/galerie\/bam-2025-feuer\/#primaryimage","url":"https:\/\/swissbaker.ch\/wp-content\/uploads\/2025\/08\/p8200110.jpg","contentUrl":"https:\/\/swissbaker.ch\/wp-content\/uploads\/2025\/08\/p8200110.jpg","width":4608,"height":3456,"caption":"OLYMPUS DIGITAL CAMERA"},{"@type":"BreadcrumbList","@id":"https:\/\/swissbaker.ch\/fr\/panissimo-news\/galerie\/bam-2025-feuer\/#breadcrumb","itemListElement":[{"@type":"ListItem","position":1,"name":"","item":"https:\/\/swissbaker.ch\/fr\/"},{"@type":"ListItem","position":2,"name":"Galerie de photos","item":"https:\/\/swissbaker.ch\/fr\/panissimo-news\/galerie\/"},{"@type":"ListItem","position":3,"name":"BAM 2025: Feurige Schaust\u00fccke"}]},{"@type":"WebSite","@id":"https:\/\/swissbaker.ch\/fr\/#website","url":"https:\/\/swissbaker.ch\/fr\/","name":"SBC","description":"","publisher":{"@id":"https:\/\/swissbaker.ch\/fr\/#organization"},"potentialAction":[{"@type":"SearchAction","target":{"@type":"EntryPoint","urlTemplate":"https:\/\/swissbaker.ch\/fr\/?s={search_term_string}"},"query-input":{"@type":"PropertyValueSpecification","valueRequired":true,"valueName":"search_term_string"}}],"inLanguage":"fr-FR"},{"@type":"Organization","@id":"https:\/\/swissbaker.ch\/fr\/#organization","name":"Schweizerischer B\u00e4cker-Confiseurmeister-Verband","url":"https:\/\/swissbaker.ch\/fr\/","logo":{"@type":"ImageObject","inLanguage":"fr-FR","@id":"https:\/\/swissbaker.ch\/fr\/#\/schema\/logo\/image\/","url":"https:\/\/swissbaker.ch\/wp-content\/uploads\/2022\/04\/sbc-logo-yoast.jpg","contentUrl":"https:\/\/swissbaker.ch\/wp-content\/uploads\/2022\/04\/sbc-logo-yoast.jpg","width":512,"height":512,"caption":"Schweizerischer B\u00e4cker-Confiseurmeister-Verband"},"image":{"@id":"https:\/\/swissbaker.ch\/fr\/#\/schema\/logo\/image\/"},"sameAs":["https:\/\/www.facebook.com\/swissbaker.ch","https:\/\/x.com\/ch_swissbaker"]}]}},"_links":{"self":[{"href":"https:\/\/swissbaker.ch\/fr\/wp-json\/wp\/v2\/photogallery\/124197","targetHints":{"allow":["GET"]}}],"collection":[{"href":"https:\/\/swissbaker.ch\/fr\/wp-json\/wp\/v2\/photogallery"}],"about":[{"href":"https:\/\/swissbaker.ch\/fr\/wp-json\/wp\/v2\/types\/photogallery"}],"author":[{"embeddable":true,"href":"https:\/\/swissbaker.ch\/fr\/wp-json\/wp\/v2\/users\/15"}],"version-history":[{"count":0,"href":"https:\/\/swissbaker.ch\/fr\/wp-json\/wp\/v2\/photogallery\/124197\/revisions"}],"wp:featuredmedia":[{"embeddable":true,"href":"https:\/\/swissbaker.ch\/fr\/wp-json\/wp\/v2\/media\/124301"}],"wp:attachment":[{"href":"https:\/\/swissbaker.ch\/fr\/wp-json\/wp\/v2\/media?parent=124197"}],"curies":[{"name":"wp","href":"https:\/\/api.w.org\/{rel}","templated":true}]}}

BAM 2025: Feurige Schaustücke

<p>Für die BAM 2025 (Berufs- und Ausbildungsmesse Bern) kreierten die lernenden Bäcker-Confiseur/innen und Detailhandelsfachpersonen der Berufsschulen Langenthal (BE) und Thun (BE) Schaustücke. Die Tausenden an Schüler/innen und Besuchenden können diese während der viertägigen Messe in der Bernexpo bestaunen. Für die Auszubildenden lohnt es sich besonders, ihre Fertigkeiten unter Beweis zu stellen: Die Ausstellung ist jeweils auch mit einem freundschaftlichen Wettbewerb verbunden. Deren Prämierung erfolgt jeweils am letzten Messetag, heuer am 24. August.</p>



<p></p>

<p>Für die BAM 2025 (Berufs- und Ausbildungsmesse Bern) kreierten die lernenden Bäcker-Confiseur/innen und Detailhandelsfachpersonen der Berufsschulen Langenthal (BE) und Thun (BE) Schaustücke. Die Tausenden an Schüler/innen und Besuchenden können diese während der viertägigen Messe in der Bernexpo bestaunen. Für die Auszubildenden lohnt es sich besonders, ihre Fertigkeiten unter Beweis zu stellen: Die Ausstellung ist jeweils auch mit einem freundschaftlichen Wettbewerb [&hellip;]</p>

<!-- This site is optimized with the Yoast SEO Premium plugin v26.8 (Yoast SEO v26.8) - https://yoast.com/product/yoast-seo-premium-wordpress/ -->
<title>BAM 2025: Feurige Schaustücke | SBC</title>
<meta name="description" content="Für die BAM 2025 kreierten die lernenden Bäcker-Confiseur/innen und Detailhandelsfachpersonen Schaustücke." />
<meta name="robots" content="index, follow, max-snippet:-1, max-image-preview:large, max-video-preview:-1" />
<link rel="canonical" href="https://swissbaker.ch/fr/panissimo-news/galerie/bam-2025-feuer/" />
<meta property="og:locale" content="fr_FR" />
<meta property="og:type" content="article" />
<meta property="og:title" content="BAM 2025: Feurige Schaustücke" />
<meta property="og:description" content="Für die BAM 2025 kreierten die lernenden Bäcker-Confiseur/innen und Detailhandelsfachpersonen Schaustücke." />
<meta property="og:url" content="https://swissbaker.ch/fr/panissimo-news/galerie/bam-2025-feuer/" />
<meta property="og:site_name" content="SBC" />
<meta property="article:publisher" content="https://www.facebook.com/swissbaker.ch" />
<meta property="article:modified_time" content="2025-08-21T08:17:50+00:00" />
<meta property="og:image" content="https://swissbaker.ch/wp-content/uploads/2025/08/p8200110-1024x768.jpg" />
	<meta property="og:image:width" content="1024" />
	<meta property="og:image:height" content="768" />
	<meta property="og:image:type" content="image/jpeg" />
<meta name="twitter:card" content="summary_large_image" />
<meta name="twitter:site" content="@ch_swissbaker" />
<script type="application/ld+json" class="yoast-schema-graph">{"@context":"https://schema.org","@graph":[{"@type":"WebPage","@id":"https://swissbaker.ch/fr/panissimo-news/galerie/bam-2025-feuer/","url":"https://swissbaker.ch/fr/panissimo-news/galerie/bam-2025-feuer/","name":"BAM 2025: Feurige Schaustücke | SBC","isPartOf":{"@id":"https://swissbaker.ch/fr/#website"},"primaryImageOfPage":{"@id":"https://swissbaker.ch/fr/panissimo-news/galerie/bam-2025-feuer/#primaryimage"},"image":{"@id":"https://swissbaker.ch/fr/panissimo-news/galerie/bam-2025-feuer/#primaryimage"},"thumbnailUrl":"https://swissbaker.ch/wp-content/uploads/2025/08/p8200110.jpg","datePublished":"2025-08-21T08:14:57+00:00","dateModified":"2025-08-21T08:17:50+00:00","description":"Für die BAM 2025 kreierten die lernenden Bäcker-Confiseur/innen und Detailhandelsfachpersonen Schaustücke.","breadcrumb":{"@id":"https://swissbaker.ch/fr/panissimo-news/galerie/bam-2025-feuer/#breadcrumb"},"inLanguage":"fr-FR","potentialAction":[{"@type":"ReadAction","target":["https://swissbaker.ch/fr/panissimo-news/galerie/bam-2025-feuer/"]}]},{"@type":"ImageObject","inLanguage":"fr-FR","@id":"https://swissbaker.ch/fr/panissimo-news/galerie/bam-2025-feuer/#primaryimage","url":"https://swissbaker.ch/wp-content/uploads/2025/08/p8200110.jpg","contentUrl":"https://swissbaker.ch/wp-content/uploads/2025/08/p8200110.jpg","width":4608,"height":3456,"caption":"OLYMPUS DIGITAL CAMERA"},{"@type":"BreadcrumbList","@id":"https://swissbaker.ch/fr/panissimo-news/galerie/bam-2025-feuer/#breadcrumb","itemListElement":[{"@type":"ListItem","position":1,"name":"","item":"https://swissbaker.ch/fr/"},{"@type":"ListItem","position":2,"name":"Galerie de photos","item":"https://swissbaker.ch/fr/panissimo-news/galerie/"},{"@type":"ListItem","position":3,"name":"BAM 2025: Feurige Schaustücke"}]},{"@type":"WebSite","@id":"https://swissbaker.ch/fr/#website","url":"https://swissbaker.ch/fr/","name":"SBC","description":"","publisher":{"@id":"https://swissbaker.ch/fr/#organization"},"potentialAction":[{"@type":"SearchAction","target":{"@type":"EntryPoint","urlTemplate":"https://swissbaker.ch/fr/?s={search_term_string}"},"query-input":{"@type":"PropertyValueSpecification","valueRequired":true,"valueName":"search_term_string"}}],"inLanguage":"fr-FR"},{"@type":"Organization","@id":"https://swissbaker.ch/fr/#organization","name":"Schweizerischer Bäcker-Confiseurmeister-Verband","url":"https://swissbaker.ch/fr/","logo":{"@type":"ImageObject","inLanguage":"fr-FR","@id":"https://swissbaker.ch/fr/#/schema/logo/image/","url":"https://swissbaker.ch/wp-content/uploads/2022/04/sbc-logo-yoast.jpg","contentUrl":"https://swissbaker.ch/wp-content/uploads/2022/04/sbc-logo-yoast.jpg","width":512,"height":512,"caption":"Schweizerischer Bäcker-Confiseurmeister-Verband"},"image":{"@id":"https://swissbaker.ch/fr/#/schema/logo/image/"},"sameAs":["https://www.facebook.com/swissbaker.ch","https://x.com/ch_swissbaker"]}]}</script>
<!-- / Yoast SEO Premium plugin. -->

BAM 2025: Feurige Schaustücke | SBC

Für die BAM 2025 kreierten die lernenden Bäcker-Confiseur/innen und Detailhandelsfachpersonen Schaustücke.

Schweizerischer Bäcker-Confiseurmeister-Verband
