{"id":123155,"date":"2025-07-10T10:34:29","date_gmt":"2025-07-10T08:34:29","guid":{"rendered":"https:\/\/swissbaker.ch\/?post_type=photogallery&#038;p=123155"},"modified":"2025-07-10T10:45:23","modified_gmt":"2025-07-10T08:45:23","slug":"qv-feier-ob-und-nidwalden-2025","status":"publish","type":"photogallery","link":"https:\/\/swissbaker.ch\/fr\/panissimo-news\/galerie\/qv-feier-ob-und-nidwalden-2025\/","title":{"rendered":"QV-Feier Ob- und Nidwalden 2025"},"content":{"rendered":"\n<p>Der Ob- und Nidwaldner B\u00e4cker-Confiseure konnten 5 erfolgreiche Absolventinen begl\u00fcckw\u00fcnschen:<\/p>\n\n\n\n<p>Elena Bl\u00e4ttler, (Kreyenb\u00fchl Luzern); Noelle Gander (Christen Beck, Buochs), Nick Agner (Christen Beck, Buochs)  Mia Barmettler (Beck Berwert, Stalden), Debora Zumb\u00fchl (Christen Beck, Buochs)<\/p>\n","protected":false},"excerpt":{"rendered":"<p>Der Ob- und Nidwaldner B\u00e4cker-Confiseure konnten 5 erfolgreiche Absolventinen begl\u00fcckw\u00fcnschen: Elena Bl\u00e4ttler, (Kreyenb\u00fchl Luzern); Noelle Gander (Christen Beck, Buochs), Nick Agner (Christen Beck, Buochs) Mia Barmettler (Beck Berwert, Stalden), Debora Zumb\u00fchl (Christen Beck, Buochs)<\/p>\n","protected":false},"author":5,"featured_media":123156,"menu_order":0,"template":"","class_list":["post-123155","photogallery","type-photogallery","status-publish","has-post-thumbnail","hentry"],"acf":[],"yoast_head":"<!-- This site is optimized with the Yoast SEO Premium plugin v26.8 (Yoast SEO v26.8) - https:\/\/yoast.com\/product\/yoast-seo-premium-wordpress\/ -->\n<title>QV-Feier Ob- und Nidwalden 2025 | SBC<\/title>\n<meta name=\"robots\" content=\"index, follow, max-snippet:-1, max-image-preview:large, max-video-preview:-1\" \/>\n<link rel=\"canonical\" href=\"https:\/\/swissbaker.ch\/fr\/panissimo-news\/galerie\/qv-feier-ob-und-nidwalden-2025\/\" \/>\n<meta property=\"og:locale\" content=\"fr_FR\" \/>\n<meta property=\"og:type\" content=\"article\" \/>\n<meta property=\"og:title\" content=\"QV-Feier Ob- und Nidwalden 2025\" \/>\n<meta property=\"og:description\" content=\"Der Ob- und Nidwaldner B\u00e4cker-Confiseure konnten 5 erfolgreiche Absolventinen begl\u00fcckw\u00fcnschen: Elena Bl\u00e4ttler, (Kreyenb\u00fchl Luzern); Noelle Gander (Christen Beck, Buochs), Nick Agner (Christen Beck, Buochs) Mia Barmettler (Beck Berwert, Stalden), Debora Zumb\u00fchl (Christen Beck, Buochs)\" \/>\n<meta property=\"og:url\" content=\"https:\/\/swissbaker.ch\/fr\/panissimo-news\/galerie\/qv-feier-ob-und-nidwalden-2025\/\" \/>\n<meta property=\"og:site_name\" content=\"SBC\" \/>\n<meta property=\"article:publisher\" content=\"https:\/\/www.facebook.com\/swissbaker.ch\" \/>\n<meta property=\"article:modified_time\" content=\"2025-07-10T08:45:23+00:00\" \/>\n<meta property=\"og:image\" content=\"https:\/\/swissbaker.ch\/wp-content\/uploads\/2025\/07\/20250705_143412.jpg\" \/>\n\t<meta property=\"og:image:width\" content=\"3214\" \/>\n\t<meta property=\"og:image:height\" content=\"2400\" \/>\n\t<meta property=\"og:image:type\" content=\"image\/jpeg\" \/>\n<meta name=\"twitter:card\" content=\"summary_large_image\" \/>\n<meta name=\"twitter:site\" content=\"@ch_swissbaker\" \/>\n<script type=\"application\/ld+json\" class=\"yoast-schema-graph\">{\"@context\":\"https:\/\/schema.org\",\"@graph\":[{\"@type\":\"WebPage\",\"@id\":\"https:\/\/swissbaker.ch\/fr\/panissimo-news\/galerie\/qv-feier-ob-und-nidwalden-2025\/\",\"url\":\"https:\/\/swissbaker.ch\/fr\/panissimo-news\/galerie\/qv-feier-ob-und-nidwalden-2025\/\",\"name\":\"QV-Feier Ob- und Nidwalden 2025 | SBC\",\"isPartOf\":{\"@id\":\"https:\/\/swissbaker.ch\/fr\/#website\"},\"primaryImageOfPage\":{\"@id\":\"https:\/\/swissbaker.ch\/fr\/panissimo-news\/galerie\/qv-feier-ob-und-nidwalden-2025\/#primaryimage\"},\"image\":{\"@id\":\"https:\/\/swissbaker.ch\/fr\/panissimo-news\/galerie\/qv-feier-ob-und-nidwalden-2025\/#primaryimage\"},\"thumbnailUrl\":\"https:\/\/swissbaker.ch\/wp-content\/uploads\/2025\/07\/20250705_143412.jpg\",\"datePublished\":\"2025-07-10T08:34:29+00:00\",\"dateModified\":\"2025-07-10T08:45:23+00:00\",\"breadcrumb\":{\"@id\":\"https:\/\/swissbaker.ch\/fr\/panissimo-news\/galerie\/qv-feier-ob-und-nidwalden-2025\/#breadcrumb\"},\"inLanguage\":\"fr-FR\",\"potentialAction\":[{\"@type\":\"ReadAction\",\"target\":[\"https:\/\/swissbaker.ch\/fr\/panissimo-news\/galerie\/qv-feier-ob-und-nidwalden-2025\/\"]}]},{\"@type\":\"ImageObject\",\"inLanguage\":\"fr-FR\",\"@id\":\"https:\/\/swissbaker.ch\/fr\/panissimo-news\/galerie\/qv-feier-ob-und-nidwalden-2025\/#primaryimage\",\"url\":\"https:\/\/swissbaker.ch\/wp-content\/uploads\/2025\/07\/20250705_143412.jpg\",\"contentUrl\":\"https:\/\/swissbaker.ch\/wp-content\/uploads\/2025\/07\/20250705_143412.jpg\",\"width\":3214,\"height\":2400},{\"@type\":\"BreadcrumbList\",\"@id\":\"https:\/\/swissbaker.ch\/fr\/panissimo-news\/galerie\/qv-feier-ob-und-nidwalden-2025\/#breadcrumb\",\"itemListElement\":[{\"@type\":\"ListItem\",\"position\":1,\"name\":\"\",\"item\":\"https:\/\/swissbaker.ch\/fr\/\"},{\"@type\":\"ListItem\",\"position\":2,\"name\":\"Galerie de photos\",\"item\":\"https:\/\/swissbaker.ch\/fr\/panissimo-news\/galerie\/\"},{\"@type\":\"ListItem\",\"position\":3,\"name\":\"QV-Feier Ob- und Nidwalden 2025\"}]},{\"@type\":\"WebSite\",\"@id\":\"https:\/\/swissbaker.ch\/fr\/#website\",\"url\":\"https:\/\/swissbaker.ch\/fr\/\",\"name\":\"SBC\",\"description\":\"\",\"publisher\":{\"@id\":\"https:\/\/swissbaker.ch\/fr\/#organization\"},\"potentialAction\":[{\"@type\":\"SearchAction\",\"target\":{\"@type\":\"EntryPoint\",\"urlTemplate\":\"https:\/\/swissbaker.ch\/fr\/?s={search_term_string}\"},\"query-input\":{\"@type\":\"PropertyValueSpecification\",\"valueRequired\":true,\"valueName\":\"search_term_string\"}}],\"inLanguage\":\"fr-FR\"},{\"@type\":\"Organization\",\"@id\":\"https:\/\/swissbaker.ch\/fr\/#organization\",\"name\":\"Schweizerischer B\u00e4cker-Confiseurmeister-Verband\",\"url\":\"https:\/\/swissbaker.ch\/fr\/\",\"logo\":{\"@type\":\"ImageObject\",\"inLanguage\":\"fr-FR\",\"@id\":\"https:\/\/swissbaker.ch\/fr\/#\/schema\/logo\/image\/\",\"url\":\"https:\/\/swissbaker.ch\/wp-content\/uploads\/2022\/04\/sbc-logo-yoast.jpg\",\"contentUrl\":\"https:\/\/swissbaker.ch\/wp-content\/uploads\/2022\/04\/sbc-logo-yoast.jpg\",\"width\":512,\"height\":512,\"caption\":\"Schweizerischer B\u00e4cker-Confiseurmeister-Verband\"},\"image\":{\"@id\":\"https:\/\/swissbaker.ch\/fr\/#\/schema\/logo\/image\/\"},\"sameAs\":[\"https:\/\/www.facebook.com\/swissbaker.ch\",\"https:\/\/x.com\/ch_swissbaker\"]}]}<\/script>\n<!-- \/ Yoast SEO Premium plugin. -->","yoast_head_json":{"title":"QV-Feier Ob- und Nidwalden 2025 | SBC","robots":{"index":"index","follow":"follow","max-snippet":"max-snippet:-1","max-image-preview":"max-image-preview:large","max-video-preview":"max-video-preview:-1"},"canonical":"https:\/\/swissbaker.ch\/fr\/panissimo-news\/galerie\/qv-feier-ob-und-nidwalden-2025\/","og_locale":"fr_FR","og_type":"article","og_title":"QV-Feier Ob- und Nidwalden 2025","og_description":"Der Ob- und Nidwaldner B\u00e4cker-Confiseure konnten 5 erfolgreiche Absolventinen begl\u00fcckw\u00fcnschen: Elena Bl\u00e4ttler, (Kreyenb\u00fchl Luzern); Noelle Gander (Christen Beck, Buochs), Nick Agner (Christen Beck, Buochs) Mia Barmettler (Beck Berwert, Stalden), Debora Zumb\u00fchl (Christen Beck, Buochs)","og_url":"https:\/\/swissbaker.ch\/fr\/panissimo-news\/galerie\/qv-feier-ob-und-nidwalden-2025\/","og_site_name":"SBC","article_publisher":"https:\/\/www.facebook.com\/swissbaker.ch","article_modified_time":"2025-07-10T08:45:23+00:00","og_image":[{"width":3214,"height":2400,"url":"https:\/\/swissbaker.ch\/wp-content\/uploads\/2025\/07\/20250705_143412.jpg","type":"image\/jpeg"}],"twitter_card":"summary_large_image","twitter_site":"@ch_swissbaker","schema":{"@context":"https:\/\/schema.org","@graph":[{"@type":"WebPage","@id":"https:\/\/swissbaker.ch\/fr\/panissimo-news\/galerie\/qv-feier-ob-und-nidwalden-2025\/","url":"https:\/\/swissbaker.ch\/fr\/panissimo-news\/galerie\/qv-feier-ob-und-nidwalden-2025\/","name":"QV-Feier Ob- und Nidwalden 2025 | SBC","isPartOf":{"@id":"https:\/\/swissbaker.ch\/fr\/#website"},"primaryImageOfPage":{"@id":"https:\/\/swissbaker.ch\/fr\/panissimo-news\/galerie\/qv-feier-ob-und-nidwalden-2025\/#primaryimage"},"image":{"@id":"https:\/\/swissbaker.ch\/fr\/panissimo-news\/galerie\/qv-feier-ob-und-nidwalden-2025\/#primaryimage"},"thumbnailUrl":"https:\/\/swissbaker.ch\/wp-content\/uploads\/2025\/07\/20250705_143412.jpg","datePublished":"2025-07-10T08:34:29+00:00","dateModified":"2025-07-10T08:45:23+00:00","breadcrumb":{"@id":"https:\/\/swissbaker.ch\/fr\/panissimo-news\/galerie\/qv-feier-ob-und-nidwalden-2025\/#breadcrumb"},"inLanguage":"fr-FR","potentialAction":[{"@type":"ReadAction","target":["https:\/\/swissbaker.ch\/fr\/panissimo-news\/galerie\/qv-feier-ob-und-nidwalden-2025\/"]}]},{"@type":"ImageObject","inLanguage":"fr-FR","@id":"https:\/\/swissbaker.ch\/fr\/panissimo-news\/galerie\/qv-feier-ob-und-nidwalden-2025\/#primaryimage","url":"https:\/\/swissbaker.ch\/wp-content\/uploads\/2025\/07\/20250705_143412.jpg","contentUrl":"https:\/\/swissbaker.ch\/wp-content\/uploads\/2025\/07\/20250705_143412.jpg","width":3214,"height":2400},{"@type":"BreadcrumbList","@id":"https:\/\/swissbaker.ch\/fr\/panissimo-news\/galerie\/qv-feier-ob-und-nidwalden-2025\/#breadcrumb","itemListElement":[{"@type":"ListItem","position":1,"name":"","item":"https:\/\/swissbaker.ch\/fr\/"},{"@type":"ListItem","position":2,"name":"Galerie de photos","item":"https:\/\/swissbaker.ch\/fr\/panissimo-news\/galerie\/"},{"@type":"ListItem","position":3,"name":"QV-Feier Ob- und Nidwalden 2025"}]},{"@type":"WebSite","@id":"https:\/\/swissbaker.ch\/fr\/#website","url":"https:\/\/swissbaker.ch\/fr\/","name":"SBC","description":"","publisher":{"@id":"https:\/\/swissbaker.ch\/fr\/#organization"},"potentialAction":[{"@type":"SearchAction","target":{"@type":"EntryPoint","urlTemplate":"https:\/\/swissbaker.ch\/fr\/?s={search_term_string}"},"query-input":{"@type":"PropertyValueSpecification","valueRequired":true,"valueName":"search_term_string"}}],"inLanguage":"fr-FR"},{"@type":"Organization","@id":"https:\/\/swissbaker.ch\/fr\/#organization","name":"Schweizerischer B\u00e4cker-Confiseurmeister-Verband","url":"https:\/\/swissbaker.ch\/fr\/","logo":{"@type":"ImageObject","inLanguage":"fr-FR","@id":"https:\/\/swissbaker.ch\/fr\/#\/schema\/logo\/image\/","url":"https:\/\/swissbaker.ch\/wp-content\/uploads\/2022\/04\/sbc-logo-yoast.jpg","contentUrl":"https:\/\/swissbaker.ch\/wp-content\/uploads\/2022\/04\/sbc-logo-yoast.jpg","width":512,"height":512,"caption":"Schweizerischer B\u00e4cker-Confiseurmeister-Verband"},"image":{"@id":"https:\/\/swissbaker.ch\/fr\/#\/schema\/logo\/image\/"},"sameAs":["https:\/\/www.facebook.com\/swissbaker.ch","https:\/\/x.com\/ch_swissbaker"]}]}},"_links":{"self":[{"href":"https:\/\/swissbaker.ch\/fr\/wp-json\/wp\/v2\/photogallery\/123155","targetHints":{"allow":["GET"]}}],"collection":[{"href":"https:\/\/swissbaker.ch\/fr\/wp-json\/wp\/v2\/photogallery"}],"about":[{"href":"https:\/\/swissbaker.ch\/fr\/wp-json\/wp\/v2\/types\/photogallery"}],"author":[{"embeddable":true,"href":"https:\/\/swissbaker.ch\/fr\/wp-json\/wp\/v2\/users\/5"}],"version-history":[{"count":0,"href":"https:\/\/swissbaker.ch\/fr\/wp-json\/wp\/v2\/photogallery\/123155\/revisions"}],"wp:featuredmedia":[{"embeddable":true,"href":"https:\/\/swissbaker.ch\/fr\/wp-json\/wp\/v2\/media\/123156"}],"wp:attachment":[{"href":"https:\/\/swissbaker.ch\/fr\/wp-json\/wp\/v2\/media?parent=123155"}],"curies":[{"name":"wp","href":"https:\/\/api.w.org\/{rel}","templated":true}]}}

<p>Der Ob- und Nidwaldner Bäcker-Confiseure konnten 5 erfolgreiche Absolventinen beglückwünschen:</p>



<p>Elena Blättler, (Kreyenbühl Luzern); Noelle Gander (Christen Beck, Buochs), Nick Agner (Christen Beck, Buochs)  Mia Barmettler (Beck Berwert, Stalden), Debora Zumbühl (Christen Beck, Buochs)</p>

<p>Der Ob- und Nidwaldner Bäcker-Confiseure konnten 5 erfolgreiche Absolventinen beglückwünschen: Elena Blättler, (Kreyenbühl Luzern); Noelle Gander (Christen Beck, Buochs), Nick Agner (Christen Beck, Buochs) Mia Barmettler (Beck Berwert, Stalden), Debora Zumbühl (Christen Beck, Buochs)</p>

<!-- This site is optimized with the Yoast SEO Premium plugin v26.8 (Yoast SEO v26.8) - https://yoast.com/product/yoast-seo-premium-wordpress/ -->
<title>QV-Feier Ob- und Nidwalden 2025 | SBC</title>
<meta name="robots" content="index, follow, max-snippet:-1, max-image-preview:large, max-video-preview:-1" />
<link rel="canonical" href="https://swissbaker.ch/fr/panissimo-news/galerie/qv-feier-ob-und-nidwalden-2025/" />
<meta property="og:locale" content="fr_FR" />
<meta property="og:type" content="article" />
<meta property="og:title" content="QV-Feier Ob- und Nidwalden 2025" />
<meta property="og:description" content="Der Ob- und Nidwaldner Bäcker-Confiseure konnten 5 erfolgreiche Absolventinen beglückwünschen: Elena Blättler, (Kreyenbühl Luzern); Noelle Gander (Christen Beck, Buochs), Nick Agner (Christen Beck, Buochs) Mia Barmettler (Beck Berwert, Stalden), Debora Zumbühl (Christen Beck, Buochs)" />
<meta property="og:url" content="https://swissbaker.ch/fr/panissimo-news/galerie/qv-feier-ob-und-nidwalden-2025/" />
<meta property="og:site_name" content="SBC" />
<meta property="article:publisher" content="https://www.facebook.com/swissbaker.ch" />
<meta property="article:modified_time" content="2025-07-10T08:45:23+00:00" />
<meta property="og:image" content="https://swissbaker.ch/wp-content/uploads/2025/07/20250705_143412.jpg" />
	<meta property="og:image:width" content="3214" />
	<meta property="og:image:height" content="2400" />
	<meta property="og:image:type" content="image/jpeg" />
<meta name="twitter:card" content="summary_large_image" />
<meta name="twitter:site" content="@ch_swissbaker" />
<script type="application/ld+json" class="yoast-schema-graph">{"@context":"https://schema.org","@graph":[{"@type":"WebPage","@id":"https://swissbaker.ch/fr/panissimo-news/galerie/qv-feier-ob-und-nidwalden-2025/","url":"https://swissbaker.ch/fr/panissimo-news/galerie/qv-feier-ob-und-nidwalden-2025/","name":"QV-Feier Ob- und Nidwalden 2025 | SBC","isPartOf":{"@id":"https://swissbaker.ch/fr/#website"},"primaryImageOfPage":{"@id":"https://swissbaker.ch/fr/panissimo-news/galerie/qv-feier-ob-und-nidwalden-2025/#primaryimage"},"image":{"@id":"https://swissbaker.ch/fr/panissimo-news/galerie/qv-feier-ob-und-nidwalden-2025/#primaryimage"},"thumbnailUrl":"https://swissbaker.ch/wp-content/uploads/2025/07/20250705_143412.jpg","datePublished":"2025-07-10T08:34:29+00:00","dateModified":"2025-07-10T08:45:23+00:00","breadcrumb":{"@id":"https://swissbaker.ch/fr/panissimo-news/galerie/qv-feier-ob-und-nidwalden-2025/#breadcrumb"},"inLanguage":"fr-FR","potentialAction":[{"@type":"ReadAction","target":["https://swissbaker.ch/fr/panissimo-news/galerie/qv-feier-ob-und-nidwalden-2025/"]}]},{"@type":"ImageObject","inLanguage":"fr-FR","@id":"https://swissbaker.ch/fr/panissimo-news/galerie/qv-feier-ob-und-nidwalden-2025/#primaryimage","url":"https://swissbaker.ch/wp-content/uploads/2025/07/20250705_143412.jpg","contentUrl":"https://swissbaker.ch/wp-content/uploads/2025/07/20250705_143412.jpg","width":3214,"height":2400},{"@type":"BreadcrumbList","@id":"https://swissbaker.ch/fr/panissimo-news/galerie/qv-feier-ob-und-nidwalden-2025/#breadcrumb","itemListElement":[{"@type":"ListItem","position":1,"name":"","item":"https://swissbaker.ch/fr/"},{"@type":"ListItem","position":2,"name":"Galerie de photos","item":"https://swissbaker.ch/fr/panissimo-news/galerie/"},{"@type":"ListItem","position":3,"name":"QV-Feier Ob- und Nidwalden 2025"}]},{"@type":"WebSite","@id":"https://swissbaker.ch/fr/#website","url":"https://swissbaker.ch/fr/","name":"SBC","description":"","publisher":{"@id":"https://swissbaker.ch/fr/#organization"},"potentialAction":[{"@type":"SearchAction","target":{"@type":"EntryPoint","urlTemplate":"https://swissbaker.ch/fr/?s={search_term_string}"},"query-input":{"@type":"PropertyValueSpecification","valueRequired":true,"valueName":"search_term_string"}}],"inLanguage":"fr-FR"},{"@type":"Organization","@id":"https://swissbaker.ch/fr/#organization","name":"Schweizerischer Bäcker-Confiseurmeister-Verband","url":"https://swissbaker.ch/fr/","logo":{"@type":"ImageObject","inLanguage":"fr-FR","@id":"https://swissbaker.ch/fr/#/schema/logo/image/","url":"https://swissbaker.ch/wp-content/uploads/2022/04/sbc-logo-yoast.jpg","contentUrl":"https://swissbaker.ch/wp-content/uploads/2022/04/sbc-logo-yoast.jpg","width":512,"height":512,"caption":"Schweizerischer Bäcker-Confiseurmeister-Verband"},"image":{"@id":"https://swissbaker.ch/fr/#/schema/logo/image/"},"sameAs":["https://www.facebook.com/swissbaker.ch","https://x.com/ch_swissbaker"]}]}</script>
<!-- / Yoast SEO Premium plugin. -->

Der Ob- und Nidwaldner Bäcker-Confiseure konnten 5 erfolgreiche Absolventinen beglückwünschen: Elena Blättler, (Kreyenbühl Luzern); Noelle Gander (Christen Beck, Buochs), Nick Agner (Christen Beck, Buochs) Mia Barmettler (Beck Berwert, Stalden), Debora Zumbühl (Christen Beck, Buochs)

Schweizerischer Bäcker-Confiseurmeister-Verband
