{"id":74718,"date":"2024-02-01T15:21:34","date_gmt":"2024-02-01T14:21:34","guid":{"rendered":"https:\/\/swissbaker.ch\/?page_id=74718"},"modified":"2024-02-01T16:25:37","modified_gmt":"2024-02-01T15:25:37","slug":"histoire-de-la-bcs","status":"publish","type":"page","link":"https:\/\/swissbaker.ch\/fr\/histoire-de-la-bcs\/","title":{"rendered":"Histoire de la BCS"},"content":{"rendered":"\n<p>L&#8217;Association suisse des patrons boulangers-confiseurs (BCS) est n\u00e9e en 2013 de la fusion entre l&#8217;Association suisse des patrons boulangers-p\u00e2tissiers (ASPBP) et l&#8217;Union suisse des patrons p\u00e2tissiers-confiseurs (USPC). <\/p>\n\n\n\n<p>Les deux associations professionnelles ont une histoire bien plus que centenaire.<\/p>\n\n\n<div class=\"wp-block-image\">\n<figure class=\"aligncenter size-full is-resized\"><img decoding=\"async\" width=\"910\" height=\"464\" src=\"https:\/\/swissbaker.ch\/wp-content\/uploads\/2024\/02\/verbandsgeschichte_wappen.jpg\" alt=\"\" class=\"wp-image-74746\" style=\"width:440px;height:auto\" srcset=\"https:\/\/swissbaker.ch\/wp-content\/uploads\/2024\/02\/verbandsgeschichte_wappen.jpg 910w, https:\/\/swissbaker.ch\/wp-content\/uploads\/2024\/02\/verbandsgeschichte_wappen-768x392.jpg 768w\" sizes=\"(max-width: 910px) 100vw, 910px\" \/><\/figure>\n<\/div>\n\n\n<p>Vous trouverez un r\u00e9sum\u00e9 historique illustr\u00e9 dans ce document:<\/p>\n\n\n\n<div class=\"wp-block-file\"><a id=\"wp-block-file--media-a5347ef2-22a5-40d0-b302-f48a471b0ee9\" href=\"https:\/\/swissbaker.ch\/wp-content\/uploads\/2023\/03\/Verbandsgeschichte_SBC_F.pdf\"><strong>Histoire associative de la BCS<\/strong><\/a><a href=\"https:\/\/swissbaker.ch\/wp-content\/uploads\/2023\/03\/Verbandsgeschichte_SBC_F.pdf\" class=\"wp-block-file__button wp-element-button\" download aria-describedby=\"wp-block-file--media-a5347ef2-22a5-40d0-b302-f48a471b0ee9\">Herunterladen<\/a><\/div>\n","protected":false},"excerpt":{"rendered":"<p>L&#8217;Association suisse des patrons boulangers-confiseurs (BCS) est n\u00e9e en 2013 de la fusion entre l&#8217;Association suisse des patrons boulangers-p\u00e2tissiers (ASPBP) et l&#8217;Union suisse des patrons p\u00e2tissiers-confiseurs (USPC). Les deux associations professionnelles ont une histoire bien plus que centenaire. Vous trouverez un r\u00e9sum\u00e9 historique illustr\u00e9 dans ce document:<\/p>\n","protected":false},"author":5,"featured_media":74743,"parent":0,"menu_order":0,"comment_status":"closed","ping_status":"closed","template":"","meta":{"_acf_changed":false,"footnotes":""},"class_list":["post-74718","page","type-page","status-publish","has-post-thumbnail","hentry"],"acf":[],"yoast_head":"<!-- This site is optimized with the Yoast SEO Premium plugin v26.8 (Yoast SEO v26.8) - https:\/\/yoast.com\/product\/yoast-seo-premium-wordpress\/ -->\n<title>Histoire de la BCS | SBC<\/title>\n<meta name=\"robots\" content=\"index, follow, max-snippet:-1, max-image-preview:large, max-video-preview:-1\" \/>\n<link rel=\"canonical\" href=\"https:\/\/swissbaker.ch\/fr\/histoire-de-la-bcs\/\" \/>\n<meta property=\"og:locale\" content=\"fr_FR\" \/>\n<meta property=\"og:type\" content=\"article\" \/>\n<meta property=\"og:title\" content=\"Histoire de la BCS\" \/>\n<meta property=\"og:description\" content=\"L&#8217;Association suisse des patrons boulangers-confiseurs (BCS) est n\u00e9e en 2013 de la fusion entre l&#8217;Association suisse des patrons boulangers-p\u00e2tissiers (ASPBP) et l&#8217;Union suisse des patrons p\u00e2tissiers-confiseurs (USPC). Les deux associations professionnelles ont une histoire bien plus que centenaire. Vous trouverez un r\u00e9sum\u00e9 historique illustr\u00e9 dans ce document:\" \/>\n<meta property=\"og:url\" content=\"https:\/\/swissbaker.ch\/fr\/histoire-de-la-bcs\/\" \/>\n<meta property=\"og:site_name\" content=\"SBC\" \/>\n<meta property=\"article:publisher\" content=\"https:\/\/www.facebook.com\/swissbaker.ch\" \/>\n<meta property=\"article:modified_time\" content=\"2024-02-01T15:25:37+00:00\" \/>\n<meta property=\"og:image\" content=\"https:\/\/swissbaker.ch\/wp-content\/uploads\/2024\/02\/anriss_verbandsgeschichte.jpg\" \/>\n\t<meta property=\"og:image:width\" content=\"1669\" \/>\n\t<meta property=\"og:image:height\" content=\"1007\" \/>\n\t<meta property=\"og:image:type\" content=\"image\/jpeg\" \/>\n<meta name=\"twitter:card\" content=\"summary_large_image\" \/>\n<meta name=\"twitter:site\" content=\"@ch_swissbaker\" \/>\n<script type=\"application\/ld+json\" class=\"yoast-schema-graph\">{\"@context\":\"https:\/\/schema.org\",\"@graph\":[{\"@type\":\"WebPage\",\"@id\":\"https:\/\/swissbaker.ch\/fr\/histoire-de-la-bcs\/\",\"url\":\"https:\/\/swissbaker.ch\/fr\/histoire-de-la-bcs\/\",\"name\":\"Histoire de la BCS | SBC\",\"isPartOf\":{\"@id\":\"https:\/\/swissbaker.ch\/fr\/#website\"},\"primaryImageOfPage\":{\"@id\":\"https:\/\/swissbaker.ch\/fr\/histoire-de-la-bcs\/#primaryimage\"},\"image\":{\"@id\":\"https:\/\/swissbaker.ch\/fr\/histoire-de-la-bcs\/#primaryimage\"},\"thumbnailUrl\":\"https:\/\/swissbaker.ch\/wp-content\/uploads\/2024\/02\/anriss_verbandsgeschichte.jpg\",\"datePublished\":\"2024-02-01T14:21:34+00:00\",\"dateModified\":\"2024-02-01T15:25:37+00:00\",\"breadcrumb\":{\"@id\":\"https:\/\/swissbaker.ch\/fr\/histoire-de-la-bcs\/#breadcrumb\"},\"inLanguage\":\"fr-FR\",\"potentialAction\":[{\"@type\":\"ReadAction\",\"target\":[\"https:\/\/swissbaker.ch\/fr\/histoire-de-la-bcs\/\"]}]},{\"@type\":\"ImageObject\",\"inLanguage\":\"fr-FR\",\"@id\":\"https:\/\/swissbaker.ch\/fr\/histoire-de-la-bcs\/#primaryimage\",\"url\":\"https:\/\/swissbaker.ch\/wp-content\/uploads\/2024\/02\/anriss_verbandsgeschichte.jpg\",\"contentUrl\":\"https:\/\/swissbaker.ch\/wp-content\/uploads\/2024\/02\/anriss_verbandsgeschichte.jpg\",\"width\":1669,\"height\":1007},{\"@type\":\"BreadcrumbList\",\"@id\":\"https:\/\/swissbaker.ch\/fr\/histoire-de-la-bcs\/#breadcrumb\",\"itemListElement\":[{\"@type\":\"ListItem\",\"position\":1,\"name\":\"\",\"item\":\"https:\/\/swissbaker.ch\/fr\/\"},{\"@type\":\"ListItem\",\"position\":2,\"name\":\"Histoire de la BCS\"}]},{\"@type\":\"WebSite\",\"@id\":\"https:\/\/swissbaker.ch\/fr\/#website\",\"url\":\"https:\/\/swissbaker.ch\/fr\/\",\"name\":\"SBC\",\"description\":\"\",\"publisher\":{\"@id\":\"https:\/\/swissbaker.ch\/fr\/#organization\"},\"potentialAction\":[{\"@type\":\"SearchAction\",\"target\":{\"@type\":\"EntryPoint\",\"urlTemplate\":\"https:\/\/swissbaker.ch\/fr\/?s={search_term_string}\"},\"query-input\":{\"@type\":\"PropertyValueSpecification\",\"valueRequired\":true,\"valueName\":\"search_term_string\"}}],\"inLanguage\":\"fr-FR\"},{\"@type\":\"Organization\",\"@id\":\"https:\/\/swissbaker.ch\/fr\/#organization\",\"name\":\"Schweizerischer B\u00e4cker-Confiseurmeister-Verband\",\"url\":\"https:\/\/swissbaker.ch\/fr\/\",\"logo\":{\"@type\":\"ImageObject\",\"inLanguage\":\"fr-FR\",\"@id\":\"https:\/\/swissbaker.ch\/fr\/#\/schema\/logo\/image\/\",\"url\":\"https:\/\/swissbaker.ch\/wp-content\/uploads\/2022\/04\/sbc-logo-yoast.jpg\",\"contentUrl\":\"https:\/\/swissbaker.ch\/wp-content\/uploads\/2022\/04\/sbc-logo-yoast.jpg\",\"width\":512,\"height\":512,\"caption\":\"Schweizerischer B\u00e4cker-Confiseurmeister-Verband\"},\"image\":{\"@id\":\"https:\/\/swissbaker.ch\/fr\/#\/schema\/logo\/image\/\"},\"sameAs\":[\"https:\/\/www.facebook.com\/swissbaker.ch\",\"https:\/\/x.com\/ch_swissbaker\"]}]}<\/script>\n<!-- \/ Yoast SEO Premium plugin. -->","yoast_head_json":{"title":"Histoire de la BCS | SBC","robots":{"index":"index","follow":"follow","max-snippet":"max-snippet:-1","max-image-preview":"max-image-preview:large","max-video-preview":"max-video-preview:-1"},"canonical":"https:\/\/swissbaker.ch\/fr\/histoire-de-la-bcs\/","og_locale":"fr_FR","og_type":"article","og_title":"Histoire de la BCS","og_description":"L&#8217;Association suisse des patrons boulangers-confiseurs (BCS) est n\u00e9e en 2013 de la fusion entre l&#8217;Association suisse des patrons boulangers-p\u00e2tissiers (ASPBP) et l&#8217;Union suisse des patrons p\u00e2tissiers-confiseurs (USPC). Les deux associations professionnelles ont une histoire bien plus que centenaire. Vous trouverez un r\u00e9sum\u00e9 historique illustr\u00e9 dans ce document:","og_url":"https:\/\/swissbaker.ch\/fr\/histoire-de-la-bcs\/","og_site_name":"SBC","article_publisher":"https:\/\/www.facebook.com\/swissbaker.ch","article_modified_time":"2024-02-01T15:25:37+00:00","og_image":[{"width":1669,"height":1007,"url":"https:\/\/swissbaker.ch\/wp-content\/uploads\/2024\/02\/anriss_verbandsgeschichte.jpg","type":"image\/jpeg"}],"twitter_card":"summary_large_image","twitter_site":"@ch_swissbaker","schema":{"@context":"https:\/\/schema.org","@graph":[{"@type":"WebPage","@id":"https:\/\/swissbaker.ch\/fr\/histoire-de-la-bcs\/","url":"https:\/\/swissbaker.ch\/fr\/histoire-de-la-bcs\/","name":"Histoire de la BCS | SBC","isPartOf":{"@id":"https:\/\/swissbaker.ch\/fr\/#website"},"primaryImageOfPage":{"@id":"https:\/\/swissbaker.ch\/fr\/histoire-de-la-bcs\/#primaryimage"},"image":{"@id":"https:\/\/swissbaker.ch\/fr\/histoire-de-la-bcs\/#primaryimage"},"thumbnailUrl":"https:\/\/swissbaker.ch\/wp-content\/uploads\/2024\/02\/anriss_verbandsgeschichte.jpg","datePublished":"2024-02-01T14:21:34+00:00","dateModified":"2024-02-01T15:25:37+00:00","breadcrumb":{"@id":"https:\/\/swissbaker.ch\/fr\/histoire-de-la-bcs\/#breadcrumb"},"inLanguage":"fr-FR","potentialAction":[{"@type":"ReadAction","target":["https:\/\/swissbaker.ch\/fr\/histoire-de-la-bcs\/"]}]},{"@type":"ImageObject","inLanguage":"fr-FR","@id":"https:\/\/swissbaker.ch\/fr\/histoire-de-la-bcs\/#primaryimage","url":"https:\/\/swissbaker.ch\/wp-content\/uploads\/2024\/02\/anriss_verbandsgeschichte.jpg","contentUrl":"https:\/\/swissbaker.ch\/wp-content\/uploads\/2024\/02\/anriss_verbandsgeschichte.jpg","width":1669,"height":1007},{"@type":"BreadcrumbList","@id":"https:\/\/swissbaker.ch\/fr\/histoire-de-la-bcs\/#breadcrumb","itemListElement":[{"@type":"ListItem","position":1,"name":"","item":"https:\/\/swissbaker.ch\/fr\/"},{"@type":"ListItem","position":2,"name":"Histoire de la BCS"}]},{"@type":"WebSite","@id":"https:\/\/swissbaker.ch\/fr\/#website","url":"https:\/\/swissbaker.ch\/fr\/","name":"SBC","description":"","publisher":{"@id":"https:\/\/swissbaker.ch\/fr\/#organization"},"potentialAction":[{"@type":"SearchAction","target":{"@type":"EntryPoint","urlTemplate":"https:\/\/swissbaker.ch\/fr\/?s={search_term_string}"},"query-input":{"@type":"PropertyValueSpecification","valueRequired":true,"valueName":"search_term_string"}}],"inLanguage":"fr-FR"},{"@type":"Organization","@id":"https:\/\/swissbaker.ch\/fr\/#organization","name":"Schweizerischer B\u00e4cker-Confiseurmeister-Verband","url":"https:\/\/swissbaker.ch\/fr\/","logo":{"@type":"ImageObject","inLanguage":"fr-FR","@id":"https:\/\/swissbaker.ch\/fr\/#\/schema\/logo\/image\/","url":"https:\/\/swissbaker.ch\/wp-content\/uploads\/2022\/04\/sbc-logo-yoast.jpg","contentUrl":"https:\/\/swissbaker.ch\/wp-content\/uploads\/2022\/04\/sbc-logo-yoast.jpg","width":512,"height":512,"caption":"Schweizerischer B\u00e4cker-Confiseurmeister-Verband"},"image":{"@id":"https:\/\/swissbaker.ch\/fr\/#\/schema\/logo\/image\/"},"sameAs":["https:\/\/www.facebook.com\/swissbaker.ch","https:\/\/x.com\/ch_swissbaker"]}]}},"_links":{"self":[{"href":"https:\/\/swissbaker.ch\/fr\/wp-json\/wp\/v2\/pages\/74718","targetHints":{"allow":["GET"]}}],"collection":[{"href":"https:\/\/swissbaker.ch\/fr\/wp-json\/wp\/v2\/pages"}],"about":[{"href":"https:\/\/swissbaker.ch\/fr\/wp-json\/wp\/v2\/types\/page"}],"author":[{"embeddable":true,"href":"https:\/\/swissbaker.ch\/fr\/wp-json\/wp\/v2\/users\/5"}],"replies":[{"embeddable":true,"href":"https:\/\/swissbaker.ch\/fr\/wp-json\/wp\/v2\/comments?post=74718"}],"version-history":[{"count":0,"href":"https:\/\/swissbaker.ch\/fr\/wp-json\/wp\/v2\/pages\/74718\/revisions"}],"wp:featuredmedia":[{"embeddable":true,"href":"https:\/\/swissbaker.ch\/fr\/wp-json\/wp\/v2\/media\/74743"}],"wp:attachment":[{"href":"https:\/\/swissbaker.ch\/fr\/wp-json\/wp\/v2\/media?parent=74718"}],"curies":[{"name":"wp","href":"https:\/\/api.w.org\/{rel}","templated":true}]}}

<p>L&#8217;Association suisse des patrons boulangers-confiseurs (BCS) est née en 2013 de la fusion entre l&#8217;Association suisse des patrons boulangers-pâtissiers (ASPBP) et l&#8217;Union suisse des patrons pâtissiers-confiseurs (USPC). </p>



<p>Les deux associations professionnelles ont une histoire bien plus que centenaire.</p>


<div class="wp-block-image">
<figure class="aligncenter size-full is-resized"><img decoding="async" width="910" height="464" src="https://swissbaker.ch/wp-content/uploads/2024/02/verbandsgeschichte_wappen.jpg" alt="" class="wp-image-74746" style="width:440px;height:auto" srcset="https://swissbaker.ch/wp-content/uploads/2024/02/verbandsgeschichte_wappen.jpg 910w, https://swissbaker.ch/wp-content/uploads/2024/02/verbandsgeschichte_wappen-768x392.jpg 768w" sizes="(max-width: 910px) 100vw, 910px" /></figure>
</div>


<p>Vous trouverez un résumé historique illustré dans ce document:</p>



<div class="wp-block-file"><a id="wp-block-file--media-a5347ef2-22a5-40d0-b302-f48a471b0ee9" href="https://swissbaker.ch/wp-content/uploads/2023/03/Verbandsgeschichte_SBC_F.pdf"><strong>Histoire associative de la BCS</strong></a><a href="https://swissbaker.ch/wp-content/uploads/2023/03/Verbandsgeschichte_SBC_F.pdf" class="wp-block-file__button wp-element-button" download aria-describedby="wp-block-file--media-a5347ef2-22a5-40d0-b302-f48a471b0ee9">Herunterladen</a></div>

<p>L&#8217;Association suisse des patrons boulangers-confiseurs (BCS) est née en 2013 de la fusion entre l&#8217;Association suisse des patrons boulangers-pâtissiers (ASPBP) et l&#8217;Union suisse des patrons pâtissiers-confiseurs (USPC). Les deux associations professionnelles ont une histoire bien plus que centenaire. Vous trouverez un résumé historique illustré dans ce document:</p>

<!-- This site is optimized with the Yoast SEO Premium plugin v26.8 (Yoast SEO v26.8) - https://yoast.com/product/yoast-seo-premium-wordpress/ -->
<title>Histoire de la BCS | SBC</title>
<meta name="robots" content="index, follow, max-snippet:-1, max-image-preview:large, max-video-preview:-1" />
<link rel="canonical" href="https://swissbaker.ch/fr/histoire-de-la-bcs/" />
<meta property="og:locale" content="fr_FR" />
<meta property="og:type" content="article" />
<meta property="og:title" content="Histoire de la BCS" />
<meta property="og:description" content="L&#8217;Association suisse des patrons boulangers-confiseurs (BCS) est née en 2013 de la fusion entre l&#8217;Association suisse des patrons boulangers-pâtissiers (ASPBP) et l&#8217;Union suisse des patrons pâtissiers-confiseurs (USPC). Les deux associations professionnelles ont une histoire bien plus que centenaire. Vous trouverez un résumé historique illustré dans ce document:" />
<meta property="og:url" content="https://swissbaker.ch/fr/histoire-de-la-bcs/" />
<meta property="og:site_name" content="SBC" />
<meta property="article:publisher" content="https://www.facebook.com/swissbaker.ch" />
<meta property="article:modified_time" content="2024-02-01T15:25:37+00:00" />
<meta property="og:image" content="https://swissbaker.ch/wp-content/uploads/2024/02/anriss_verbandsgeschichte.jpg" />
	<meta property="og:image:width" content="1669" />
	<meta property="og:image:height" content="1007" />
	<meta property="og:image:type" content="image/jpeg" />
<meta name="twitter:card" content="summary_large_image" />
<meta name="twitter:site" content="@ch_swissbaker" />
<script type="application/ld+json" class="yoast-schema-graph">{"@context":"https://schema.org","@graph":[{"@type":"WebPage","@id":"https://swissbaker.ch/fr/histoire-de-la-bcs/","url":"https://swissbaker.ch/fr/histoire-de-la-bcs/","name":"Histoire de la BCS | SBC","isPartOf":{"@id":"https://swissbaker.ch/fr/#website"},"primaryImageOfPage":{"@id":"https://swissbaker.ch/fr/histoire-de-la-bcs/#primaryimage"},"image":{"@id":"https://swissbaker.ch/fr/histoire-de-la-bcs/#primaryimage"},"thumbnailUrl":"https://swissbaker.ch/wp-content/uploads/2024/02/anriss_verbandsgeschichte.jpg","datePublished":"2024-02-01T14:21:34+00:00","dateModified":"2024-02-01T15:25:37+00:00","breadcrumb":{"@id":"https://swissbaker.ch/fr/histoire-de-la-bcs/#breadcrumb"},"inLanguage":"fr-FR","potentialAction":[{"@type":"ReadAction","target":["https://swissbaker.ch/fr/histoire-de-la-bcs/"]}]},{"@type":"ImageObject","inLanguage":"fr-FR","@id":"https://swissbaker.ch/fr/histoire-de-la-bcs/#primaryimage","url":"https://swissbaker.ch/wp-content/uploads/2024/02/anriss_verbandsgeschichte.jpg","contentUrl":"https://swissbaker.ch/wp-content/uploads/2024/02/anriss_verbandsgeschichte.jpg","width":1669,"height":1007},{"@type":"BreadcrumbList","@id":"https://swissbaker.ch/fr/histoire-de-la-bcs/#breadcrumb","itemListElement":[{"@type":"ListItem","position":1,"name":"","item":"https://swissbaker.ch/fr/"},{"@type":"ListItem","position":2,"name":"Histoire de la BCS"}]},{"@type":"WebSite","@id":"https://swissbaker.ch/fr/#website","url":"https://swissbaker.ch/fr/","name":"SBC","description":"","publisher":{"@id":"https://swissbaker.ch/fr/#organization"},"potentialAction":[{"@type":"SearchAction","target":{"@type":"EntryPoint","urlTemplate":"https://swissbaker.ch/fr/?s={search_term_string}"},"query-input":{"@type":"PropertyValueSpecification","valueRequired":true,"valueName":"search_term_string"}}],"inLanguage":"fr-FR"},{"@type":"Organization","@id":"https://swissbaker.ch/fr/#organization","name":"Schweizerischer Bäcker-Confiseurmeister-Verband","url":"https://swissbaker.ch/fr/","logo":{"@type":"ImageObject","inLanguage":"fr-FR","@id":"https://swissbaker.ch/fr/#/schema/logo/image/","url":"https://swissbaker.ch/wp-content/uploads/2022/04/sbc-logo-yoast.jpg","contentUrl":"https://swissbaker.ch/wp-content/uploads/2022/04/sbc-logo-yoast.jpg","width":512,"height":512,"caption":"Schweizerischer Bäcker-Confiseurmeister-Verband"},"image":{"@id":"https://swissbaker.ch/fr/#/schema/logo/image/"},"sameAs":["https://www.facebook.com/swissbaker.ch","https://x.com/ch_swissbaker"]}]}</script>
<!-- / Yoast SEO Premium plugin. -->

L&#8217;Association suisse des patrons boulangers-confiseurs (BCS) est née en 2013 de la fusion entre l&#8217;Association suisse des patrons boulangers-pâtissiers (ASPBP) et l&#8217;Union suisse des patrons pâtissiers-confiseurs (USPC). Les deux associations professionnelles ont une histoire bien plus que centenaire. Vous trouverez un résumé historique illustré dans ce document:

Schweizerischer Bäcker-Confiseurmeister-Verband
