{"id":39002,"date":"2022-06-22T08:52:25","date_gmt":"2022-06-22T06:52:25","guid":{"rendered":"https:\/\/swissbaker.ch\/?page_id=39002"},"modified":"2022-09-06T10:54:54","modified_gmt":"2022-09-06T08:54:54","slug":"demande-damendement-de-la-cct","status":"publish","type":"page","link":"https:\/\/swissbaker.ch\/fr\/intranet\/dokumente-gav-recht\/demande-damendement-de-la-cct\/","title":{"rendered":"Demande d\u2019amendement de la CCT"},"content":{"rendered":"\n<p>La BCS tient \u00e0 am\u00e9nager les conditions de travail dans l\u2019int\u00e9r\u00eat de ses membres. En vue des prochaines n\u00e9gociations relatives \u00e0 la CCT, nous collectons en permanence des suggestions et des objections \u00e0 la CCT actuellement en vigueur, entravant nos entreprises membres au quotidien.<\/p>\n\n\n\n<p>Veuillez nous faire parvenir le formulaire ci-apr\u00e8s d\u00fbment rempli si vous avez des remarques.<\/p>\n\n\n\n<div class=\"wp-block-file\"><a id=\"wp-block-file--media-287d587b-cdc5-4c14-9930-6571491681a0\" href=\"https:\/\/swissbaker.ch\/wp-content\/uploads\/2022\/06\/demande_cct_bcs_fr.pdf\" target=\"_blank\" rel=\"noreferrer noopener\">Demande d\u2019amendement de la CCT.pdf<\/a><a href=\"https:\/\/swissbaker.ch\/wp-content\/uploads\/2022\/06\/demande_cct_bcs_fr.pdf\" class=\"wp-block-file__button\" download aria-describedby=\"wp-block-file--media-287d587b-cdc5-4c14-9930-6571491681a0\">Herunterladen<\/a><\/div>\n\n\n\n<p>Nous examinerons vos pr\u00e9occupations et, dans la mesure du possible, les int\u00e9grerons dans les n\u00e9gociations. En cas de doute, nous vous demanderons pr\u00e9alablement de compl\u00e9ter vos dires; dans le cas contraire, nous vous saurions gr\u00e9 de vous tenir au courant via nos canaux d\u2019information et votre association cantonale.<br>Nous esp\u00e9rons que vous comprendrez que nous repr\u00e9sentons vos int\u00e9r\u00eats, mais ne pouvons vous r\u00e9pondre individuellement pour des raisons de co\u00fbts.<\/p>\n\n\n\n<p>Nous vous remercions de votre soutien dans l\u2019int\u00e9r\u00eat d\u2019un secteur boulanger-confiseur fort.<\/p>\n","protected":false},"excerpt":{"rendered":"<p>La BCS tient \u00e0 am\u00e9nager les conditions de travail dans l\u2019int\u00e9r\u00eat de ses membres. En vue des prochaines n\u00e9gociations relatives \u00e0 la CCT, nous collectons en permanence des suggestions et des objections \u00e0 la CCT actuellement en vigueur, entravant nos entreprises membres au quotidien. Veuillez nous faire parvenir le formulaire ci-apr\u00e8s d\u00fbment rempli si vous avez des remarques. Nous examinerons [&hellip;]<\/p>\n","protected":false},"author":1,"featured_media":0,"parent":38992,"menu_order":0,"comment_status":"closed","ping_status":"closed","template":"page-intranet.php","meta":{"_acf_changed":false,"footnotes":""},"class_list":["post-39002","page","type-page","status-publish","hentry"],"acf":[],"yoast_head":"<!-- This site is optimized with the Yoast SEO Premium plugin v26.8 (Yoast SEO v26.8) - https:\/\/yoast.com\/product\/yoast-seo-premium-wordpress\/ -->\n<title>Demande d\u2019amendement de la CCT | SBC<\/title>\n<meta name=\"robots\" content=\"index, follow, max-snippet:-1, max-image-preview:large, max-video-preview:-1\" \/>\n<link rel=\"canonical\" href=\"https:\/\/swissbaker.ch\/fr\/intranet\/dokumente-gav-recht\/demande-damendement-de-la-cct\/\" \/>\n<meta property=\"og:locale\" content=\"fr_FR\" \/>\n<meta property=\"og:type\" content=\"article\" \/>\n<meta property=\"og:title\" content=\"Demande d\u2019amendement de la CCT\" \/>\n<meta property=\"og:description\" content=\"La BCS tient \u00e0 am\u00e9nager les conditions de travail dans l\u2019int\u00e9r\u00eat de ses membres. En vue des prochaines n\u00e9gociations relatives \u00e0 la CCT, nous collectons en permanence des suggestions et des objections \u00e0 la CCT actuellement en vigueur, entravant nos entreprises membres au quotidien. Veuillez nous faire parvenir le formulaire ci-apr\u00e8s d\u00fbment rempli si vous avez des remarques. Nous examinerons [&hellip;]\" \/>\n<meta property=\"og:url\" content=\"https:\/\/swissbaker.ch\/fr\/intranet\/dokumente-gav-recht\/demande-damendement-de-la-cct\/\" \/>\n<meta property=\"og:site_name\" content=\"SBC\" \/>\n<meta property=\"article:publisher\" content=\"https:\/\/www.facebook.com\/swissbaker.ch\" \/>\n<meta property=\"article:modified_time\" content=\"2022-09-06T08:54:54+00:00\" \/>\n<meta property=\"og:image\" content=\"https:\/\/swissbaker.ch\/wp-content\/uploads\/2022\/04\/sbc-logo-yoast.jpg\" \/>\n\t<meta property=\"og:image:width\" content=\"512\" \/>\n\t<meta property=\"og:image:height\" content=\"512\" \/>\n\t<meta property=\"og:image:type\" content=\"image\/jpeg\" \/>\n<meta name=\"twitter:card\" content=\"summary_large_image\" \/>\n<meta name=\"twitter:site\" content=\"@ch_swissbaker\" \/>\n<meta name=\"twitter:label1\" content=\"Est. reading time\" \/>\n\t<meta name=\"twitter:data1\" content=\"1 minute\" \/>\n<script type=\"application\/ld+json\" class=\"yoast-schema-graph\">{\"@context\":\"https:\/\/schema.org\",\"@graph\":[{\"@type\":\"WebPage\",\"@id\":\"https:\/\/swissbaker.ch\/fr\/intranet\/dokumente-gav-recht\/demande-damendement-de-la-cct\/\",\"url\":\"https:\/\/swissbaker.ch\/fr\/intranet\/dokumente-gav-recht\/demande-damendement-de-la-cct\/\",\"name\":\"Demande d\u2019amendement de la CCT | SBC\",\"isPartOf\":{\"@id\":\"https:\/\/swissbaker.ch\/fr\/#website\"},\"datePublished\":\"2022-06-22T06:52:25+00:00\",\"dateModified\":\"2022-09-06T08:54:54+00:00\",\"breadcrumb\":{\"@id\":\"https:\/\/swissbaker.ch\/fr\/intranet\/dokumente-gav-recht\/demande-damendement-de-la-cct\/#breadcrumb\"},\"inLanguage\":\"fr-FR\",\"potentialAction\":[{\"@type\":\"ReadAction\",\"target\":[\"https:\/\/swissbaker.ch\/fr\/intranet\/dokumente-gav-recht\/demande-damendement-de-la-cct\/\"]}]},{\"@type\":\"BreadcrumbList\",\"@id\":\"https:\/\/swissbaker.ch\/fr\/intranet\/dokumente-gav-recht\/demande-damendement-de-la-cct\/#breadcrumb\",\"itemListElement\":[{\"@type\":\"ListItem\",\"position\":1,\"name\":\"\",\"item\":\"https:\/\/swissbaker.ch\/fr\/\"},{\"@type\":\"ListItem\",\"position\":2,\"name\":\"Intranet\",\"item\":\"https:\/\/swissbaker.ch\/fr\/intranet\/\"},{\"@type\":\"ListItem\",\"position\":3,\"name\":\"CCT \/ Droit\",\"item\":\"https:\/\/swissbaker.ch\/fr\/intranet\/dokumente-gav-recht\/\"},{\"@type\":\"ListItem\",\"position\":4,\"name\":\"Demande d\u2019amendement de la CCT\"}]},{\"@type\":\"WebSite\",\"@id\":\"https:\/\/swissbaker.ch\/fr\/#website\",\"url\":\"https:\/\/swissbaker.ch\/fr\/\",\"name\":\"SBC\",\"description\":\"\",\"publisher\":{\"@id\":\"https:\/\/swissbaker.ch\/fr\/#organization\"},\"potentialAction\":[{\"@type\":\"SearchAction\",\"target\":{\"@type\":\"EntryPoint\",\"urlTemplate\":\"https:\/\/swissbaker.ch\/fr\/?s={search_term_string}\"},\"query-input\":{\"@type\":\"PropertyValueSpecification\",\"valueRequired\":true,\"valueName\":\"search_term_string\"}}],\"inLanguage\":\"fr-FR\"},{\"@type\":\"Organization\",\"@id\":\"https:\/\/swissbaker.ch\/fr\/#organization\",\"name\":\"Schweizerischer B\u00e4cker-Confiseurmeister-Verband\",\"url\":\"https:\/\/swissbaker.ch\/fr\/\",\"logo\":{\"@type\":\"ImageObject\",\"inLanguage\":\"fr-FR\",\"@id\":\"https:\/\/swissbaker.ch\/fr\/#\/schema\/logo\/image\/\",\"url\":\"https:\/\/swissbaker.ch\/wp-content\/uploads\/2022\/04\/sbc-logo-yoast.jpg\",\"contentUrl\":\"https:\/\/swissbaker.ch\/wp-content\/uploads\/2022\/04\/sbc-logo-yoast.jpg\",\"width\":512,\"height\":512,\"caption\":\"Schweizerischer B\u00e4cker-Confiseurmeister-Verband\"},\"image\":{\"@id\":\"https:\/\/swissbaker.ch\/fr\/#\/schema\/logo\/image\/\"},\"sameAs\":[\"https:\/\/www.facebook.com\/swissbaker.ch\",\"https:\/\/x.com\/ch_swissbaker\"]}]}<\/script>\n<!-- \/ Yoast SEO Premium plugin. -->","yoast_head_json":{"title":"Demande d\u2019amendement de la CCT | SBC","robots":{"index":"index","follow":"follow","max-snippet":"max-snippet:-1","max-image-preview":"max-image-preview:large","max-video-preview":"max-video-preview:-1"},"canonical":"https:\/\/swissbaker.ch\/fr\/intranet\/dokumente-gav-recht\/demande-damendement-de-la-cct\/","og_locale":"fr_FR","og_type":"article","og_title":"Demande d\u2019amendement de la CCT","og_description":"La BCS tient \u00e0 am\u00e9nager les conditions de travail dans l\u2019int\u00e9r\u00eat de ses membres. En vue des prochaines n\u00e9gociations relatives \u00e0 la CCT, nous collectons en permanence des suggestions et des objections \u00e0 la CCT actuellement en vigueur, entravant nos entreprises membres au quotidien. Veuillez nous faire parvenir le formulaire ci-apr\u00e8s d\u00fbment rempli si vous avez des remarques. Nous examinerons [&hellip;]","og_url":"https:\/\/swissbaker.ch\/fr\/intranet\/dokumente-gav-recht\/demande-damendement-de-la-cct\/","og_site_name":"SBC","article_publisher":"https:\/\/www.facebook.com\/swissbaker.ch","article_modified_time":"2022-09-06T08:54:54+00:00","og_image":[{"width":512,"height":512,"url":"https:\/\/swissbaker.ch\/wp-content\/uploads\/2022\/04\/sbc-logo-yoast.jpg","type":"image\/jpeg"}],"twitter_card":"summary_large_image","twitter_site":"@ch_swissbaker","twitter_misc":{"Est. reading time":"1 minute"},"schema":{"@context":"https:\/\/schema.org","@graph":[{"@type":"WebPage","@id":"https:\/\/swissbaker.ch\/fr\/intranet\/dokumente-gav-recht\/demande-damendement-de-la-cct\/","url":"https:\/\/swissbaker.ch\/fr\/intranet\/dokumente-gav-recht\/demande-damendement-de-la-cct\/","name":"Demande d\u2019amendement de la CCT | SBC","isPartOf":{"@id":"https:\/\/swissbaker.ch\/fr\/#website"},"datePublished":"2022-06-22T06:52:25+00:00","dateModified":"2022-09-06T08:54:54+00:00","breadcrumb":{"@id":"https:\/\/swissbaker.ch\/fr\/intranet\/dokumente-gav-recht\/demande-damendement-de-la-cct\/#breadcrumb"},"inLanguage":"fr-FR","potentialAction":[{"@type":"ReadAction","target":["https:\/\/swissbaker.ch\/fr\/intranet\/dokumente-gav-recht\/demande-damendement-de-la-cct\/"]}]},{"@type":"BreadcrumbList","@id":"https:\/\/swissbaker.ch\/fr\/intranet\/dokumente-gav-recht\/demande-damendement-de-la-cct\/#breadcrumb","itemListElement":[{"@type":"ListItem","position":1,"name":"","item":"https:\/\/swissbaker.ch\/fr\/"},{"@type":"ListItem","position":2,"name":"Intranet","item":"https:\/\/swissbaker.ch\/fr\/intranet\/"},{"@type":"ListItem","position":3,"name":"CCT \/ Droit","item":"https:\/\/swissbaker.ch\/fr\/intranet\/dokumente-gav-recht\/"},{"@type":"ListItem","position":4,"name":"Demande d\u2019amendement de la CCT"}]},{"@type":"WebSite","@id":"https:\/\/swissbaker.ch\/fr\/#website","url":"https:\/\/swissbaker.ch\/fr\/","name":"SBC","description":"","publisher":{"@id":"https:\/\/swissbaker.ch\/fr\/#organization"},"potentialAction":[{"@type":"SearchAction","target":{"@type":"EntryPoint","urlTemplate":"https:\/\/swissbaker.ch\/fr\/?s={search_term_string}"},"query-input":{"@type":"PropertyValueSpecification","valueRequired":true,"valueName":"search_term_string"}}],"inLanguage":"fr-FR"},{"@type":"Organization","@id":"https:\/\/swissbaker.ch\/fr\/#organization","name":"Schweizerischer B\u00e4cker-Confiseurmeister-Verband","url":"https:\/\/swissbaker.ch\/fr\/","logo":{"@type":"ImageObject","inLanguage":"fr-FR","@id":"https:\/\/swissbaker.ch\/fr\/#\/schema\/logo\/image\/","url":"https:\/\/swissbaker.ch\/wp-content\/uploads\/2022\/04\/sbc-logo-yoast.jpg","contentUrl":"https:\/\/swissbaker.ch\/wp-content\/uploads\/2022\/04\/sbc-logo-yoast.jpg","width":512,"height":512,"caption":"Schweizerischer B\u00e4cker-Confiseurmeister-Verband"},"image":{"@id":"https:\/\/swissbaker.ch\/fr\/#\/schema\/logo\/image\/"},"sameAs":["https:\/\/www.facebook.com\/swissbaker.ch","https:\/\/x.com\/ch_swissbaker"]}]}},"_links":{"self":[{"href":"https:\/\/swissbaker.ch\/fr\/wp-json\/wp\/v2\/pages\/39002","targetHints":{"allow":["GET"]}}],"collection":[{"href":"https:\/\/swissbaker.ch\/fr\/wp-json\/wp\/v2\/pages"}],"about":[{"href":"https:\/\/swissbaker.ch\/fr\/wp-json\/wp\/v2\/types\/page"}],"author":[{"embeddable":true,"href":"https:\/\/swissbaker.ch\/fr\/wp-json\/wp\/v2\/users\/1"}],"replies":[{"embeddable":true,"href":"https:\/\/swissbaker.ch\/fr\/wp-json\/wp\/v2\/comments?post=39002"}],"version-history":[{"count":0,"href":"https:\/\/swissbaker.ch\/fr\/wp-json\/wp\/v2\/pages\/39002\/revisions"}],"up":[{"embeddable":true,"href":"https:\/\/swissbaker.ch\/fr\/wp-json\/wp\/v2\/pages\/38992"}],"wp:attachment":[{"href":"https:\/\/swissbaker.ch\/fr\/wp-json\/wp\/v2\/media?parent=39002"}],"curies":[{"name":"wp","href":"https:\/\/api.w.org\/{rel}","templated":true}]}}

<p>La BCS tient à aménager les conditions de travail dans l’intérêt de ses membres. En vue des prochaines négociations relatives à la CCT, nous collectons en permanence des suggestions et des objections à la CCT actuellement en vigueur, entravant nos entreprises membres au quotidien.</p>



<p>Veuillez nous faire parvenir le formulaire ci-après dûment rempli si vous avez des remarques.</p>



<div class="wp-block-file"><a id="wp-block-file--media-287d587b-cdc5-4c14-9930-6571491681a0" href="https://swissbaker.ch/wp-content/uploads/2022/06/demande_cct_bcs_fr.pdf" target="_blank" rel="noreferrer noopener">Demande d’amendement de la CCT.pdf</a><a href="https://swissbaker.ch/wp-content/uploads/2022/06/demande_cct_bcs_fr.pdf" class="wp-block-file__button" download aria-describedby="wp-block-file--media-287d587b-cdc5-4c14-9930-6571491681a0">Herunterladen</a></div>



<p>Nous examinerons vos préoccupations et, dans la mesure du possible, les intégrerons dans les négociations. En cas de doute, nous vous demanderons préalablement de compléter vos dires; dans le cas contraire, nous vous saurions gré de vous tenir au courant via nos canaux d’information et votre association cantonale.<br>Nous espérons que vous comprendrez que nous représentons vos intérêts, mais ne pouvons vous répondre individuellement pour des raisons de coûts.</p>



<p>Nous vous remercions de votre soutien dans l’intérêt d’un secteur boulanger-confiseur fort.</p>

<p>La BCS tient à aménager les conditions de travail dans l’intérêt de ses membres. En vue des prochaines négociations relatives à la CCT, nous collectons en permanence des suggestions et des objections à la CCT actuellement en vigueur, entravant nos entreprises membres au quotidien. Veuillez nous faire parvenir le formulaire ci-après dûment rempli si vous avez des remarques. Nous examinerons [&hellip;]</p>

<!-- This site is optimized with the Yoast SEO Premium plugin v26.8 (Yoast SEO v26.8) - https://yoast.com/product/yoast-seo-premium-wordpress/ -->
<title>Demande d’amendement de la CCT | SBC</title>
<meta name="robots" content="index, follow, max-snippet:-1, max-image-preview:large, max-video-preview:-1" />
<link rel="canonical" href="https://swissbaker.ch/fr/intranet/dokumente-gav-recht/demande-damendement-de-la-cct/" />
<meta property="og:locale" content="fr_FR" />
<meta property="og:type" content="article" />
<meta property="og:title" content="Demande d’amendement de la CCT" />
<meta property="og:description" content="La BCS tient à aménager les conditions de travail dans l’intérêt de ses membres. En vue des prochaines négociations relatives à la CCT, nous collectons en permanence des suggestions et des objections à la CCT actuellement en vigueur, entravant nos entreprises membres au quotidien. Veuillez nous faire parvenir le formulaire ci-après dûment rempli si vous avez des remarques. Nous examinerons [&hellip;]" />
<meta property="og:url" content="https://swissbaker.ch/fr/intranet/dokumente-gav-recht/demande-damendement-de-la-cct/" />
<meta property="og:site_name" content="SBC" />
<meta property="article:publisher" content="https://www.facebook.com/swissbaker.ch" />
<meta property="article:modified_time" content="2022-09-06T08:54:54+00:00" />
<meta property="og:image" content="https://swissbaker.ch/wp-content/uploads/2022/04/sbc-logo-yoast.jpg" />
	<meta property="og:image:width" content="512" />
	<meta property="og:image:height" content="512" />
	<meta property="og:image:type" content="image/jpeg" />
<meta name="twitter:card" content="summary_large_image" />
<meta name="twitter:site" content="@ch_swissbaker" />
<meta name="twitter:label1" content="Est. reading time" />
	<meta name="twitter:data1" content="1 minute" />
<script type="application/ld+json" class="yoast-schema-graph">{"@context":"https://schema.org","@graph":[{"@type":"WebPage","@id":"https://swissbaker.ch/fr/intranet/dokumente-gav-recht/demande-damendement-de-la-cct/","url":"https://swissbaker.ch/fr/intranet/dokumente-gav-recht/demande-damendement-de-la-cct/","name":"Demande d’amendement de la CCT | SBC","isPartOf":{"@id":"https://swissbaker.ch/fr/#website"},"datePublished":"2022-06-22T06:52:25+00:00","dateModified":"2022-09-06T08:54:54+00:00","breadcrumb":{"@id":"https://swissbaker.ch/fr/intranet/dokumente-gav-recht/demande-damendement-de-la-cct/#breadcrumb"},"inLanguage":"fr-FR","potentialAction":[{"@type":"ReadAction","target":["https://swissbaker.ch/fr/intranet/dokumente-gav-recht/demande-damendement-de-la-cct/"]}]},{"@type":"BreadcrumbList","@id":"https://swissbaker.ch/fr/intranet/dokumente-gav-recht/demande-damendement-de-la-cct/#breadcrumb","itemListElement":[{"@type":"ListItem","position":1,"name":"","item":"https://swissbaker.ch/fr/"},{"@type":"ListItem","position":2,"name":"Intranet","item":"https://swissbaker.ch/fr/intranet/"},{"@type":"ListItem","position":3,"name":"CCT / Droit","item":"https://swissbaker.ch/fr/intranet/dokumente-gav-recht/"},{"@type":"ListItem","position":4,"name":"Demande d’amendement de la CCT"}]},{"@type":"WebSite","@id":"https://swissbaker.ch/fr/#website","url":"https://swissbaker.ch/fr/","name":"SBC","description":"","publisher":{"@id":"https://swissbaker.ch/fr/#organization"},"potentialAction":[{"@type":"SearchAction","target":{"@type":"EntryPoint","urlTemplate":"https://swissbaker.ch/fr/?s={search_term_string}"},"query-input":{"@type":"PropertyValueSpecification","valueRequired":true,"valueName":"search_term_string"}}],"inLanguage":"fr-FR"},{"@type":"Organization","@id":"https://swissbaker.ch/fr/#organization","name":"Schweizerischer Bäcker-Confiseurmeister-Verband","url":"https://swissbaker.ch/fr/","logo":{"@type":"ImageObject","inLanguage":"fr-FR","@id":"https://swissbaker.ch/fr/#/schema/logo/image/","url":"https://swissbaker.ch/wp-content/uploads/2022/04/sbc-logo-yoast.jpg","contentUrl":"https://swissbaker.ch/wp-content/uploads/2022/04/sbc-logo-yoast.jpg","width":512,"height":512,"caption":"Schweizerischer Bäcker-Confiseurmeister-Verband"},"image":{"@id":"https://swissbaker.ch/fr/#/schema/logo/image/"},"sameAs":["https://www.facebook.com/swissbaker.ch","https://x.com/ch_swissbaker"]}]}</script>
<!-- / Yoast SEO Premium plugin. -->

La BCS tient à aménager les conditions de travail dans l’intérêt de ses membres. En vue des prochaines négociations relatives à la CCT, nous collectons en permanence des suggestions et des objections à la CCT actuellement en vigueur, entravant nos entreprises membres au quotidien. Veuillez nous faire parvenir le formulaire ci-après dûment rempli si vous avez des remarques. Nous examinerons [&hellip;]

Schweizerischer Bäcker-Confiseurmeister-Verband
