{"id":38452,"date":"2022-06-14T15:41:24","date_gmt":"2022-06-14T13:41:24","guid":{"rendered":"https:\/\/swissbaker.ch\/?page_id=38452"},"modified":"2024-11-29T08:54:06","modified_gmt":"2024-11-29T07:54:06","slug":"boulangerie-bruxelles-2014","status":"publish","type":"page","link":"https:\/\/swissbaker.ch\/fr\/releve\/concours-professionnels\/concours-uibc\/boulangerie-bruxelles-2014\/","title":{"rendered":"Boulangerie Bruxelles 2014"},"content":{"rendered":"\n<p><strong>La championne suisse 2013 et la seconde class\u00e9e lors de cette comp\u00e9tition ont repr\u00e9sent\u00e9 la Suisse au concours professionnel international des jeunes boulangers&nbsp;du 11 au 14 octobre 2014 \u00e0 Bruxelles (Belgique).&nbsp;<br>F\u00e9licitations \u00e0 Andrea Liechti et \u00e0 Natascha Collenberg pour leur belle performance! Natascha a gagn\u00e9 le prix sp\u00e9cial pour la meilleure pi\u00e8ce artistique sur le th\u00e8me \u00abguerre et paix\u00bb.&nbsp;<\/strong><\/p>\n\n\n\n<figure class=\"wp-block-image size-full\"><img decoding=\"async\" width=\"280\" height=\"170\" src=\"https:\/\/swissbaker.ch\/wp-content\/uploads\/2022\/06\/csm_kandidatinnen_bruesssel_14_2_ad35eddfae.jpg\" alt=\"\" class=\"wp-image-38449\"\/><figcaption>Andrea Liechti et Natascha Collenberg avec leurs pi\u00e8ces artistiques<\/figcaption><\/figure>\n","protected":false},"excerpt":{"rendered":"<p>La championne suisse 2013 et la seconde class\u00e9e lors de cette comp\u00e9tition ont repr\u00e9sent\u00e9 la Suisse au concours professionnel international des jeunes boulangers&nbsp;du 11 au 14 octobre 2014 \u00e0 Bruxelles (Belgique).&nbsp;F\u00e9licitations \u00e0 Andrea Liechti et \u00e0 Natascha Collenberg pour leur belle performance! Natascha a gagn\u00e9 le prix sp\u00e9cial pour la meilleure pi\u00e8ce artistique sur le th\u00e8me \u00abguerre et paix\u00bb.&nbsp;<\/p>\n","protected":false},"author":1,"featured_media":0,"parent":38342,"menu_order":0,"comment_status":"closed","ping_status":"closed","template":"","meta":{"_acf_changed":true,"footnotes":""},"class_list":["post-38452","page","type-page","status-publish","hentry"],"acf":[],"yoast_head":"<!-- This site is optimized with the Yoast SEO Premium plugin v26.8 (Yoast SEO v26.8) - https:\/\/yoast.com\/product\/yoast-seo-premium-wordpress\/ -->\n<title>Boulangerie Bruxelles 2014 | SBC<\/title>\n<meta name=\"robots\" content=\"index, follow, max-snippet:-1, max-image-preview:large, max-video-preview:-1\" \/>\n<link rel=\"canonical\" href=\"https:\/\/swissbaker.ch\/fr\/releve\/concours-professionnels\/concours-uibc\/boulangerie-bruxelles-2014\/\" \/>\n<meta property=\"og:locale\" content=\"fr_FR\" \/>\n<meta property=\"og:type\" content=\"article\" \/>\n<meta property=\"og:title\" content=\"Boulangerie Bruxelles 2014\" \/>\n<meta property=\"og:description\" content=\"La championne suisse 2013 et la seconde class\u00e9e lors de cette comp\u00e9tition ont repr\u00e9sent\u00e9 la Suisse au concours professionnel international des jeunes boulangers&nbsp;du 11 au 14 octobre 2014 \u00e0 Bruxelles (Belgique).&nbsp;F\u00e9licitations \u00e0 Andrea Liechti et \u00e0 Natascha Collenberg pour leur belle performance! Natascha a gagn\u00e9 le prix sp\u00e9cial pour la meilleure pi\u00e8ce artistique sur le th\u00e8me \u00abguerre et paix\u00bb.&nbsp;\" \/>\n<meta property=\"og:url\" content=\"https:\/\/swissbaker.ch\/fr\/releve\/concours-professionnels\/concours-uibc\/boulangerie-bruxelles-2014\/\" \/>\n<meta property=\"og:site_name\" content=\"SBC\" \/>\n<meta property=\"article:publisher\" content=\"https:\/\/www.facebook.com\/swissbaker.ch\" \/>\n<meta property=\"article:modified_time\" content=\"2024-11-29T07:54:06+00:00\" \/>\n<meta property=\"og:image\" content=\"https:\/\/swissbaker.ch\/wp-content\/uploads\/2022\/06\/csm_kandidatinnen_bruesssel_14_2_ad35eddfae.jpg\" \/>\n<meta name=\"twitter:card\" content=\"summary_large_image\" \/>\n<meta name=\"twitter:site\" content=\"@ch_swissbaker\" \/>\n<meta name=\"twitter:label1\" content=\"Est. reading time\" \/>\n\t<meta name=\"twitter:data1\" content=\"1 minute\" \/>\n<script type=\"application\/ld+json\" class=\"yoast-schema-graph\">{\"@context\":\"https:\/\/schema.org\",\"@graph\":[{\"@type\":\"WebPage\",\"@id\":\"https:\/\/swissbaker.ch\/fr\/releve\/concours-professionnels\/concours-uibc\/boulangerie-bruxelles-2014\/\",\"url\":\"https:\/\/swissbaker.ch\/fr\/releve\/concours-professionnels\/concours-uibc\/boulangerie-bruxelles-2014\/\",\"name\":\"Boulangerie Bruxelles 2014 | SBC\",\"isPartOf\":{\"@id\":\"https:\/\/swissbaker.ch\/fr\/#website\"},\"primaryImageOfPage\":{\"@id\":\"https:\/\/swissbaker.ch\/fr\/releve\/concours-professionnels\/concours-uibc\/boulangerie-bruxelles-2014\/#primaryimage\"},\"image\":{\"@id\":\"https:\/\/swissbaker.ch\/fr\/releve\/concours-professionnels\/concours-uibc\/boulangerie-bruxelles-2014\/#primaryimage\"},\"thumbnailUrl\":\"https:\/\/swissbaker.ch\/wp-content\/uploads\/2022\/06\/csm_kandidatinnen_bruesssel_14_2_ad35eddfae.jpg\",\"datePublished\":\"2022-06-14T13:41:24+00:00\",\"dateModified\":\"2024-11-29T07:54:06+00:00\",\"breadcrumb\":{\"@id\":\"https:\/\/swissbaker.ch\/fr\/releve\/concours-professionnels\/concours-uibc\/boulangerie-bruxelles-2014\/#breadcrumb\"},\"inLanguage\":\"fr-FR\",\"potentialAction\":[{\"@type\":\"ReadAction\",\"target\":[\"https:\/\/swissbaker.ch\/fr\/releve\/concours-professionnels\/concours-uibc\/boulangerie-bruxelles-2014\/\"]}]},{\"@type\":\"ImageObject\",\"inLanguage\":\"fr-FR\",\"@id\":\"https:\/\/swissbaker.ch\/fr\/releve\/concours-professionnels\/concours-uibc\/boulangerie-bruxelles-2014\/#primaryimage\",\"url\":\"https:\/\/swissbaker.ch\/wp-content\/uploads\/2022\/06\/csm_kandidatinnen_bruesssel_14_2_ad35eddfae.jpg\",\"contentUrl\":\"https:\/\/swissbaker.ch\/wp-content\/uploads\/2022\/06\/csm_kandidatinnen_bruesssel_14_2_ad35eddfae.jpg\"},{\"@type\":\"BreadcrumbList\",\"@id\":\"https:\/\/swissbaker.ch\/fr\/releve\/concours-professionnels\/concours-uibc\/boulangerie-bruxelles-2014\/#breadcrumb\",\"itemListElement\":[{\"@type\":\"ListItem\",\"position\":1,\"name\":\"\",\"item\":\"https:\/\/swissbaker.ch\/fr\/\"},{\"@type\":\"ListItem\",\"position\":2,\"name\":\"Rel\u00e8ve\",\"item\":\"https:\/\/swissbaker.ch\/fr\/releve\/\"},{\"@type\":\"ListItem\",\"position\":3,\"name\":\"Concours professionnels\",\"item\":\"https:\/\/swissbaker.ch\/fr\/releve\/concours-professionnels\/\"},{\"@type\":\"ListItem\",\"position\":4,\"name\":\"Concours UIBC\",\"item\":\"https:\/\/swissbaker.ch\/fr\/releve\/concours-professionnels\/concours-uibc\/\"},{\"@type\":\"ListItem\",\"position\":5,\"name\":\"Boulangerie Bruxelles 2014\"}]},{\"@type\":\"WebSite\",\"@id\":\"https:\/\/swissbaker.ch\/fr\/#website\",\"url\":\"https:\/\/swissbaker.ch\/fr\/\",\"name\":\"SBC\",\"description\":\"\",\"publisher\":{\"@id\":\"https:\/\/swissbaker.ch\/fr\/#organization\"},\"potentialAction\":[{\"@type\":\"SearchAction\",\"target\":{\"@type\":\"EntryPoint\",\"urlTemplate\":\"https:\/\/swissbaker.ch\/fr\/?s={search_term_string}\"},\"query-input\":{\"@type\":\"PropertyValueSpecification\",\"valueRequired\":true,\"valueName\":\"search_term_string\"}}],\"inLanguage\":\"fr-FR\"},{\"@type\":\"Organization\",\"@id\":\"https:\/\/swissbaker.ch\/fr\/#organization\",\"name\":\"Schweizerischer B\u00e4cker-Confiseurmeister-Verband\",\"url\":\"https:\/\/swissbaker.ch\/fr\/\",\"logo\":{\"@type\":\"ImageObject\",\"inLanguage\":\"fr-FR\",\"@id\":\"https:\/\/swissbaker.ch\/fr\/#\/schema\/logo\/image\/\",\"url\":\"https:\/\/swissbaker.ch\/wp-content\/uploads\/2022\/04\/sbc-logo-yoast.jpg\",\"contentUrl\":\"https:\/\/swissbaker.ch\/wp-content\/uploads\/2022\/04\/sbc-logo-yoast.jpg\",\"width\":512,\"height\":512,\"caption\":\"Schweizerischer B\u00e4cker-Confiseurmeister-Verband\"},\"image\":{\"@id\":\"https:\/\/swissbaker.ch\/fr\/#\/schema\/logo\/image\/\"},\"sameAs\":[\"https:\/\/www.facebook.com\/swissbaker.ch\",\"https:\/\/x.com\/ch_swissbaker\"]}]}<\/script>\n<!-- \/ Yoast SEO Premium plugin. -->","yoast_head_json":{"title":"Boulangerie Bruxelles 2014 | SBC","robots":{"index":"index","follow":"follow","max-snippet":"max-snippet:-1","max-image-preview":"max-image-preview:large","max-video-preview":"max-video-preview:-1"},"canonical":"https:\/\/swissbaker.ch\/fr\/releve\/concours-professionnels\/concours-uibc\/boulangerie-bruxelles-2014\/","og_locale":"fr_FR","og_type":"article","og_title":"Boulangerie Bruxelles 2014","og_description":"La championne suisse 2013 et la seconde class\u00e9e lors de cette comp\u00e9tition ont repr\u00e9sent\u00e9 la Suisse au concours professionnel international des jeunes boulangers&nbsp;du 11 au 14 octobre 2014 \u00e0 Bruxelles (Belgique).&nbsp;F\u00e9licitations \u00e0 Andrea Liechti et \u00e0 Natascha Collenberg pour leur belle performance! Natascha a gagn\u00e9 le prix sp\u00e9cial pour la meilleure pi\u00e8ce artistique sur le th\u00e8me \u00abguerre et paix\u00bb.&nbsp;","og_url":"https:\/\/swissbaker.ch\/fr\/releve\/concours-professionnels\/concours-uibc\/boulangerie-bruxelles-2014\/","og_site_name":"SBC","article_publisher":"https:\/\/www.facebook.com\/swissbaker.ch","article_modified_time":"2024-11-29T07:54:06+00:00","og_image":[{"url":"https:\/\/swissbaker.ch\/wp-content\/uploads\/2022\/06\/csm_kandidatinnen_bruesssel_14_2_ad35eddfae.jpg","type":"","width":"","height":""}],"twitter_card":"summary_large_image","twitter_site":"@ch_swissbaker","twitter_misc":{"Est. reading time":"1 minute"},"schema":{"@context":"https:\/\/schema.org","@graph":[{"@type":"WebPage","@id":"https:\/\/swissbaker.ch\/fr\/releve\/concours-professionnels\/concours-uibc\/boulangerie-bruxelles-2014\/","url":"https:\/\/swissbaker.ch\/fr\/releve\/concours-professionnels\/concours-uibc\/boulangerie-bruxelles-2014\/","name":"Boulangerie Bruxelles 2014 | SBC","isPartOf":{"@id":"https:\/\/swissbaker.ch\/fr\/#website"},"primaryImageOfPage":{"@id":"https:\/\/swissbaker.ch\/fr\/releve\/concours-professionnels\/concours-uibc\/boulangerie-bruxelles-2014\/#primaryimage"},"image":{"@id":"https:\/\/swissbaker.ch\/fr\/releve\/concours-professionnels\/concours-uibc\/boulangerie-bruxelles-2014\/#primaryimage"},"thumbnailUrl":"https:\/\/swissbaker.ch\/wp-content\/uploads\/2022\/06\/csm_kandidatinnen_bruesssel_14_2_ad35eddfae.jpg","datePublished":"2022-06-14T13:41:24+00:00","dateModified":"2024-11-29T07:54:06+00:00","breadcrumb":{"@id":"https:\/\/swissbaker.ch\/fr\/releve\/concours-professionnels\/concours-uibc\/boulangerie-bruxelles-2014\/#breadcrumb"},"inLanguage":"fr-FR","potentialAction":[{"@type":"ReadAction","target":["https:\/\/swissbaker.ch\/fr\/releve\/concours-professionnels\/concours-uibc\/boulangerie-bruxelles-2014\/"]}]},{"@type":"ImageObject","inLanguage":"fr-FR","@id":"https:\/\/swissbaker.ch\/fr\/releve\/concours-professionnels\/concours-uibc\/boulangerie-bruxelles-2014\/#primaryimage","url":"https:\/\/swissbaker.ch\/wp-content\/uploads\/2022\/06\/csm_kandidatinnen_bruesssel_14_2_ad35eddfae.jpg","contentUrl":"https:\/\/swissbaker.ch\/wp-content\/uploads\/2022\/06\/csm_kandidatinnen_bruesssel_14_2_ad35eddfae.jpg"},{"@type":"BreadcrumbList","@id":"https:\/\/swissbaker.ch\/fr\/releve\/concours-professionnels\/concours-uibc\/boulangerie-bruxelles-2014\/#breadcrumb","itemListElement":[{"@type":"ListItem","position":1,"name":"","item":"https:\/\/swissbaker.ch\/fr\/"},{"@type":"ListItem","position":2,"name":"Rel\u00e8ve","item":"https:\/\/swissbaker.ch\/fr\/releve\/"},{"@type":"ListItem","position":3,"name":"Concours professionnels","item":"https:\/\/swissbaker.ch\/fr\/releve\/concours-professionnels\/"},{"@type":"ListItem","position":4,"name":"Concours UIBC","item":"https:\/\/swissbaker.ch\/fr\/releve\/concours-professionnels\/concours-uibc\/"},{"@type":"ListItem","position":5,"name":"Boulangerie Bruxelles 2014"}]},{"@type":"WebSite","@id":"https:\/\/swissbaker.ch\/fr\/#website","url":"https:\/\/swissbaker.ch\/fr\/","name":"SBC","description":"","publisher":{"@id":"https:\/\/swissbaker.ch\/fr\/#organization"},"potentialAction":[{"@type":"SearchAction","target":{"@type":"EntryPoint","urlTemplate":"https:\/\/swissbaker.ch\/fr\/?s={search_term_string}"},"query-input":{"@type":"PropertyValueSpecification","valueRequired":true,"valueName":"search_term_string"}}],"inLanguage":"fr-FR"},{"@type":"Organization","@id":"https:\/\/swissbaker.ch\/fr\/#organization","name":"Schweizerischer B\u00e4cker-Confiseurmeister-Verband","url":"https:\/\/swissbaker.ch\/fr\/","logo":{"@type":"ImageObject","inLanguage":"fr-FR","@id":"https:\/\/swissbaker.ch\/fr\/#\/schema\/logo\/image\/","url":"https:\/\/swissbaker.ch\/wp-content\/uploads\/2022\/04\/sbc-logo-yoast.jpg","contentUrl":"https:\/\/swissbaker.ch\/wp-content\/uploads\/2022\/04\/sbc-logo-yoast.jpg","width":512,"height":512,"caption":"Schweizerischer B\u00e4cker-Confiseurmeister-Verband"},"image":{"@id":"https:\/\/swissbaker.ch\/fr\/#\/schema\/logo\/image\/"},"sameAs":["https:\/\/www.facebook.com\/swissbaker.ch","https:\/\/x.com\/ch_swissbaker"]}]}},"_links":{"self":[{"href":"https:\/\/swissbaker.ch\/fr\/wp-json\/wp\/v2\/pages\/38452","targetHints":{"allow":["GET"]}}],"collection":[{"href":"https:\/\/swissbaker.ch\/fr\/wp-json\/wp\/v2\/pages"}],"about":[{"href":"https:\/\/swissbaker.ch\/fr\/wp-json\/wp\/v2\/types\/page"}],"author":[{"embeddable":true,"href":"https:\/\/swissbaker.ch\/fr\/wp-json\/wp\/v2\/users\/1"}],"replies":[{"embeddable":true,"href":"https:\/\/swissbaker.ch\/fr\/wp-json\/wp\/v2\/comments?post=38452"}],"version-history":[{"count":0,"href":"https:\/\/swissbaker.ch\/fr\/wp-json\/wp\/v2\/pages\/38452\/revisions"}],"up":[{"embeddable":true,"href":"https:\/\/swissbaker.ch\/fr\/wp-json\/wp\/v2\/pages\/38342"}],"wp:attachment":[{"href":"https:\/\/swissbaker.ch\/fr\/wp-json\/wp\/v2\/media?parent=38452"}],"curies":[{"name":"wp","href":"https:\/\/api.w.org\/{rel}","templated":true}]}}

<p><strong>La championne suisse 2013 et la seconde classée lors de cette compétition ont représenté la Suisse au concours professionnel international des jeunes boulangers&nbsp;du 11 au 14 octobre 2014 à Bruxelles (Belgique).&nbsp;<br>Félicitations à Andrea Liechti et à Natascha Collenberg pour leur belle performance! Natascha a gagné le prix spécial pour la meilleure pièce artistique sur le thème «guerre et paix».&nbsp;</strong></p>



<figure class="wp-block-image size-full"><img decoding="async" width="280" height="170" src="https://swissbaker.ch/wp-content/uploads/2022/06/csm_kandidatinnen_bruesssel_14_2_ad35eddfae.jpg" alt="" class="wp-image-38449"/><figcaption>Andrea Liechti et Natascha Collenberg avec leurs pièces artistiques</figcaption></figure>

<p>La championne suisse 2013 et la seconde classée lors de cette compétition ont représenté la Suisse au concours professionnel international des jeunes boulangers&nbsp;du 11 au 14 octobre 2014 à Bruxelles (Belgique).&nbsp;Félicitations à Andrea Liechti et à Natascha Collenberg pour leur belle performance! Natascha a gagné le prix spécial pour la meilleure pièce artistique sur le thème «guerre et paix».&nbsp;</p>

<!-- This site is optimized with the Yoast SEO Premium plugin v26.8 (Yoast SEO v26.8) - https://yoast.com/product/yoast-seo-premium-wordpress/ -->
<title>Boulangerie Bruxelles 2014 | SBC</title>
<meta name="robots" content="index, follow, max-snippet:-1, max-image-preview:large, max-video-preview:-1" />
<link rel="canonical" href="https://swissbaker.ch/fr/releve/concours-professionnels/concours-uibc/boulangerie-bruxelles-2014/" />
<meta property="og:locale" content="fr_FR" />
<meta property="og:type" content="article" />
<meta property="og:title" content="Boulangerie Bruxelles 2014" />
<meta property="og:description" content="La championne suisse 2013 et la seconde classée lors de cette compétition ont représenté la Suisse au concours professionnel international des jeunes boulangers&nbsp;du 11 au 14 octobre 2014 à Bruxelles (Belgique).&nbsp;Félicitations à Andrea Liechti et à Natascha Collenberg pour leur belle performance! Natascha a gagné le prix spécial pour la meilleure pièce artistique sur le thème «guerre et paix».&nbsp;" />
<meta property="og:url" content="https://swissbaker.ch/fr/releve/concours-professionnels/concours-uibc/boulangerie-bruxelles-2014/" />
<meta property="og:site_name" content="SBC" />
<meta property="article:publisher" content="https://www.facebook.com/swissbaker.ch" />
<meta property="article:modified_time" content="2024-11-29T07:54:06+00:00" />
<meta property="og:image" content="https://swissbaker.ch/wp-content/uploads/2022/06/csm_kandidatinnen_bruesssel_14_2_ad35eddfae.jpg" />
<meta name="twitter:card" content="summary_large_image" />
<meta name="twitter:site" content="@ch_swissbaker" />
<meta name="twitter:label1" content="Est. reading time" />
	<meta name="twitter:data1" content="1 minute" />
<script type="application/ld+json" class="yoast-schema-graph">{"@context":"https://schema.org","@graph":[{"@type":"WebPage","@id":"https://swissbaker.ch/fr/releve/concours-professionnels/concours-uibc/boulangerie-bruxelles-2014/","url":"https://swissbaker.ch/fr/releve/concours-professionnels/concours-uibc/boulangerie-bruxelles-2014/","name":"Boulangerie Bruxelles 2014 | SBC","isPartOf":{"@id":"https://swissbaker.ch/fr/#website"},"primaryImageOfPage":{"@id":"https://swissbaker.ch/fr/releve/concours-professionnels/concours-uibc/boulangerie-bruxelles-2014/#primaryimage"},"image":{"@id":"https://swissbaker.ch/fr/releve/concours-professionnels/concours-uibc/boulangerie-bruxelles-2014/#primaryimage"},"thumbnailUrl":"https://swissbaker.ch/wp-content/uploads/2022/06/csm_kandidatinnen_bruesssel_14_2_ad35eddfae.jpg","datePublished":"2022-06-14T13:41:24+00:00","dateModified":"2024-11-29T07:54:06+00:00","breadcrumb":{"@id":"https://swissbaker.ch/fr/releve/concours-professionnels/concours-uibc/boulangerie-bruxelles-2014/#breadcrumb"},"inLanguage":"fr-FR","potentialAction":[{"@type":"ReadAction","target":["https://swissbaker.ch/fr/releve/concours-professionnels/concours-uibc/boulangerie-bruxelles-2014/"]}]},{"@type":"ImageObject","inLanguage":"fr-FR","@id":"https://swissbaker.ch/fr/releve/concours-professionnels/concours-uibc/boulangerie-bruxelles-2014/#primaryimage","url":"https://swissbaker.ch/wp-content/uploads/2022/06/csm_kandidatinnen_bruesssel_14_2_ad35eddfae.jpg","contentUrl":"https://swissbaker.ch/wp-content/uploads/2022/06/csm_kandidatinnen_bruesssel_14_2_ad35eddfae.jpg"},{"@type":"BreadcrumbList","@id":"https://swissbaker.ch/fr/releve/concours-professionnels/concours-uibc/boulangerie-bruxelles-2014/#breadcrumb","itemListElement":[{"@type":"ListItem","position":1,"name":"","item":"https://swissbaker.ch/fr/"},{"@type":"ListItem","position":2,"name":"Relève","item":"https://swissbaker.ch/fr/releve/"},{"@type":"ListItem","position":3,"name":"Concours professionnels","item":"https://swissbaker.ch/fr/releve/concours-professionnels/"},{"@type":"ListItem","position":4,"name":"Concours UIBC","item":"https://swissbaker.ch/fr/releve/concours-professionnels/concours-uibc/"},{"@type":"ListItem","position":5,"name":"Boulangerie Bruxelles 2014"}]},{"@type":"WebSite","@id":"https://swissbaker.ch/fr/#website","url":"https://swissbaker.ch/fr/","name":"SBC","description":"","publisher":{"@id":"https://swissbaker.ch/fr/#organization"},"potentialAction":[{"@type":"SearchAction","target":{"@type":"EntryPoint","urlTemplate":"https://swissbaker.ch/fr/?s={search_term_string}"},"query-input":{"@type":"PropertyValueSpecification","valueRequired":true,"valueName":"search_term_string"}}],"inLanguage":"fr-FR"},{"@type":"Organization","@id":"https://swissbaker.ch/fr/#organization","name":"Schweizerischer Bäcker-Confiseurmeister-Verband","url":"https://swissbaker.ch/fr/","logo":{"@type":"ImageObject","inLanguage":"fr-FR","@id":"https://swissbaker.ch/fr/#/schema/logo/image/","url":"https://swissbaker.ch/wp-content/uploads/2022/04/sbc-logo-yoast.jpg","contentUrl":"https://swissbaker.ch/wp-content/uploads/2022/04/sbc-logo-yoast.jpg","width":512,"height":512,"caption":"Schweizerischer Bäcker-Confiseurmeister-Verband"},"image":{"@id":"https://swissbaker.ch/fr/#/schema/logo/image/"},"sameAs":["https://www.facebook.com/swissbaker.ch","https://x.com/ch_swissbaker"]}]}</script>
<!-- / Yoast SEO Premium plugin. -->

La championne suisse 2013 et la seconde classée lors de cette compétition ont représenté la Suisse au concours professionnel international des jeunes boulangers&nbsp;du 11 au 14 octobre 2014 à Bruxelles (Belgique).&nbsp;Félicitations à Andrea Liechti et à Natascha Collenberg pour leur belle performance! Natascha a gagné le prix spécial pour la meilleure pièce artistique sur le thème «guerre et paix».&nbsp;

Relève

Schweizerischer Bäcker-Confiseurmeister-Verband
