{"id":38324,"date":"2022-06-14T13:42:22","date_gmt":"2022-06-14T11:42:22","guid":{"rendered":"https:\/\/swissbaker.ch\/?page_id=38324"},"modified":"2026-05-01T13:42:13","modified_gmt":"2026-05-01T11:42:13","slug":"leipzig-2013","status":"publish","type":"page","link":"https:\/\/swissbaker.ch\/fr\/releve\/concours-professionnels\/worldskills\/leipzig-2013\/","title":{"rendered":"Leipzig 2013"},"content":{"rendered":"\n<div class=\"wp-block-columns\">\n<div class=\"wp-block-column\">\n<figure class=\"wp-block-image size-full\"><img decoding=\"async\" width=\"280\" height=\"280\" src=\"https:\/\/swissbaker.ch\/wp-content\/uploads\/2022\/06\/csm_vanessa_schnyder_40f25a0ef6.jpg\" alt=\"\" class=\"wp-image-38321\" srcset=\"https:\/\/swissbaker.ch\/wp-content\/uploads\/2022\/06\/csm_vanessa_schnyder_40f25a0ef6.jpg 280w, https:\/\/swissbaker.ch\/wp-content\/uploads\/2022\/06\/csm_vanessa_schnyder_40f25a0ef6-150x150.jpg 150w\" sizes=\"(max-width: 280px) 100vw, 280px\" \/><\/figure>\n<\/div>\n\n\n\n<div class=\"wp-block-column\">\n<p><strong><strong>Vanessa Schnyder, p\u00e2tissi\u00e8re-confiseuse de Rorschach (SG) \u00e2g\u00e9e de 22 ans, a repr\u00e9sent\u00e9 la Suisse au Mondial des m\u00e9tiers 2013 (WorldSkills) de Leipzig. Elle a r\u00e9ussi une belle performance et obtenu un excellent 4<sup>e<\/sup>rang.&nbsp;Seize nations ont termin\u00e9 le concours.<\/strong><\/strong><\/p>\n<\/div>\n<\/div>\n\n\n\n<figure class=\"wp-block-embed is-type-video is-provider-youtube wp-block-embed-youtube wp-embed-aspect-16-9 wp-has-aspect-ratio\"><div class=\"wp-block-embed__wrapper\">\n<iframe title=\"Vanessa Schnyder an den WorldSkills 2013\" width=\"800\" height=\"450\" src=\"https:\/\/www.youtube.com\/embed\/D_vKufCbx9Q?feature=oembed\" frameborder=\"0\" allow=\"accelerometer; autoplay; clipboard-write; encrypted-media; gyroscope; picture-in-picture\" allowfullscreen><\/iframe>\n<\/div><\/figure>\n","protected":false},"excerpt":{"rendered":"<p>Vanessa Schnyder, p\u00e2tissi\u00e8re-confiseuse de Rorschach (SG) \u00e2g\u00e9e de 22 ans, a repr\u00e9sent\u00e9 la Suisse au Mondial des m\u00e9tiers 2013 (WorldSkills) de Leipzig. Elle a r\u00e9ussi une belle performance et obtenu un excellent 4erang.&nbsp;Seize nations ont termin\u00e9 le concours.<\/p>\n","protected":false},"author":1,"featured_media":0,"parent":38010,"menu_order":0,"comment_status":"closed","ping_status":"closed","template":"","meta":{"_acf_changed":true,"footnotes":""},"class_list":["post-38324","page","type-page","status-publish","hentry"],"acf":[],"yoast_head":"<!-- This site is optimized with the Yoast SEO Premium plugin v26.8 (Yoast SEO v26.8) - https:\/\/yoast.com\/product\/yoast-seo-premium-wordpress\/ -->\n<title>Leipzig 2013 | SBC<\/title>\n<meta name=\"robots\" content=\"index, follow, max-snippet:-1, max-image-preview:large, max-video-preview:-1\" \/>\n<link rel=\"canonical\" href=\"https:\/\/swissbaker.ch\/fr\/releve\/concours-professionnels\/worldskills\/leipzig-2013\/\" \/>\n<meta property=\"og:locale\" content=\"fr_FR\" \/>\n<meta property=\"og:type\" content=\"article\" \/>\n<meta property=\"og:title\" content=\"Leipzig 2013\" \/>\n<meta property=\"og:description\" content=\"Vanessa Schnyder, p\u00e2tissi\u00e8re-confiseuse de Rorschach (SG) \u00e2g\u00e9e de 22 ans, a repr\u00e9sent\u00e9 la Suisse au Mondial des m\u00e9tiers 2013 (WorldSkills) de Leipzig. Elle a r\u00e9ussi une belle performance et obtenu un excellent 4erang.&nbsp;Seize nations ont termin\u00e9 le concours.\" \/>\n<meta property=\"og:url\" content=\"https:\/\/swissbaker.ch\/fr\/releve\/concours-professionnels\/worldskills\/leipzig-2013\/\" \/>\n<meta property=\"og:site_name\" content=\"SBC\" \/>\n<meta property=\"article:publisher\" content=\"https:\/\/www.facebook.com\/swissbaker.ch\" \/>\n<meta property=\"article:modified_time\" content=\"2026-05-01T11:42:13+00:00\" \/>\n<meta property=\"og:image\" content=\"https:\/\/swissbaker.ch\/wp-content\/uploads\/2022\/06\/csm_vanessa_schnyder_40f25a0ef6.jpg\" \/>\n\t<meta property=\"og:image:width\" content=\"280\" \/>\n\t<meta property=\"og:image:height\" content=\"280\" \/>\n\t<meta property=\"og:image:type\" content=\"image\/jpeg\" \/>\n<meta name=\"twitter:card\" content=\"summary_large_image\" \/>\n<meta name=\"twitter:site\" content=\"@ch_swissbaker\" \/>\n<meta name=\"twitter:label1\" content=\"Est. reading time\" \/>\n\t<meta name=\"twitter:data1\" content=\"1 minute\" \/>\n<script type=\"application\/ld+json\" class=\"yoast-schema-graph\">{\"@context\":\"https:\/\/schema.org\",\"@graph\":[{\"@type\":\"WebPage\",\"@id\":\"https:\/\/swissbaker.ch\/fr\/releve\/concours-professionnels\/worldskills\/leipzig-2013\/\",\"url\":\"https:\/\/swissbaker.ch\/fr\/releve\/concours-professionnels\/worldskills\/leipzig-2013\/\",\"name\":\"Leipzig 2013 | SBC\",\"isPartOf\":{\"@id\":\"https:\/\/swissbaker.ch\/fr\/#website\"},\"primaryImageOfPage\":{\"@id\":\"https:\/\/swissbaker.ch\/fr\/releve\/concours-professionnels\/worldskills\/leipzig-2013\/#primaryimage\"},\"image\":{\"@id\":\"https:\/\/swissbaker.ch\/fr\/releve\/concours-professionnels\/worldskills\/leipzig-2013\/#primaryimage\"},\"thumbnailUrl\":\"https:\/\/swissbaker.ch\/wp-content\/uploads\/2022\/06\/csm_vanessa_schnyder_40f25a0ef6.jpg\",\"datePublished\":\"2022-06-14T11:42:22+00:00\",\"dateModified\":\"2026-05-01T11:42:13+00:00\",\"breadcrumb\":{\"@id\":\"https:\/\/swissbaker.ch\/fr\/releve\/concours-professionnels\/worldskills\/leipzig-2013\/#breadcrumb\"},\"inLanguage\":\"fr-FR\",\"potentialAction\":[{\"@type\":\"ReadAction\",\"target\":[\"https:\/\/swissbaker.ch\/fr\/releve\/concours-professionnels\/worldskills\/leipzig-2013\/\"]}]},{\"@type\":\"ImageObject\",\"inLanguage\":\"fr-FR\",\"@id\":\"https:\/\/swissbaker.ch\/fr\/releve\/concours-professionnels\/worldskills\/leipzig-2013\/#primaryimage\",\"url\":\"https:\/\/swissbaker.ch\/wp-content\/uploads\/2022\/06\/csm_vanessa_schnyder_40f25a0ef6.jpg\",\"contentUrl\":\"https:\/\/swissbaker.ch\/wp-content\/uploads\/2022\/06\/csm_vanessa_schnyder_40f25a0ef6.jpg\"},{\"@type\":\"BreadcrumbList\",\"@id\":\"https:\/\/swissbaker.ch\/fr\/releve\/concours-professionnels\/worldskills\/leipzig-2013\/#breadcrumb\",\"itemListElement\":[{\"@type\":\"ListItem\",\"position\":1,\"name\":\"\",\"item\":\"https:\/\/swissbaker.ch\/fr\/\"},{\"@type\":\"ListItem\",\"position\":2,\"name\":\"Rel\u00e8ve\",\"item\":\"https:\/\/swissbaker.ch\/fr\/releve\/\"},{\"@type\":\"ListItem\",\"position\":3,\"name\":\"Concours professionnels\",\"item\":\"https:\/\/swissbaker.ch\/fr\/releve\/concours-professionnels\/\"},{\"@type\":\"ListItem\",\"position\":4,\"name\":\"WorldSkills\",\"item\":\"https:\/\/swissbaker.ch\/fr\/releve\/concours-professionnels\/worldskills\/\"},{\"@type\":\"ListItem\",\"position\":5,\"name\":\"Leipzig 2013\"}]},{\"@type\":\"WebSite\",\"@id\":\"https:\/\/swissbaker.ch\/fr\/#website\",\"url\":\"https:\/\/swissbaker.ch\/fr\/\",\"name\":\"SBC\",\"description\":\"\",\"publisher\":{\"@id\":\"https:\/\/swissbaker.ch\/fr\/#organization\"},\"potentialAction\":[{\"@type\":\"SearchAction\",\"target\":{\"@type\":\"EntryPoint\",\"urlTemplate\":\"https:\/\/swissbaker.ch\/fr\/?s={search_term_string}\"},\"query-input\":{\"@type\":\"PropertyValueSpecification\",\"valueRequired\":true,\"valueName\":\"search_term_string\"}}],\"inLanguage\":\"fr-FR\"},{\"@type\":\"Organization\",\"@id\":\"https:\/\/swissbaker.ch\/fr\/#organization\",\"name\":\"Schweizerischer B\u00e4cker-Confiseurmeister-Verband\",\"url\":\"https:\/\/swissbaker.ch\/fr\/\",\"logo\":{\"@type\":\"ImageObject\",\"inLanguage\":\"fr-FR\",\"@id\":\"https:\/\/swissbaker.ch\/fr\/#\/schema\/logo\/image\/\",\"url\":\"https:\/\/swissbaker.ch\/wp-content\/uploads\/2022\/04\/sbc-logo-yoast.jpg\",\"contentUrl\":\"https:\/\/swissbaker.ch\/wp-content\/uploads\/2022\/04\/sbc-logo-yoast.jpg\",\"width\":512,\"height\":512,\"caption\":\"Schweizerischer B\u00e4cker-Confiseurmeister-Verband\"},\"image\":{\"@id\":\"https:\/\/swissbaker.ch\/fr\/#\/schema\/logo\/image\/\"},\"sameAs\":[\"https:\/\/www.facebook.com\/swissbaker.ch\",\"https:\/\/x.com\/ch_swissbaker\"]}]}<\/script>\n<!-- \/ Yoast SEO Premium plugin. -->","yoast_head_json":{"title":"Leipzig 2013 | SBC","robots":{"index":"index","follow":"follow","max-snippet":"max-snippet:-1","max-image-preview":"max-image-preview:large","max-video-preview":"max-video-preview:-1"},"canonical":"https:\/\/swissbaker.ch\/fr\/releve\/concours-professionnels\/worldskills\/leipzig-2013\/","og_locale":"fr_FR","og_type":"article","og_title":"Leipzig 2013","og_description":"Vanessa Schnyder, p\u00e2tissi\u00e8re-confiseuse de Rorschach (SG) \u00e2g\u00e9e de 22 ans, a repr\u00e9sent\u00e9 la Suisse au Mondial des m\u00e9tiers 2013 (WorldSkills) de Leipzig. Elle a r\u00e9ussi une belle performance et obtenu un excellent 4erang.&nbsp;Seize nations ont termin\u00e9 le concours.","og_url":"https:\/\/swissbaker.ch\/fr\/releve\/concours-professionnels\/worldskills\/leipzig-2013\/","og_site_name":"SBC","article_publisher":"https:\/\/www.facebook.com\/swissbaker.ch","article_modified_time":"2026-05-01T11:42:13+00:00","og_image":[{"width":280,"height":280,"url":"https:\/\/swissbaker.ch\/wp-content\/uploads\/2022\/06\/csm_vanessa_schnyder_40f25a0ef6.jpg","type":"image\/jpeg"}],"twitter_card":"summary_large_image","twitter_site":"@ch_swissbaker","twitter_misc":{"Est. reading time":"1 minute"},"schema":{"@context":"https:\/\/schema.org","@graph":[{"@type":"WebPage","@id":"https:\/\/swissbaker.ch\/fr\/releve\/concours-professionnels\/worldskills\/leipzig-2013\/","url":"https:\/\/swissbaker.ch\/fr\/releve\/concours-professionnels\/worldskills\/leipzig-2013\/","name":"Leipzig 2013 | SBC","isPartOf":{"@id":"https:\/\/swissbaker.ch\/fr\/#website"},"primaryImageOfPage":{"@id":"https:\/\/swissbaker.ch\/fr\/releve\/concours-professionnels\/worldskills\/leipzig-2013\/#primaryimage"},"image":{"@id":"https:\/\/swissbaker.ch\/fr\/releve\/concours-professionnels\/worldskills\/leipzig-2013\/#primaryimage"},"thumbnailUrl":"https:\/\/swissbaker.ch\/wp-content\/uploads\/2022\/06\/csm_vanessa_schnyder_40f25a0ef6.jpg","datePublished":"2022-06-14T11:42:22+00:00","dateModified":"2026-05-01T11:42:13+00:00","breadcrumb":{"@id":"https:\/\/swissbaker.ch\/fr\/releve\/concours-professionnels\/worldskills\/leipzig-2013\/#breadcrumb"},"inLanguage":"fr-FR","potentialAction":[{"@type":"ReadAction","target":["https:\/\/swissbaker.ch\/fr\/releve\/concours-professionnels\/worldskills\/leipzig-2013\/"]}]},{"@type":"ImageObject","inLanguage":"fr-FR","@id":"https:\/\/swissbaker.ch\/fr\/releve\/concours-professionnels\/worldskills\/leipzig-2013\/#primaryimage","url":"https:\/\/swissbaker.ch\/wp-content\/uploads\/2022\/06\/csm_vanessa_schnyder_40f25a0ef6.jpg","contentUrl":"https:\/\/swissbaker.ch\/wp-content\/uploads\/2022\/06\/csm_vanessa_schnyder_40f25a0ef6.jpg"},{"@type":"BreadcrumbList","@id":"https:\/\/swissbaker.ch\/fr\/releve\/concours-professionnels\/worldskills\/leipzig-2013\/#breadcrumb","itemListElement":[{"@type":"ListItem","position":1,"name":"","item":"https:\/\/swissbaker.ch\/fr\/"},{"@type":"ListItem","position":2,"name":"Rel\u00e8ve","item":"https:\/\/swissbaker.ch\/fr\/releve\/"},{"@type":"ListItem","position":3,"name":"Concours professionnels","item":"https:\/\/swissbaker.ch\/fr\/releve\/concours-professionnels\/"},{"@type":"ListItem","position":4,"name":"WorldSkills","item":"https:\/\/swissbaker.ch\/fr\/releve\/concours-professionnels\/worldskills\/"},{"@type":"ListItem","position":5,"name":"Leipzig 2013"}]},{"@type":"WebSite","@id":"https:\/\/swissbaker.ch\/fr\/#website","url":"https:\/\/swissbaker.ch\/fr\/","name":"SBC","description":"","publisher":{"@id":"https:\/\/swissbaker.ch\/fr\/#organization"},"potentialAction":[{"@type":"SearchAction","target":{"@type":"EntryPoint","urlTemplate":"https:\/\/swissbaker.ch\/fr\/?s={search_term_string}"},"query-input":{"@type":"PropertyValueSpecification","valueRequired":true,"valueName":"search_term_string"}}],"inLanguage":"fr-FR"},{"@type":"Organization","@id":"https:\/\/swissbaker.ch\/fr\/#organization","name":"Schweizerischer B\u00e4cker-Confiseurmeister-Verband","url":"https:\/\/swissbaker.ch\/fr\/","logo":{"@type":"ImageObject","inLanguage":"fr-FR","@id":"https:\/\/swissbaker.ch\/fr\/#\/schema\/logo\/image\/","url":"https:\/\/swissbaker.ch\/wp-content\/uploads\/2022\/04\/sbc-logo-yoast.jpg","contentUrl":"https:\/\/swissbaker.ch\/wp-content\/uploads\/2022\/04\/sbc-logo-yoast.jpg","width":512,"height":512,"caption":"Schweizerischer B\u00e4cker-Confiseurmeister-Verband"},"image":{"@id":"https:\/\/swissbaker.ch\/fr\/#\/schema\/logo\/image\/"},"sameAs":["https:\/\/www.facebook.com\/swissbaker.ch","https:\/\/x.com\/ch_swissbaker"]}]}},"_links":{"self":[{"href":"https:\/\/swissbaker.ch\/fr\/wp-json\/wp\/v2\/pages\/38324","targetHints":{"allow":["GET"]}}],"collection":[{"href":"https:\/\/swissbaker.ch\/fr\/wp-json\/wp\/v2\/pages"}],"about":[{"href":"https:\/\/swissbaker.ch\/fr\/wp-json\/wp\/v2\/types\/page"}],"author":[{"embeddable":true,"href":"https:\/\/swissbaker.ch\/fr\/wp-json\/wp\/v2\/users\/1"}],"replies":[{"embeddable":true,"href":"https:\/\/swissbaker.ch\/fr\/wp-json\/wp\/v2\/comments?post=38324"}],"version-history":[{"count":0,"href":"https:\/\/swissbaker.ch\/fr\/wp-json\/wp\/v2\/pages\/38324\/revisions"}],"up":[{"embeddable":true,"href":"https:\/\/swissbaker.ch\/fr\/wp-json\/wp\/v2\/pages\/38010"}],"wp:attachment":[{"href":"https:\/\/swissbaker.ch\/fr\/wp-json\/wp\/v2\/media?parent=38324"}],"curies":[{"name":"wp","href":"https:\/\/api.w.org\/{rel}","templated":true}]}}

<div class="wp-block-columns">
<div class="wp-block-column">
<figure class="wp-block-image size-full"><img decoding="async" width="280" height="280" src="https://swissbaker.ch/wp-content/uploads/2022/06/csm_vanessa_schnyder_40f25a0ef6.jpg" alt="" class="wp-image-38321" srcset="https://swissbaker.ch/wp-content/uploads/2022/06/csm_vanessa_schnyder_40f25a0ef6.jpg 280w, https://swissbaker.ch/wp-content/uploads/2022/06/csm_vanessa_schnyder_40f25a0ef6-150x150.jpg 150w" sizes="(max-width: 280px) 100vw, 280px" /></figure>
</div>



<div class="wp-block-column">
<p><strong><strong>Vanessa Schnyder, pâtissière-confiseuse de Rorschach (SG) âgée de 22 ans, a représenté la Suisse au Mondial des métiers 2013 (WorldSkills) de Leipzig. Elle a réussi une belle performance et obtenu un excellent 4<sup>e</sup>rang.&nbsp;Seize nations ont terminé le concours.</strong></strong></p>
</div>
</div>



<figure class="wp-block-embed is-type-video is-provider-youtube wp-block-embed-youtube wp-embed-aspect-16-9 wp-has-aspect-ratio"><div class="wp-block-embed__wrapper">
<iframe title="Vanessa Schnyder an den WorldSkills 2013" width="800" height="450" src="https://www.youtube.com/embed/D_vKufCbx9Q?feature=oembed" frameborder="0" allow="accelerometer; autoplay; clipboard-write; encrypted-media; gyroscope; picture-in-picture" allowfullscreen></iframe>
</div></figure>

<p>Vanessa Schnyder, pâtissière-confiseuse de Rorschach (SG) âgée de 22 ans, a représenté la Suisse au Mondial des métiers 2013 (WorldSkills) de Leipzig. Elle a réussi une belle performance et obtenu un excellent 4erang.&nbsp;Seize nations ont terminé le concours.</p>

<!-- This site is optimized with the Yoast SEO Premium plugin v26.8 (Yoast SEO v26.8) - https://yoast.com/product/yoast-seo-premium-wordpress/ -->
<title>Leipzig 2013 | SBC</title>
<meta name="robots" content="index, follow, max-snippet:-1, max-image-preview:large, max-video-preview:-1" />
<link rel="canonical" href="https://swissbaker.ch/fr/releve/concours-professionnels/worldskills/leipzig-2013/" />
<meta property="og:locale" content="fr_FR" />
<meta property="og:type" content="article" />
<meta property="og:title" content="Leipzig 2013" />
<meta property="og:description" content="Vanessa Schnyder, pâtissière-confiseuse de Rorschach (SG) âgée de 22 ans, a représenté la Suisse au Mondial des métiers 2013 (WorldSkills) de Leipzig. Elle a réussi une belle performance et obtenu un excellent 4erang.&nbsp;Seize nations ont terminé le concours." />
<meta property="og:url" content="https://swissbaker.ch/fr/releve/concours-professionnels/worldskills/leipzig-2013/" />
<meta property="og:site_name" content="SBC" />
<meta property="article:publisher" content="https://www.facebook.com/swissbaker.ch" />
<meta property="article:modified_time" content="2026-05-01T11:42:13+00:00" />
<meta property="og:image" content="https://swissbaker.ch/wp-content/uploads/2022/06/csm_vanessa_schnyder_40f25a0ef6.jpg" />
	<meta property="og:image:width" content="280" />
	<meta property="og:image:height" content="280" />
	<meta property="og:image:type" content="image/jpeg" />
<meta name="twitter:card" content="summary_large_image" />
<meta name="twitter:site" content="@ch_swissbaker" />
<meta name="twitter:label1" content="Est. reading time" />
	<meta name="twitter:data1" content="1 minute" />
<script type="application/ld+json" class="yoast-schema-graph">{"@context":"https://schema.org","@graph":[{"@type":"WebPage","@id":"https://swissbaker.ch/fr/releve/concours-professionnels/worldskills/leipzig-2013/","url":"https://swissbaker.ch/fr/releve/concours-professionnels/worldskills/leipzig-2013/","name":"Leipzig 2013 | SBC","isPartOf":{"@id":"https://swissbaker.ch/fr/#website"},"primaryImageOfPage":{"@id":"https://swissbaker.ch/fr/releve/concours-professionnels/worldskills/leipzig-2013/#primaryimage"},"image":{"@id":"https://swissbaker.ch/fr/releve/concours-professionnels/worldskills/leipzig-2013/#primaryimage"},"thumbnailUrl":"https://swissbaker.ch/wp-content/uploads/2022/06/csm_vanessa_schnyder_40f25a0ef6.jpg","datePublished":"2022-06-14T11:42:22+00:00","dateModified":"2026-05-01T11:42:13+00:00","breadcrumb":{"@id":"https://swissbaker.ch/fr/releve/concours-professionnels/worldskills/leipzig-2013/#breadcrumb"},"inLanguage":"fr-FR","potentialAction":[{"@type":"ReadAction","target":["https://swissbaker.ch/fr/releve/concours-professionnels/worldskills/leipzig-2013/"]}]},{"@type":"ImageObject","inLanguage":"fr-FR","@id":"https://swissbaker.ch/fr/releve/concours-professionnels/worldskills/leipzig-2013/#primaryimage","url":"https://swissbaker.ch/wp-content/uploads/2022/06/csm_vanessa_schnyder_40f25a0ef6.jpg","contentUrl":"https://swissbaker.ch/wp-content/uploads/2022/06/csm_vanessa_schnyder_40f25a0ef6.jpg"},{"@type":"BreadcrumbList","@id":"https://swissbaker.ch/fr/releve/concours-professionnels/worldskills/leipzig-2013/#breadcrumb","itemListElement":[{"@type":"ListItem","position":1,"name":"","item":"https://swissbaker.ch/fr/"},{"@type":"ListItem","position":2,"name":"Relève","item":"https://swissbaker.ch/fr/releve/"},{"@type":"ListItem","position":3,"name":"Concours professionnels","item":"https://swissbaker.ch/fr/releve/concours-professionnels/"},{"@type":"ListItem","position":4,"name":"WorldSkills","item":"https://swissbaker.ch/fr/releve/concours-professionnels/worldskills/"},{"@type":"ListItem","position":5,"name":"Leipzig 2013"}]},{"@type":"WebSite","@id":"https://swissbaker.ch/fr/#website","url":"https://swissbaker.ch/fr/","name":"SBC","description":"","publisher":{"@id":"https://swissbaker.ch/fr/#organization"},"potentialAction":[{"@type":"SearchAction","target":{"@type":"EntryPoint","urlTemplate":"https://swissbaker.ch/fr/?s={search_term_string}"},"query-input":{"@type":"PropertyValueSpecification","valueRequired":true,"valueName":"search_term_string"}}],"inLanguage":"fr-FR"},{"@type":"Organization","@id":"https://swissbaker.ch/fr/#organization","name":"Schweizerischer Bäcker-Confiseurmeister-Verband","url":"https://swissbaker.ch/fr/","logo":{"@type":"ImageObject","inLanguage":"fr-FR","@id":"https://swissbaker.ch/fr/#/schema/logo/image/","url":"https://swissbaker.ch/wp-content/uploads/2022/04/sbc-logo-yoast.jpg","contentUrl":"https://swissbaker.ch/wp-content/uploads/2022/04/sbc-logo-yoast.jpg","width":512,"height":512,"caption":"Schweizerischer Bäcker-Confiseurmeister-Verband"},"image":{"@id":"https://swissbaker.ch/fr/#/schema/logo/image/"},"sameAs":["https://www.facebook.com/swissbaker.ch","https://x.com/ch_swissbaker"]}]}</script>
<!-- / Yoast SEO Premium plugin. -->

Vanessa Schnyder, pâtissière-confiseuse de Rorschach (SG) âgée de 22 ans, a représenté la Suisse au Mondial des métiers 2013 (WorldSkills) de Leipzig. Elle a réussi une belle performance et obtenu un excellent 4erang.&nbsp;Seize nations ont terminé le concours.

Relève

Schweizerischer Bäcker-Confiseurmeister-Verband
