{"id":38046,"date":"2022-06-13T15:13:08","date_gmt":"2022-06-13T13:13:08","guid":{"rendered":"https:\/\/swissbaker.ch\/releve\/concours-professionnels\/worldskills\/kazan-2019\/"},"modified":"2026-05-01T13:38:49","modified_gmt":"2026-05-01T11:38:49","slug":"kazan-2019","status":"publish","type":"page","link":"https:\/\/swissbaker.ch\/fr\/releve\/concours-professionnels\/worldskills\/kazan-2019\/","title":{"rendered":"Kazan 2019"},"content":{"rendered":"\n<p><strong>Sonja Durrer (19 ans), de Kerns (OW), a remport\u00e9 la m\u00e9daille d\u2019or en orientation boulangeriep\u00e2tisserie lors des 45e WorldSkills Competitions (championnats du monde des m\u00e9tiers), qui se sont d\u00e9roul\u00e9s du 22 au 25 ao\u00fbt 2019 \u00e0 Kazan (RUS).<\/strong><\/p>\n\n\n\n<div class=\"wp-block-file\"><a id=\"wp-block-file--media-2b56ee21-f00f-4c31-802a-9104a770a9cd\" href=\"https:\/\/swissbaker.ch\/wp-content\/uploads\/2022\/06\/communique_de_presse_worldskills_2019.pdf\">Communiqu\u00e9 de presse<\/a><\/div>\n\n\n\n<p><a href=\"https:\/\/swissbaker.ch\/fr\/panissimo-news\/medaille-dor-pour-sonja-durrer\/\" target=\"_blank\" rel=\"noreferrer noopener\">\u00abpanissimo\u00bb&#8230;\u00bb<\/a><\/p>\n\n\n\n<figure class=\"wp-block-embed is-type-video is-provider-youtube wp-block-embed-youtube wp-embed-aspect-16-9 wp-has-aspect-ratio\"><div class=\"wp-block-embed__wrapper\">\n<iframe title=\"Flash-back vid\u00e9o sur les WorldSkills 2019 \u00e0 Kazan\" width=\"800\" height=\"450\" src=\"https:\/\/www.youtube.com\/embed\/naDXO07f8Gs?feature=oembed\" frameborder=\"0\" allow=\"accelerometer; autoplay; clipboard-write; encrypted-media; gyroscope; picture-in-picture\" allowfullscreen><\/iframe>\n<\/div><\/figure>\n\n\n\n<figure class=\"wp-block-embed is-type-video is-provider-youtube wp-block-embed-youtube wp-embed-aspect-16-9 wp-has-aspect-ratio\"><div class=\"wp-block-embed__wrapper\">\n<iframe title=\"Wir gratulieren Sonja Durrer zur Goldmedaille an den WorldSkills 2019\" width=\"800\" height=\"450\" src=\"https:\/\/www.youtube.com\/embed\/FcnwKYWlkis?feature=oembed\" frameborder=\"0\" allow=\"accelerometer; autoplay; clipboard-write; encrypted-media; gyroscope; picture-in-picture\" allowfullscreen><\/iframe>\n<\/div><\/figure>\n\n\n\n<figure class=\"wp-block-embed is-type-video is-provider-youtube wp-block-embed-youtube wp-embed-aspect-16-9 wp-has-aspect-ratio\"><div class=\"wp-block-embed__wrapper\">\n<iframe title=\"Wir gratulieren Rahel Weber zum Zertifikat an den WorldSkills 2019\" width=\"800\" height=\"450\" src=\"https:\/\/www.youtube.com\/embed\/3fKktzJPri0?feature=oembed\" frameborder=\"0\" allow=\"accelerometer; autoplay; clipboard-write; encrypted-media; gyroscope; picture-in-picture\" allowfullscreen><\/iframe>\n<\/div><\/figure>\n\n\n\n<p><strong><a href=\"https:\/\/soundcloud.com\/swissskills\/teilnehmerin-ow-kerns-durrer-sonja-backerin\" target=\"_blank\" rel=\"noreferrer noopener\">Interview mit Sonja Durrer nach dem Wettkampf ..\u00bb<\/a><\/strong><\/p>\n","protected":false},"excerpt":{"rendered":"<p>Sonja Durrer (19 ans), de Kerns (OW), a remport\u00e9 la m\u00e9daille d\u2019or en orientation boulangeriep\u00e2tisserie lors des 45e WorldSkills Competitions (championnats du monde des m\u00e9tiers), qui se sont d\u00e9roul\u00e9s du 22 au 25 ao\u00fbt 2019 \u00e0 Kazan (RUS). \u00abpanissimo\u00bb&#8230;\u00bb Interview mit Sonja Durrer nach dem Wettkampf ..\u00bb<\/p>\n","protected":false},"author":1,"featured_media":0,"parent":38010,"menu_order":0,"comment_status":"closed","ping_status":"closed","template":"","meta":{"_acf_changed":true,"footnotes":""},"class_list":["post-38046","page","type-page","status-publish","hentry"],"acf":[],"yoast_head":"<!-- This site is optimized with the Yoast SEO Premium plugin v26.8 (Yoast SEO v26.8) - https:\/\/yoast.com\/product\/yoast-seo-premium-wordpress\/ -->\n<title>Kazan 2019 | SBC<\/title>\n<meta name=\"robots\" content=\"index, follow, max-snippet:-1, max-image-preview:large, max-video-preview:-1\" \/>\n<link rel=\"canonical\" href=\"https:\/\/swissbaker.ch\/fr\/releve\/concours-professionnels\/worldskills\/kazan-2019\/\" \/>\n<meta property=\"og:locale\" content=\"fr_FR\" \/>\n<meta property=\"og:type\" content=\"article\" \/>\n<meta property=\"og:title\" content=\"Kazan 2019\" \/>\n<meta property=\"og:description\" content=\"Sonja Durrer (19 ans), de Kerns (OW), a remport\u00e9 la m\u00e9daille d\u2019or en orientation boulangeriep\u00e2tisserie lors des 45e WorldSkills Competitions (championnats du monde des m\u00e9tiers), qui se sont d\u00e9roul\u00e9s du 22 au 25 ao\u00fbt 2019 \u00e0 Kazan (RUS). \u00abpanissimo\u00bb&#8230;\u00bb Interview mit Sonja Durrer nach dem Wettkampf ..\u00bb\" \/>\n<meta property=\"og:url\" content=\"https:\/\/swissbaker.ch\/fr\/releve\/concours-professionnels\/worldskills\/kazan-2019\/\" \/>\n<meta property=\"og:site_name\" content=\"SBC\" \/>\n<meta property=\"article:publisher\" content=\"https:\/\/www.facebook.com\/swissbaker.ch\" \/>\n<meta property=\"article:modified_time\" content=\"2026-05-01T11:38:49+00:00\" \/>\n<meta property=\"og:image\" content=\"https:\/\/swissbaker.ch\/wp-content\/uploads\/2022\/04\/sbc-logo-yoast.jpg\" \/>\n\t<meta property=\"og:image:width\" content=\"512\" \/>\n\t<meta property=\"og:image:height\" content=\"512\" \/>\n\t<meta property=\"og:image:type\" content=\"image\/jpeg\" \/>\n<meta name=\"twitter:card\" content=\"summary_large_image\" \/>\n<meta name=\"twitter:site\" content=\"@ch_swissbaker\" \/>\n<meta name=\"twitter:label1\" content=\"Est. reading time\" \/>\n\t<meta name=\"twitter:data1\" content=\"1 minute\" \/>\n<script type=\"application\/ld+json\" class=\"yoast-schema-graph\">{\"@context\":\"https:\/\/schema.org\",\"@graph\":[{\"@type\":\"WebPage\",\"@id\":\"https:\/\/swissbaker.ch\/fr\/releve\/concours-professionnels\/worldskills\/kazan-2019\/\",\"url\":\"https:\/\/swissbaker.ch\/fr\/releve\/concours-professionnels\/worldskills\/kazan-2019\/\",\"name\":\"Kazan 2019 | SBC\",\"isPartOf\":{\"@id\":\"https:\/\/swissbaker.ch\/fr\/#website\"},\"datePublished\":\"2022-06-13T13:13:08+00:00\",\"dateModified\":\"2026-05-01T11:38:49+00:00\",\"breadcrumb\":{\"@id\":\"https:\/\/swissbaker.ch\/fr\/releve\/concours-professionnels\/worldskills\/kazan-2019\/#breadcrumb\"},\"inLanguage\":\"fr-FR\",\"potentialAction\":[{\"@type\":\"ReadAction\",\"target\":[\"https:\/\/swissbaker.ch\/fr\/releve\/concours-professionnels\/worldskills\/kazan-2019\/\"]}]},{\"@type\":\"BreadcrumbList\",\"@id\":\"https:\/\/swissbaker.ch\/fr\/releve\/concours-professionnels\/worldskills\/kazan-2019\/#breadcrumb\",\"itemListElement\":[{\"@type\":\"ListItem\",\"position\":1,\"name\":\"\",\"item\":\"https:\/\/swissbaker.ch\/fr\/\"},{\"@type\":\"ListItem\",\"position\":2,\"name\":\"Rel\u00e8ve\",\"item\":\"https:\/\/swissbaker.ch\/fr\/releve\/\"},{\"@type\":\"ListItem\",\"position\":3,\"name\":\"Concours professionnels\",\"item\":\"https:\/\/swissbaker.ch\/fr\/releve\/concours-professionnels\/\"},{\"@type\":\"ListItem\",\"position\":4,\"name\":\"WorldSkills\",\"item\":\"https:\/\/swissbaker.ch\/fr\/releve\/concours-professionnels\/worldskills\/\"},{\"@type\":\"ListItem\",\"position\":5,\"name\":\"Kazan 2019\"}]},{\"@type\":\"WebSite\",\"@id\":\"https:\/\/swissbaker.ch\/fr\/#website\",\"url\":\"https:\/\/swissbaker.ch\/fr\/\",\"name\":\"SBC\",\"description\":\"\",\"publisher\":{\"@id\":\"https:\/\/swissbaker.ch\/fr\/#organization\"},\"potentialAction\":[{\"@type\":\"SearchAction\",\"target\":{\"@type\":\"EntryPoint\",\"urlTemplate\":\"https:\/\/swissbaker.ch\/fr\/?s={search_term_string}\"},\"query-input\":{\"@type\":\"PropertyValueSpecification\",\"valueRequired\":true,\"valueName\":\"search_term_string\"}}],\"inLanguage\":\"fr-FR\"},{\"@type\":\"Organization\",\"@id\":\"https:\/\/swissbaker.ch\/fr\/#organization\",\"name\":\"Schweizerischer B\u00e4cker-Confiseurmeister-Verband\",\"url\":\"https:\/\/swissbaker.ch\/fr\/\",\"logo\":{\"@type\":\"ImageObject\",\"inLanguage\":\"fr-FR\",\"@id\":\"https:\/\/swissbaker.ch\/fr\/#\/schema\/logo\/image\/\",\"url\":\"https:\/\/swissbaker.ch\/wp-content\/uploads\/2022\/04\/sbc-logo-yoast.jpg\",\"contentUrl\":\"https:\/\/swissbaker.ch\/wp-content\/uploads\/2022\/04\/sbc-logo-yoast.jpg\",\"width\":512,\"height\":512,\"caption\":\"Schweizerischer B\u00e4cker-Confiseurmeister-Verband\"},\"image\":{\"@id\":\"https:\/\/swissbaker.ch\/fr\/#\/schema\/logo\/image\/\"},\"sameAs\":[\"https:\/\/www.facebook.com\/swissbaker.ch\",\"https:\/\/x.com\/ch_swissbaker\"]}]}<\/script>\n<!-- \/ Yoast SEO Premium plugin. -->","yoast_head_json":{"title":"Kazan 2019 | SBC","robots":{"index":"index","follow":"follow","max-snippet":"max-snippet:-1","max-image-preview":"max-image-preview:large","max-video-preview":"max-video-preview:-1"},"canonical":"https:\/\/swissbaker.ch\/fr\/releve\/concours-professionnels\/worldskills\/kazan-2019\/","og_locale":"fr_FR","og_type":"article","og_title":"Kazan 2019","og_description":"Sonja Durrer (19 ans), de Kerns (OW), a remport\u00e9 la m\u00e9daille d\u2019or en orientation boulangeriep\u00e2tisserie lors des 45e WorldSkills Competitions (championnats du monde des m\u00e9tiers), qui se sont d\u00e9roul\u00e9s du 22 au 25 ao\u00fbt 2019 \u00e0 Kazan (RUS). \u00abpanissimo\u00bb&#8230;\u00bb Interview mit Sonja Durrer nach dem Wettkampf ..\u00bb","og_url":"https:\/\/swissbaker.ch\/fr\/releve\/concours-professionnels\/worldskills\/kazan-2019\/","og_site_name":"SBC","article_publisher":"https:\/\/www.facebook.com\/swissbaker.ch","article_modified_time":"2026-05-01T11:38:49+00:00","og_image":[{"width":512,"height":512,"url":"https:\/\/swissbaker.ch\/wp-content\/uploads\/2022\/04\/sbc-logo-yoast.jpg","type":"image\/jpeg"}],"twitter_card":"summary_large_image","twitter_site":"@ch_swissbaker","twitter_misc":{"Est. reading time":"1 minute"},"schema":{"@context":"https:\/\/schema.org","@graph":[{"@type":"WebPage","@id":"https:\/\/swissbaker.ch\/fr\/releve\/concours-professionnels\/worldskills\/kazan-2019\/","url":"https:\/\/swissbaker.ch\/fr\/releve\/concours-professionnels\/worldskills\/kazan-2019\/","name":"Kazan 2019 | SBC","isPartOf":{"@id":"https:\/\/swissbaker.ch\/fr\/#website"},"datePublished":"2022-06-13T13:13:08+00:00","dateModified":"2026-05-01T11:38:49+00:00","breadcrumb":{"@id":"https:\/\/swissbaker.ch\/fr\/releve\/concours-professionnels\/worldskills\/kazan-2019\/#breadcrumb"},"inLanguage":"fr-FR","potentialAction":[{"@type":"ReadAction","target":["https:\/\/swissbaker.ch\/fr\/releve\/concours-professionnels\/worldskills\/kazan-2019\/"]}]},{"@type":"BreadcrumbList","@id":"https:\/\/swissbaker.ch\/fr\/releve\/concours-professionnels\/worldskills\/kazan-2019\/#breadcrumb","itemListElement":[{"@type":"ListItem","position":1,"name":"","item":"https:\/\/swissbaker.ch\/fr\/"},{"@type":"ListItem","position":2,"name":"Rel\u00e8ve","item":"https:\/\/swissbaker.ch\/fr\/releve\/"},{"@type":"ListItem","position":3,"name":"Concours professionnels","item":"https:\/\/swissbaker.ch\/fr\/releve\/concours-professionnels\/"},{"@type":"ListItem","position":4,"name":"WorldSkills","item":"https:\/\/swissbaker.ch\/fr\/releve\/concours-professionnels\/worldskills\/"},{"@type":"ListItem","position":5,"name":"Kazan 2019"}]},{"@type":"WebSite","@id":"https:\/\/swissbaker.ch\/fr\/#website","url":"https:\/\/swissbaker.ch\/fr\/","name":"SBC","description":"","publisher":{"@id":"https:\/\/swissbaker.ch\/fr\/#organization"},"potentialAction":[{"@type":"SearchAction","target":{"@type":"EntryPoint","urlTemplate":"https:\/\/swissbaker.ch\/fr\/?s={search_term_string}"},"query-input":{"@type":"PropertyValueSpecification","valueRequired":true,"valueName":"search_term_string"}}],"inLanguage":"fr-FR"},{"@type":"Organization","@id":"https:\/\/swissbaker.ch\/fr\/#organization","name":"Schweizerischer B\u00e4cker-Confiseurmeister-Verband","url":"https:\/\/swissbaker.ch\/fr\/","logo":{"@type":"ImageObject","inLanguage":"fr-FR","@id":"https:\/\/swissbaker.ch\/fr\/#\/schema\/logo\/image\/","url":"https:\/\/swissbaker.ch\/wp-content\/uploads\/2022\/04\/sbc-logo-yoast.jpg","contentUrl":"https:\/\/swissbaker.ch\/wp-content\/uploads\/2022\/04\/sbc-logo-yoast.jpg","width":512,"height":512,"caption":"Schweizerischer B\u00e4cker-Confiseurmeister-Verband"},"image":{"@id":"https:\/\/swissbaker.ch\/fr\/#\/schema\/logo\/image\/"},"sameAs":["https:\/\/www.facebook.com\/swissbaker.ch","https:\/\/x.com\/ch_swissbaker"]}]}},"_links":{"self":[{"href":"https:\/\/swissbaker.ch\/fr\/wp-json\/wp\/v2\/pages\/38046","targetHints":{"allow":["GET"]}}],"collection":[{"href":"https:\/\/swissbaker.ch\/fr\/wp-json\/wp\/v2\/pages"}],"about":[{"href":"https:\/\/swissbaker.ch\/fr\/wp-json\/wp\/v2\/types\/page"}],"author":[{"embeddable":true,"href":"https:\/\/swissbaker.ch\/fr\/wp-json\/wp\/v2\/users\/1"}],"replies":[{"embeddable":true,"href":"https:\/\/swissbaker.ch\/fr\/wp-json\/wp\/v2\/comments?post=38046"}],"version-history":[{"count":0,"href":"https:\/\/swissbaker.ch\/fr\/wp-json\/wp\/v2\/pages\/38046\/revisions"}],"up":[{"embeddable":true,"href":"https:\/\/swissbaker.ch\/fr\/wp-json\/wp\/v2\/pages\/38010"}],"wp:attachment":[{"href":"https:\/\/swissbaker.ch\/fr\/wp-json\/wp\/v2\/media?parent=38046"}],"curies":[{"name":"wp","href":"https:\/\/api.w.org\/{rel}","templated":true}]}}

<p><strong>Sonja Durrer (19 ans), de Kerns (OW), a remporté la médaille d’or en orientation boulangeriepâtisserie lors des 45e WorldSkills Competitions (championnats du monde des métiers), qui se sont déroulés du 22 au 25 août 2019 à Kazan (RUS).</strong></p>



<div class="wp-block-file"><a id="wp-block-file--media-2b56ee21-f00f-4c31-802a-9104a770a9cd" href="https://swissbaker.ch/wp-content/uploads/2022/06/communique_de_presse_worldskills_2019.pdf">Communiqué de presse</a></div>



<p><a href="https://swissbaker.ch/fr/panissimo-news/medaille-dor-pour-sonja-durrer/" target="_blank" rel="noreferrer noopener">«panissimo»&#8230;»</a></p>



<figure class="wp-block-embed is-type-video is-provider-youtube wp-block-embed-youtube wp-embed-aspect-16-9 wp-has-aspect-ratio"><div class="wp-block-embed__wrapper">
<iframe title="Flash-back vidéo sur les WorldSkills 2019 à Kazan" width="800" height="450" src="https://www.youtube.com/embed/naDXO07f8Gs?feature=oembed" frameborder="0" allow="accelerometer; autoplay; clipboard-write; encrypted-media; gyroscope; picture-in-picture" allowfullscreen></iframe>
</div></figure>



<figure class="wp-block-embed is-type-video is-provider-youtube wp-block-embed-youtube wp-embed-aspect-16-9 wp-has-aspect-ratio"><div class="wp-block-embed__wrapper">
<iframe title="Wir gratulieren Sonja Durrer zur Goldmedaille an den WorldSkills 2019" width="800" height="450" src="https://www.youtube.com/embed/FcnwKYWlkis?feature=oembed" frameborder="0" allow="accelerometer; autoplay; clipboard-write; encrypted-media; gyroscope; picture-in-picture" allowfullscreen></iframe>
</div></figure>



<figure class="wp-block-embed is-type-video is-provider-youtube wp-block-embed-youtube wp-embed-aspect-16-9 wp-has-aspect-ratio"><div class="wp-block-embed__wrapper">
<iframe title="Wir gratulieren Rahel Weber zum Zertifikat an den WorldSkills 2019" width="800" height="450" src="https://www.youtube.com/embed/3fKktzJPri0?feature=oembed" frameborder="0" allow="accelerometer; autoplay; clipboard-write; encrypted-media; gyroscope; picture-in-picture" allowfullscreen></iframe>
</div></figure>



<p><strong><a href="https://soundcloud.com/swissskills/teilnehmerin-ow-kerns-durrer-sonja-backerin" target="_blank" rel="noreferrer noopener">Interview mit Sonja Durrer nach dem Wettkampf ..»</a></strong></p>

<p>Sonja Durrer (19 ans), de Kerns (OW), a remporté la médaille d’or en orientation boulangeriepâtisserie lors des 45e WorldSkills Competitions (championnats du monde des métiers), qui se sont déroulés du 22 au 25 août 2019 à Kazan (RUS). «panissimo»&#8230;» Interview mit Sonja Durrer nach dem Wettkampf ..»</p>

<!-- This site is optimized with the Yoast SEO Premium plugin v26.8 (Yoast SEO v26.8) - https://yoast.com/product/yoast-seo-premium-wordpress/ -->
<title>Kazan 2019 | SBC</title>
<meta name="robots" content="index, follow, max-snippet:-1, max-image-preview:large, max-video-preview:-1" />
<link rel="canonical" href="https://swissbaker.ch/fr/releve/concours-professionnels/worldskills/kazan-2019/" />
<meta property="og:locale" content="fr_FR" />
<meta property="og:type" content="article" />
<meta property="og:title" content="Kazan 2019" />
<meta property="og:description" content="Sonja Durrer (19 ans), de Kerns (OW), a remporté la médaille d’or en orientation boulangeriepâtisserie lors des 45e WorldSkills Competitions (championnats du monde des métiers), qui se sont déroulés du 22 au 25 août 2019 à Kazan (RUS). «panissimo»&#8230;» Interview mit Sonja Durrer nach dem Wettkampf ..»" />
<meta property="og:url" content="https://swissbaker.ch/fr/releve/concours-professionnels/worldskills/kazan-2019/" />
<meta property="og:site_name" content="SBC" />
<meta property="article:publisher" content="https://www.facebook.com/swissbaker.ch" />
<meta property="article:modified_time" content="2026-05-01T11:38:49+00:00" />
<meta property="og:image" content="https://swissbaker.ch/wp-content/uploads/2022/04/sbc-logo-yoast.jpg" />
	<meta property="og:image:width" content="512" />
	<meta property="og:image:height" content="512" />
	<meta property="og:image:type" content="image/jpeg" />
<meta name="twitter:card" content="summary_large_image" />
<meta name="twitter:site" content="@ch_swissbaker" />
<meta name="twitter:label1" content="Est. reading time" />
	<meta name="twitter:data1" content="1 minute" />
<script type="application/ld+json" class="yoast-schema-graph">{"@context":"https://schema.org","@graph":[{"@type":"WebPage","@id":"https://swissbaker.ch/fr/releve/concours-professionnels/worldskills/kazan-2019/","url":"https://swissbaker.ch/fr/releve/concours-professionnels/worldskills/kazan-2019/","name":"Kazan 2019 | SBC","isPartOf":{"@id":"https://swissbaker.ch/fr/#website"},"datePublished":"2022-06-13T13:13:08+00:00","dateModified":"2026-05-01T11:38:49+00:00","breadcrumb":{"@id":"https://swissbaker.ch/fr/releve/concours-professionnels/worldskills/kazan-2019/#breadcrumb"},"inLanguage":"fr-FR","potentialAction":[{"@type":"ReadAction","target":["https://swissbaker.ch/fr/releve/concours-professionnels/worldskills/kazan-2019/"]}]},{"@type":"BreadcrumbList","@id":"https://swissbaker.ch/fr/releve/concours-professionnels/worldskills/kazan-2019/#breadcrumb","itemListElement":[{"@type":"ListItem","position":1,"name":"","item":"https://swissbaker.ch/fr/"},{"@type":"ListItem","position":2,"name":"Relève","item":"https://swissbaker.ch/fr/releve/"},{"@type":"ListItem","position":3,"name":"Concours professionnels","item":"https://swissbaker.ch/fr/releve/concours-professionnels/"},{"@type":"ListItem","position":4,"name":"WorldSkills","item":"https://swissbaker.ch/fr/releve/concours-professionnels/worldskills/"},{"@type":"ListItem","position":5,"name":"Kazan 2019"}]},{"@type":"WebSite","@id":"https://swissbaker.ch/fr/#website","url":"https://swissbaker.ch/fr/","name":"SBC","description":"","publisher":{"@id":"https://swissbaker.ch/fr/#organization"},"potentialAction":[{"@type":"SearchAction","target":{"@type":"EntryPoint","urlTemplate":"https://swissbaker.ch/fr/?s={search_term_string}"},"query-input":{"@type":"PropertyValueSpecification","valueRequired":true,"valueName":"search_term_string"}}],"inLanguage":"fr-FR"},{"@type":"Organization","@id":"https://swissbaker.ch/fr/#organization","name":"Schweizerischer Bäcker-Confiseurmeister-Verband","url":"https://swissbaker.ch/fr/","logo":{"@type":"ImageObject","inLanguage":"fr-FR","@id":"https://swissbaker.ch/fr/#/schema/logo/image/","url":"https://swissbaker.ch/wp-content/uploads/2022/04/sbc-logo-yoast.jpg","contentUrl":"https://swissbaker.ch/wp-content/uploads/2022/04/sbc-logo-yoast.jpg","width":512,"height":512,"caption":"Schweizerischer Bäcker-Confiseurmeister-Verband"},"image":{"@id":"https://swissbaker.ch/fr/#/schema/logo/image/"},"sameAs":["https://www.facebook.com/swissbaker.ch","https://x.com/ch_swissbaker"]}]}</script>
<!-- / Yoast SEO Premium plugin. -->

Sonja Durrer (19 ans), de Kerns (OW), a remporté la médaille d’or en orientation boulangeriepâtisserie lors des 45e WorldSkills Competitions (championnats du monde des métiers), qui se sont déroulés du 22 au 25 août 2019 à Kazan (RUS). «panissimo»&#8230;» Interview mit Sonja Durrer nach dem Wettkampf ..»

Relève

Schweizerischer Bäcker-Confiseurmeister-Verband
