{"id":36833,"date":"2018-09-16T14:25:00","date_gmt":"2018-09-16T12:25:00","guid":{"rendered":"https:\/\/swissbaker.ch\/?page_id=36833"},"modified":"2024-05-03T14:55:25","modified_gmt":"2024-05-03T12:55:25","slug":"swissskills-2018-a-berne","status":"publish","type":"page","link":"https:\/\/swissbaker.ch\/fr\/releve\/concours-professionnels\/swissskills\/swissskills-2018-a-berne\/","title":{"rendered":"Berne 2018"},"content":{"rendered":"\n<p>es championnats des m\u00e9tiers suisses centralis\u00e9s se sont d\u00e9roul\u00e9s du 12&nbsp;au 16&nbsp;septembre&nbsp;2018 \u00e0 Berne. En plein c\u0153ur du secteur de la boulangerie-confiserie!<\/p>\n\n\n\n<h2 class=\"wp-block-heading\">Galeries de photos<a href=\"https:\/\/legacy.swissbaker.ch\/fr\/news-panissimo\/galeries-de-photos\/galeries-2018\/swissskills-dimanche\/\"><\/a><\/h2>\n\n\n\n<p><a href=\"https:\/\/swissbaker.ch\/fr\/panissimo-news\/galerie\/swissskills-dimanche\/\">SwissSkills remise des prix<\/a><br><a href=\"https:\/\/swissbaker.ch\/fr\/panissimo-news\/galerie\/swissskills-remise-des-prix\/\">SwissSkills Dimanche<\/a><br><a href=\"https:\/\/swissbaker.ch\/fr\/panissimo-news\/galerie\/swissskills-samedi\/\">SwissSkills Samedi<\/a><br><a href=\"https:\/\/swissbaker.ch\/fr\/panissimo-news\/galerie\/swissskills-vendredi\/\">SwissSkills Vendredi<\/a><br><a href=\"https:\/\/swissbaker.ch\/fr\/panissimo-news\/galerie\/swissskills-jeudi\/\">SwissSkills Jeudi<\/a><br><a href=\"https:\/\/swissbaker.ch\/fr\/panissimo-news\/galerie\/swissskills-mercredi\/\">SwissSkills Mercredi<\/a><br><a href=\"https:\/\/swissbaker.ch\/fr\/panissimo-news\/galerie\/swissskills-mardi\/\">SwissSkills Mardi<\/a><\/p>\n\n\n\n<h2 class=\"wp-block-heading\">Info-Video SwissSkills 2018<\/h2>\n\n\n\n<figure class=\"wp-block-embed is-type-video is-provider-youtube wp-block-embed-youtube wp-embed-aspect-16-9 wp-has-aspect-ratio\"><div class=\"wp-block-embed__wrapper\">\n<iframe title=\"SwissSkills 2018: d\u00e9couvre 135 m\u00e9tiers diff\u00e9rents en live\" width=\"800\" height=\"450\" src=\"https:\/\/www.youtube.com\/embed\/ewlVE5g9GmY?feature=oembed\" frameborder=\"0\" allow=\"accelerometer; autoplay; clipboard-write; encrypted-media; gyroscope; picture-in-picture\" allowfullscreen><\/iframe>\n<\/div><\/figure>\n","protected":false},"excerpt":{"rendered":"<p>es championnats des m\u00e9tiers suisses centralis\u00e9s se sont d\u00e9roul\u00e9s du 12&nbsp;au 16&nbsp;septembre&nbsp;2018 \u00e0 Berne. En plein c\u0153ur du secteur de la boulangerie-confiserie! Galeries de photos SwissSkills remise des prixSwissSkills DimancheSwissSkills SamediSwissSkills VendrediSwissSkills JeudiSwissSkills MercrediSwissSkills Mardi Info-Video SwissSkills 2018<\/p>\n","protected":false},"author":1,"featured_media":0,"parent":35575,"menu_order":0,"comment_status":"closed","ping_status":"closed","template":"","meta":{"_acf_changed":false,"footnotes":""},"class_list":["post-36833","page","type-page","status-publish","hentry"],"acf":[],"yoast_head":"<!-- This site is optimized with the Yoast SEO Premium plugin v26.8 (Yoast SEO v26.8) - https:\/\/yoast.com\/product\/yoast-seo-premium-wordpress\/ -->\n<title>Berne 2018 | SBC<\/title>\n<meta name=\"robots\" content=\"index, follow, max-snippet:-1, max-image-preview:large, max-video-preview:-1\" \/>\n<link rel=\"canonical\" href=\"https:\/\/swissbaker.ch\/fr\/releve\/concours-professionnels\/swissskills\/swissskills-2018-a-berne\/\" \/>\n<meta property=\"og:locale\" content=\"fr_FR\" \/>\n<meta property=\"og:type\" content=\"article\" \/>\n<meta property=\"og:title\" content=\"Berne 2018\" \/>\n<meta property=\"og:description\" content=\"es championnats des m\u00e9tiers suisses centralis\u00e9s se sont d\u00e9roul\u00e9s du 12&nbsp;au 16&nbsp;septembre&nbsp;2018 \u00e0 Berne. En plein c\u0153ur du secteur de la boulangerie-confiserie! Galeries de photos SwissSkills remise des prixSwissSkills DimancheSwissSkills SamediSwissSkills VendrediSwissSkills JeudiSwissSkills MercrediSwissSkills Mardi Info-Video SwissSkills 2018\" \/>\n<meta property=\"og:url\" content=\"https:\/\/swissbaker.ch\/fr\/releve\/concours-professionnels\/swissskills\/swissskills-2018-a-berne\/\" \/>\n<meta property=\"og:site_name\" content=\"SBC\" \/>\n<meta property=\"article:publisher\" content=\"https:\/\/www.facebook.com\/swissbaker.ch\" \/>\n<meta property=\"article:modified_time\" content=\"2024-05-03T12:55:25+00:00\" \/>\n<meta property=\"og:image\" content=\"https:\/\/swissbaker.ch\/wp-content\/uploads\/2022\/04\/sbc-logo-yoast.jpg\" \/>\n\t<meta property=\"og:image:width\" content=\"512\" \/>\n\t<meta property=\"og:image:height\" content=\"512\" \/>\n\t<meta property=\"og:image:type\" content=\"image\/jpeg\" \/>\n<meta name=\"twitter:card\" content=\"summary_large_image\" \/>\n<meta name=\"twitter:site\" content=\"@ch_swissbaker\" \/>\n<meta name=\"twitter:label1\" content=\"Est. reading time\" \/>\n\t<meta name=\"twitter:data1\" content=\"1 minute\" \/>\n<script type=\"application\/ld+json\" class=\"yoast-schema-graph\">{\"@context\":\"https:\/\/schema.org\",\"@graph\":[{\"@type\":\"WebPage\",\"@id\":\"https:\/\/swissbaker.ch\/fr\/releve\/concours-professionnels\/swissskills\/swissskills-2018-a-berne\/\",\"url\":\"https:\/\/swissbaker.ch\/fr\/releve\/concours-professionnels\/swissskills\/swissskills-2018-a-berne\/\",\"name\":\"Berne 2018 | SBC\",\"isPartOf\":{\"@id\":\"https:\/\/swissbaker.ch\/fr\/#website\"},\"datePublished\":\"2018-09-16T12:25:00+00:00\",\"dateModified\":\"2024-05-03T12:55:25+00:00\",\"breadcrumb\":{\"@id\":\"https:\/\/swissbaker.ch\/fr\/releve\/concours-professionnels\/swissskills\/swissskills-2018-a-berne\/#breadcrumb\"},\"inLanguage\":\"fr-FR\",\"potentialAction\":[{\"@type\":\"ReadAction\",\"target\":[\"https:\/\/swissbaker.ch\/fr\/releve\/concours-professionnels\/swissskills\/swissskills-2018-a-berne\/\"]}]},{\"@type\":\"BreadcrumbList\",\"@id\":\"https:\/\/swissbaker.ch\/fr\/releve\/concours-professionnels\/swissskills\/swissskills-2018-a-berne\/#breadcrumb\",\"itemListElement\":[{\"@type\":\"ListItem\",\"position\":1,\"name\":\"\",\"item\":\"https:\/\/swissbaker.ch\/fr\/\"},{\"@type\":\"ListItem\",\"position\":2,\"name\":\"Rel\u00e8ve\",\"item\":\"https:\/\/swissbaker.ch\/fr\/releve\/\"},{\"@type\":\"ListItem\",\"position\":3,\"name\":\"Concours professionnels\",\"item\":\"https:\/\/swissbaker.ch\/fr\/releve\/concours-professionnels\/\"},{\"@type\":\"ListItem\",\"position\":4,\"name\":\"SwissSkills\",\"item\":\"https:\/\/swissbaker.ch\/fr\/releve\/concours-professionnels\/swissskills\/\"},{\"@type\":\"ListItem\",\"position\":5,\"name\":\"Berne 2018\"}]},{\"@type\":\"WebSite\",\"@id\":\"https:\/\/swissbaker.ch\/fr\/#website\",\"url\":\"https:\/\/swissbaker.ch\/fr\/\",\"name\":\"SBC\",\"description\":\"\",\"publisher\":{\"@id\":\"https:\/\/swissbaker.ch\/fr\/#organization\"},\"potentialAction\":[{\"@type\":\"SearchAction\",\"target\":{\"@type\":\"EntryPoint\",\"urlTemplate\":\"https:\/\/swissbaker.ch\/fr\/?s={search_term_string}\"},\"query-input\":{\"@type\":\"PropertyValueSpecification\",\"valueRequired\":true,\"valueName\":\"search_term_string\"}}],\"inLanguage\":\"fr-FR\"},{\"@type\":\"Organization\",\"@id\":\"https:\/\/swissbaker.ch\/fr\/#organization\",\"name\":\"Schweizerischer B\u00e4cker-Confiseurmeister-Verband\",\"url\":\"https:\/\/swissbaker.ch\/fr\/\",\"logo\":{\"@type\":\"ImageObject\",\"inLanguage\":\"fr-FR\",\"@id\":\"https:\/\/swissbaker.ch\/fr\/#\/schema\/logo\/image\/\",\"url\":\"https:\/\/swissbaker.ch\/wp-content\/uploads\/2022\/04\/sbc-logo-yoast.jpg\",\"contentUrl\":\"https:\/\/swissbaker.ch\/wp-content\/uploads\/2022\/04\/sbc-logo-yoast.jpg\",\"width\":512,\"height\":512,\"caption\":\"Schweizerischer B\u00e4cker-Confiseurmeister-Verband\"},\"image\":{\"@id\":\"https:\/\/swissbaker.ch\/fr\/#\/schema\/logo\/image\/\"},\"sameAs\":[\"https:\/\/www.facebook.com\/swissbaker.ch\",\"https:\/\/x.com\/ch_swissbaker\"]}]}<\/script>\n<!-- \/ Yoast SEO Premium plugin. -->","yoast_head_json":{"title":"Berne 2018 | SBC","robots":{"index":"index","follow":"follow","max-snippet":"max-snippet:-1","max-image-preview":"max-image-preview:large","max-video-preview":"max-video-preview:-1"},"canonical":"https:\/\/swissbaker.ch\/fr\/releve\/concours-professionnels\/swissskills\/swissskills-2018-a-berne\/","og_locale":"fr_FR","og_type":"article","og_title":"Berne 2018","og_description":"es championnats des m\u00e9tiers suisses centralis\u00e9s se sont d\u00e9roul\u00e9s du 12&nbsp;au 16&nbsp;septembre&nbsp;2018 \u00e0 Berne. En plein c\u0153ur du secteur de la boulangerie-confiserie! Galeries de photos SwissSkills remise des prixSwissSkills DimancheSwissSkills SamediSwissSkills VendrediSwissSkills JeudiSwissSkills MercrediSwissSkills Mardi Info-Video SwissSkills 2018","og_url":"https:\/\/swissbaker.ch\/fr\/releve\/concours-professionnels\/swissskills\/swissskills-2018-a-berne\/","og_site_name":"SBC","article_publisher":"https:\/\/www.facebook.com\/swissbaker.ch","article_modified_time":"2024-05-03T12:55:25+00:00","og_image":[{"width":512,"height":512,"url":"https:\/\/swissbaker.ch\/wp-content\/uploads\/2022\/04\/sbc-logo-yoast.jpg","type":"image\/jpeg"}],"twitter_card":"summary_large_image","twitter_site":"@ch_swissbaker","twitter_misc":{"Est. reading time":"1 minute"},"schema":{"@context":"https:\/\/schema.org","@graph":[{"@type":"WebPage","@id":"https:\/\/swissbaker.ch\/fr\/releve\/concours-professionnels\/swissskills\/swissskills-2018-a-berne\/","url":"https:\/\/swissbaker.ch\/fr\/releve\/concours-professionnels\/swissskills\/swissskills-2018-a-berne\/","name":"Berne 2018 | SBC","isPartOf":{"@id":"https:\/\/swissbaker.ch\/fr\/#website"},"datePublished":"2018-09-16T12:25:00+00:00","dateModified":"2024-05-03T12:55:25+00:00","breadcrumb":{"@id":"https:\/\/swissbaker.ch\/fr\/releve\/concours-professionnels\/swissskills\/swissskills-2018-a-berne\/#breadcrumb"},"inLanguage":"fr-FR","potentialAction":[{"@type":"ReadAction","target":["https:\/\/swissbaker.ch\/fr\/releve\/concours-professionnels\/swissskills\/swissskills-2018-a-berne\/"]}]},{"@type":"BreadcrumbList","@id":"https:\/\/swissbaker.ch\/fr\/releve\/concours-professionnels\/swissskills\/swissskills-2018-a-berne\/#breadcrumb","itemListElement":[{"@type":"ListItem","position":1,"name":"","item":"https:\/\/swissbaker.ch\/fr\/"},{"@type":"ListItem","position":2,"name":"Rel\u00e8ve","item":"https:\/\/swissbaker.ch\/fr\/releve\/"},{"@type":"ListItem","position":3,"name":"Concours professionnels","item":"https:\/\/swissbaker.ch\/fr\/releve\/concours-professionnels\/"},{"@type":"ListItem","position":4,"name":"SwissSkills","item":"https:\/\/swissbaker.ch\/fr\/releve\/concours-professionnels\/swissskills\/"},{"@type":"ListItem","position":5,"name":"Berne 2018"}]},{"@type":"WebSite","@id":"https:\/\/swissbaker.ch\/fr\/#website","url":"https:\/\/swissbaker.ch\/fr\/","name":"SBC","description":"","publisher":{"@id":"https:\/\/swissbaker.ch\/fr\/#organization"},"potentialAction":[{"@type":"SearchAction","target":{"@type":"EntryPoint","urlTemplate":"https:\/\/swissbaker.ch\/fr\/?s={search_term_string}"},"query-input":{"@type":"PropertyValueSpecification","valueRequired":true,"valueName":"search_term_string"}}],"inLanguage":"fr-FR"},{"@type":"Organization","@id":"https:\/\/swissbaker.ch\/fr\/#organization","name":"Schweizerischer B\u00e4cker-Confiseurmeister-Verband","url":"https:\/\/swissbaker.ch\/fr\/","logo":{"@type":"ImageObject","inLanguage":"fr-FR","@id":"https:\/\/swissbaker.ch\/fr\/#\/schema\/logo\/image\/","url":"https:\/\/swissbaker.ch\/wp-content\/uploads\/2022\/04\/sbc-logo-yoast.jpg","contentUrl":"https:\/\/swissbaker.ch\/wp-content\/uploads\/2022\/04\/sbc-logo-yoast.jpg","width":512,"height":512,"caption":"Schweizerischer B\u00e4cker-Confiseurmeister-Verband"},"image":{"@id":"https:\/\/swissbaker.ch\/fr\/#\/schema\/logo\/image\/"},"sameAs":["https:\/\/www.facebook.com\/swissbaker.ch","https:\/\/x.com\/ch_swissbaker"]}]}},"_links":{"self":[{"href":"https:\/\/swissbaker.ch\/fr\/wp-json\/wp\/v2\/pages\/36833","targetHints":{"allow":["GET"]}}],"collection":[{"href":"https:\/\/swissbaker.ch\/fr\/wp-json\/wp\/v2\/pages"}],"about":[{"href":"https:\/\/swissbaker.ch\/fr\/wp-json\/wp\/v2\/types\/page"}],"author":[{"embeddable":true,"href":"https:\/\/swissbaker.ch\/fr\/wp-json\/wp\/v2\/users\/1"}],"replies":[{"embeddable":true,"href":"https:\/\/swissbaker.ch\/fr\/wp-json\/wp\/v2\/comments?post=36833"}],"version-history":[{"count":0,"href":"https:\/\/swissbaker.ch\/fr\/wp-json\/wp\/v2\/pages\/36833\/revisions"}],"up":[{"embeddable":true,"href":"https:\/\/swissbaker.ch\/fr\/wp-json\/wp\/v2\/pages\/35575"}],"wp:attachment":[{"href":"https:\/\/swissbaker.ch\/fr\/wp-json\/wp\/v2\/media?parent=36833"}],"curies":[{"name":"wp","href":"https:\/\/api.w.org\/{rel}","templated":true}]}}

<p>es championnats des métiers suisses centralisés se sont déroulés du 12&nbsp;au 16&nbsp;septembre&nbsp;2018 à Berne. En plein cœur du secteur de la boulangerie-confiserie!</p>



<h2 class="wp-block-heading">Galeries de photos<a href="https://legacy.swissbaker.ch/fr/news-panissimo/galeries-de-photos/galeries-2018/swissskills-dimanche/"></a></h2>



<p><a href="https://swissbaker.ch/fr/panissimo-news/galerie/swissskills-dimanche/">SwissSkills remise des prix</a><br><a href="https://swissbaker.ch/fr/panissimo-news/galerie/swissskills-remise-des-prix/">SwissSkills Dimanche</a><br><a href="https://swissbaker.ch/fr/panissimo-news/galerie/swissskills-samedi/">SwissSkills Samedi</a><br><a href="https://swissbaker.ch/fr/panissimo-news/galerie/swissskills-vendredi/">SwissSkills Vendredi</a><br><a href="https://swissbaker.ch/fr/panissimo-news/galerie/swissskills-jeudi/">SwissSkills Jeudi</a><br><a href="https://swissbaker.ch/fr/panissimo-news/galerie/swissskills-mercredi/">SwissSkills Mercredi</a><br><a href="https://swissbaker.ch/fr/panissimo-news/galerie/swissskills-mardi/">SwissSkills Mardi</a></p>



<h2 class="wp-block-heading">Info-Video SwissSkills 2018</h2>



<figure class="wp-block-embed is-type-video is-provider-youtube wp-block-embed-youtube wp-embed-aspect-16-9 wp-has-aspect-ratio"><div class="wp-block-embed__wrapper">
<iframe title="SwissSkills 2018: découvre 135 métiers différents en live" width="800" height="450" src="https://www.youtube.com/embed/ewlVE5g9GmY?feature=oembed" frameborder="0" allow="accelerometer; autoplay; clipboard-write; encrypted-media; gyroscope; picture-in-picture" allowfullscreen></iframe>
</div></figure>

<p>es championnats des métiers suisses centralisés se sont déroulés du 12&nbsp;au 16&nbsp;septembre&nbsp;2018 à Berne. En plein cœur du secteur de la boulangerie-confiserie! Galeries de photos SwissSkills remise des prixSwissSkills DimancheSwissSkills SamediSwissSkills VendrediSwissSkills JeudiSwissSkills MercrediSwissSkills Mardi Info-Video SwissSkills 2018</p>

<!-- This site is optimized with the Yoast SEO Premium plugin v26.8 (Yoast SEO v26.8) - https://yoast.com/product/yoast-seo-premium-wordpress/ -->
<title>Berne 2018 | SBC</title>
<meta name="robots" content="index, follow, max-snippet:-1, max-image-preview:large, max-video-preview:-1" />
<link rel="canonical" href="https://swissbaker.ch/fr/releve/concours-professionnels/swissskills/swissskills-2018-a-berne/" />
<meta property="og:locale" content="fr_FR" />
<meta property="og:type" content="article" />
<meta property="og:title" content="Berne 2018" />
<meta property="og:description" content="es championnats des métiers suisses centralisés se sont déroulés du 12&nbsp;au 16&nbsp;septembre&nbsp;2018 à Berne. En plein cœur du secteur de la boulangerie-confiserie! Galeries de photos SwissSkills remise des prixSwissSkills DimancheSwissSkills SamediSwissSkills VendrediSwissSkills JeudiSwissSkills MercrediSwissSkills Mardi Info-Video SwissSkills 2018" />
<meta property="og:url" content="https://swissbaker.ch/fr/releve/concours-professionnels/swissskills/swissskills-2018-a-berne/" />
<meta property="og:site_name" content="SBC" />
<meta property="article:publisher" content="https://www.facebook.com/swissbaker.ch" />
<meta property="article:modified_time" content="2024-05-03T12:55:25+00:00" />
<meta property="og:image" content="https://swissbaker.ch/wp-content/uploads/2022/04/sbc-logo-yoast.jpg" />
	<meta property="og:image:width" content="512" />
	<meta property="og:image:height" content="512" />
	<meta property="og:image:type" content="image/jpeg" />
<meta name="twitter:card" content="summary_large_image" />
<meta name="twitter:site" content="@ch_swissbaker" />
<meta name="twitter:label1" content="Est. reading time" />
	<meta name="twitter:data1" content="1 minute" />
<script type="application/ld+json" class="yoast-schema-graph">{"@context":"https://schema.org","@graph":[{"@type":"WebPage","@id":"https://swissbaker.ch/fr/releve/concours-professionnels/swissskills/swissskills-2018-a-berne/","url":"https://swissbaker.ch/fr/releve/concours-professionnels/swissskills/swissskills-2018-a-berne/","name":"Berne 2018 | SBC","isPartOf":{"@id":"https://swissbaker.ch/fr/#website"},"datePublished":"2018-09-16T12:25:00+00:00","dateModified":"2024-05-03T12:55:25+00:00","breadcrumb":{"@id":"https://swissbaker.ch/fr/releve/concours-professionnels/swissskills/swissskills-2018-a-berne/#breadcrumb"},"inLanguage":"fr-FR","potentialAction":[{"@type":"ReadAction","target":["https://swissbaker.ch/fr/releve/concours-professionnels/swissskills/swissskills-2018-a-berne/"]}]},{"@type":"BreadcrumbList","@id":"https://swissbaker.ch/fr/releve/concours-professionnels/swissskills/swissskills-2018-a-berne/#breadcrumb","itemListElement":[{"@type":"ListItem","position":1,"name":"","item":"https://swissbaker.ch/fr/"},{"@type":"ListItem","position":2,"name":"Relève","item":"https://swissbaker.ch/fr/releve/"},{"@type":"ListItem","position":3,"name":"Concours professionnels","item":"https://swissbaker.ch/fr/releve/concours-professionnels/"},{"@type":"ListItem","position":4,"name":"SwissSkills","item":"https://swissbaker.ch/fr/releve/concours-professionnels/swissskills/"},{"@type":"ListItem","position":5,"name":"Berne 2018"}]},{"@type":"WebSite","@id":"https://swissbaker.ch/fr/#website","url":"https://swissbaker.ch/fr/","name":"SBC","description":"","publisher":{"@id":"https://swissbaker.ch/fr/#organization"},"potentialAction":[{"@type":"SearchAction","target":{"@type":"EntryPoint","urlTemplate":"https://swissbaker.ch/fr/?s={search_term_string}"},"query-input":{"@type":"PropertyValueSpecification","valueRequired":true,"valueName":"search_term_string"}}],"inLanguage":"fr-FR"},{"@type":"Organization","@id":"https://swissbaker.ch/fr/#organization","name":"Schweizerischer Bäcker-Confiseurmeister-Verband","url":"https://swissbaker.ch/fr/","logo":{"@type":"ImageObject","inLanguage":"fr-FR","@id":"https://swissbaker.ch/fr/#/schema/logo/image/","url":"https://swissbaker.ch/wp-content/uploads/2022/04/sbc-logo-yoast.jpg","contentUrl":"https://swissbaker.ch/wp-content/uploads/2022/04/sbc-logo-yoast.jpg","width":512,"height":512,"caption":"Schweizerischer Bäcker-Confiseurmeister-Verband"},"image":{"@id":"https://swissbaker.ch/fr/#/schema/logo/image/"},"sameAs":["https://www.facebook.com/swissbaker.ch","https://x.com/ch_swissbaker"]}]}</script>
<!-- / Yoast SEO Premium plugin. -->

es championnats des métiers suisses centralisés se sont déroulés du 12&nbsp;au 16&nbsp;septembre&nbsp;2018 à Berne. En plein cœur du secteur de la boulangerie-confiserie! Galeries de photos SwissSkills remise des prixSwissSkills DimancheSwissSkills SamediSwissSkills VendrediSwissSkills JeudiSwissSkills MercrediSwissSkills Mardi Info-Video SwissSkills 2018

Relève

Schweizerischer Bäcker-Confiseurmeister-Verband
