{"id":35585,"date":"2022-06-03T11:40:08","date_gmt":"2022-06-03T09:40:08","guid":{"rendered":"https:\/\/swissbaker.ch\/?page_id=35585"},"modified":"2022-06-03T14:18:21","modified_gmt":"2022-06-03T12:18:21","slug":"agrar-alimentation%ef%bf%bc","status":"publish","type":"page","link":"https:\/\/swissbaker.ch\/fr\/association\/documents\/politique\/agrar-alimentation%ef%bf%bc\/","title":{"rendered":"Agrar \/ Alimentation"},"content":{"rendered":"\n<h2 class=\"wp-block-heading\" id=\"h-gaspillage-alimentaire-food-waste\">Gaspillage alimentaire (\u00abFood Waste\u00bb)<\/h2>\n\n\n\n<div class=\"wp-block-file\"><a id=\"wp-block-file--media-22c8fd54-60c4-4a39-b6e8-7dd2a4f02181\" href=\"https:\/\/swissbaker.ch\/wp-content\/uploads\/2022\/06\/factsheet_foodwaste_f-1.pdf\">Factsheet Gaspillage alimentaire<\/a><\/div>\n\n\n\n<h2 class=\"wp-block-heading\">Signal\u00e9tiques nutritionnelles \u00abNutri-score\u00bb<\/h2>\n\n\n\n<div class=\"wp-block-file\"><a id=\"wp-block-file--media-4daee48f-3a83-4423-a7d2-27dbc5252d0f\" href=\"https:\/\/swissbaker.ch\/wp-content\/uploads\/2022\/06\/nutri-score_argumentarium_f-1.pdf\">Argumentaire \u00abNutri-score\u00bb<\/a><\/div>\n\n\n\n<h2 class=\"wp-block-heading\" id=\"h-revision-des-ordonnances-relatives-a-la-nouvelle-loi-sur-les-denrees-alimentaires\">R\u00e9vision des ordonnances relatives \u00e0 la nouvelle loi sur les denr\u00e9es alimentaires<\/h2>\n\n\n\n<div class=\"wp-block-file\"><a id=\"wp-block-file--media-92bb31c7-fa2b-4a11-a31d-dd3b5c3d5bda\" href=\"https:\/\/swissbaker.ch\/wp-content\/uploads\/2022\/06\/nouvelle_legislation_sur_les_denrees_alimentaires_des_01.05.2017_conseil_panissimo-1.pdf\">Nouvelle l\u00e9gislation sur les denr\u00e9es alimentaires des 01.05.2017 &#8211; conseil \u00abpanissimo\u00bb<\/a><\/div>\n\n\n\n<div class=\"wp-block-file\"><a id=\"wp-block-file--media-f561db11-d46a-48fd-8934-cb4330f6ebf0\" href=\"https:\/\/swissbaker.ch\/wp-content\/uploads\/2022\/06\/medienmitteilung_largo_29_10_2015_f.pdf\">Communiqu\u00e9 de presse BCS (29.10.2015)<\/a><\/div>\n\n\n\n<h2 class=\"wp-block-heading\">S\u00e9curit\u00e9 alimentaire<\/h2>\n\n\n\n<div class=\"wp-block-file\"><a id=\"wp-block-file--media-454aa573-238e-480b-be91-48db0e300dae\" href=\"https:\/\/swissbaker.ch\/wp-content\/uploads\/2022\/06\/verbandsmitteilung_ernaehrungssicherheit_31_03_2015_f.pdf\">Communiqu\u00e9 de presse BCS (31.03.2015)<\/a><\/div>\n","protected":false},"excerpt":{"rendered":"<p>Gaspillage alimentaire (\u00abFood Waste\u00bb) Signal\u00e9tiques nutritionnelles \u00abNutri-score\u00bb R\u00e9vision des ordonnances relatives \u00e0 la nouvelle loi sur les denr\u00e9es alimentaires S\u00e9curit\u00e9 alimentaire<\/p>\n","protected":false},"author":1,"featured_media":0,"parent":35544,"menu_order":0,"comment_status":"closed","ping_status":"closed","template":"","meta":{"_acf_changed":false,"footnotes":""},"class_list":["post-35585","page","type-page","status-publish","hentry"],"acf":[],"yoast_head":"<!-- This site is optimized with the Yoast SEO Premium plugin v26.8 (Yoast SEO v26.8) - https:\/\/yoast.com\/product\/yoast-seo-premium-wordpress\/ -->\n<title>Agrar \/ Alimentation | SBC<\/title>\n<meta name=\"robots\" content=\"index, follow, max-snippet:-1, max-image-preview:large, max-video-preview:-1\" \/>\n<link rel=\"canonical\" href=\"https:\/\/swissbaker.ch\/fr\/association\/documents\/politique\/agrar-alimentation%ef%bf%bc\/\" \/>\n<meta property=\"og:locale\" content=\"fr_FR\" \/>\n<meta property=\"og:type\" content=\"article\" \/>\n<meta property=\"og:title\" content=\"Agrar \/ Alimentation\" \/>\n<meta property=\"og:description\" content=\"Gaspillage alimentaire (\u00abFood Waste\u00bb) Signal\u00e9tiques nutritionnelles \u00abNutri-score\u00bb R\u00e9vision des ordonnances relatives \u00e0 la nouvelle loi sur les denr\u00e9es alimentaires S\u00e9curit\u00e9 alimentaire\" \/>\n<meta property=\"og:url\" content=\"https:\/\/swissbaker.ch\/fr\/association\/documents\/politique\/agrar-alimentation%ef%bf%bc\/\" \/>\n<meta property=\"og:site_name\" content=\"SBC\" \/>\n<meta property=\"article:publisher\" content=\"https:\/\/www.facebook.com\/swissbaker.ch\" \/>\n<meta property=\"article:modified_time\" content=\"2022-06-03T12:18:21+00:00\" \/>\n<meta property=\"og:image\" content=\"https:\/\/swissbaker.ch\/wp-content\/uploads\/2022\/04\/sbc-logo-yoast.jpg\" \/>\n\t<meta property=\"og:image:width\" content=\"512\" \/>\n\t<meta property=\"og:image:height\" content=\"512\" \/>\n\t<meta property=\"og:image:type\" content=\"image\/jpeg\" \/>\n<meta name=\"twitter:card\" content=\"summary_large_image\" \/>\n<meta name=\"twitter:site\" content=\"@ch_swissbaker\" \/>\n<meta name=\"twitter:label1\" content=\"Est. reading time\" \/>\n\t<meta name=\"twitter:data1\" content=\"1 minute\" \/>\n<script type=\"application\/ld+json\" class=\"yoast-schema-graph\">{\"@context\":\"https:\/\/schema.org\",\"@graph\":[{\"@type\":\"WebPage\",\"@id\":\"https:\/\/swissbaker.ch\/fr\/association\/documents\/politique\/agrar-alimentation%ef%bf%bc\/\",\"url\":\"https:\/\/swissbaker.ch\/fr\/association\/documents\/politique\/agrar-alimentation%ef%bf%bc\/\",\"name\":\"Agrar \/ Alimentation | SBC\",\"isPartOf\":{\"@id\":\"https:\/\/swissbaker.ch\/fr\/#website\"},\"datePublished\":\"2022-06-03T09:40:08+00:00\",\"dateModified\":\"2022-06-03T12:18:21+00:00\",\"breadcrumb\":{\"@id\":\"https:\/\/swissbaker.ch\/fr\/association\/documents\/politique\/agrar-alimentation%ef%bf%bc\/#breadcrumb\"},\"inLanguage\":\"fr-FR\",\"potentialAction\":[{\"@type\":\"ReadAction\",\"target\":[\"https:\/\/swissbaker.ch\/fr\/association\/documents\/politique\/agrar-alimentation%ef%bf%bc\/\"]}]},{\"@type\":\"BreadcrumbList\",\"@id\":\"https:\/\/swissbaker.ch\/fr\/association\/documents\/politique\/agrar-alimentation%ef%bf%bc\/#breadcrumb\",\"itemListElement\":[{\"@type\":\"ListItem\",\"position\":1,\"name\":\"\",\"item\":\"https:\/\/swissbaker.ch\/fr\/\"},{\"@type\":\"ListItem\",\"position\":2,\"name\":\"Association\u00a0\",\"item\":\"https:\/\/swissbaker.ch\/fr\/association\/\"},{\"@type\":\"ListItem\",\"position\":3,\"name\":\"Documents\",\"item\":\"https:\/\/swissbaker.ch\/fr\/association\/documents\/\"},{\"@type\":\"ListItem\",\"position\":4,\"name\":\"Politique\",\"item\":\"https:\/\/swissbaker.ch\/fr\/association\/documents\/politique\/\"},{\"@type\":\"ListItem\",\"position\":5,\"name\":\"Agrar \/ Alimentation\"}]},{\"@type\":\"WebSite\",\"@id\":\"https:\/\/swissbaker.ch\/fr\/#website\",\"url\":\"https:\/\/swissbaker.ch\/fr\/\",\"name\":\"SBC\",\"description\":\"\",\"publisher\":{\"@id\":\"https:\/\/swissbaker.ch\/fr\/#organization\"},\"potentialAction\":[{\"@type\":\"SearchAction\",\"target\":{\"@type\":\"EntryPoint\",\"urlTemplate\":\"https:\/\/swissbaker.ch\/fr\/?s={search_term_string}\"},\"query-input\":{\"@type\":\"PropertyValueSpecification\",\"valueRequired\":true,\"valueName\":\"search_term_string\"}}],\"inLanguage\":\"fr-FR\"},{\"@type\":\"Organization\",\"@id\":\"https:\/\/swissbaker.ch\/fr\/#organization\",\"name\":\"Schweizerischer B\u00e4cker-Confiseurmeister-Verband\",\"url\":\"https:\/\/swissbaker.ch\/fr\/\",\"logo\":{\"@type\":\"ImageObject\",\"inLanguage\":\"fr-FR\",\"@id\":\"https:\/\/swissbaker.ch\/fr\/#\/schema\/logo\/image\/\",\"url\":\"https:\/\/swissbaker.ch\/wp-content\/uploads\/2022\/04\/sbc-logo-yoast.jpg\",\"contentUrl\":\"https:\/\/swissbaker.ch\/wp-content\/uploads\/2022\/04\/sbc-logo-yoast.jpg\",\"width\":512,\"height\":512,\"caption\":\"Schweizerischer B\u00e4cker-Confiseurmeister-Verband\"},\"image\":{\"@id\":\"https:\/\/swissbaker.ch\/fr\/#\/schema\/logo\/image\/\"},\"sameAs\":[\"https:\/\/www.facebook.com\/swissbaker.ch\",\"https:\/\/x.com\/ch_swissbaker\"]}]}<\/script>\n<!-- \/ Yoast SEO Premium plugin. -->","yoast_head_json":{"title":"Agrar \/ Alimentation | SBC","robots":{"index":"index","follow":"follow","max-snippet":"max-snippet:-1","max-image-preview":"max-image-preview:large","max-video-preview":"max-video-preview:-1"},"canonical":"https:\/\/swissbaker.ch\/fr\/association\/documents\/politique\/agrar-alimentation%ef%bf%bc\/","og_locale":"fr_FR","og_type":"article","og_title":"Agrar \/ Alimentation","og_description":"Gaspillage alimentaire (\u00abFood Waste\u00bb) Signal\u00e9tiques nutritionnelles \u00abNutri-score\u00bb R\u00e9vision des ordonnances relatives \u00e0 la nouvelle loi sur les denr\u00e9es alimentaires S\u00e9curit\u00e9 alimentaire","og_url":"https:\/\/swissbaker.ch\/fr\/association\/documents\/politique\/agrar-alimentation%ef%bf%bc\/","og_site_name":"SBC","article_publisher":"https:\/\/www.facebook.com\/swissbaker.ch","article_modified_time":"2022-06-03T12:18:21+00:00","og_image":[{"width":512,"height":512,"url":"https:\/\/swissbaker.ch\/wp-content\/uploads\/2022\/04\/sbc-logo-yoast.jpg","type":"image\/jpeg"}],"twitter_card":"summary_large_image","twitter_site":"@ch_swissbaker","twitter_misc":{"Est. reading time":"1 minute"},"schema":{"@context":"https:\/\/schema.org","@graph":[{"@type":"WebPage","@id":"https:\/\/swissbaker.ch\/fr\/association\/documents\/politique\/agrar-alimentation%ef%bf%bc\/","url":"https:\/\/swissbaker.ch\/fr\/association\/documents\/politique\/agrar-alimentation%ef%bf%bc\/","name":"Agrar \/ Alimentation | SBC","isPartOf":{"@id":"https:\/\/swissbaker.ch\/fr\/#website"},"datePublished":"2022-06-03T09:40:08+00:00","dateModified":"2022-06-03T12:18:21+00:00","breadcrumb":{"@id":"https:\/\/swissbaker.ch\/fr\/association\/documents\/politique\/agrar-alimentation%ef%bf%bc\/#breadcrumb"},"inLanguage":"fr-FR","potentialAction":[{"@type":"ReadAction","target":["https:\/\/swissbaker.ch\/fr\/association\/documents\/politique\/agrar-alimentation%ef%bf%bc\/"]}]},{"@type":"BreadcrumbList","@id":"https:\/\/swissbaker.ch\/fr\/association\/documents\/politique\/agrar-alimentation%ef%bf%bc\/#breadcrumb","itemListElement":[{"@type":"ListItem","position":1,"name":"","item":"https:\/\/swissbaker.ch\/fr\/"},{"@type":"ListItem","position":2,"name":"Association\u00a0","item":"https:\/\/swissbaker.ch\/fr\/association\/"},{"@type":"ListItem","position":3,"name":"Documents","item":"https:\/\/swissbaker.ch\/fr\/association\/documents\/"},{"@type":"ListItem","position":4,"name":"Politique","item":"https:\/\/swissbaker.ch\/fr\/association\/documents\/politique\/"},{"@type":"ListItem","position":5,"name":"Agrar \/ Alimentation"}]},{"@type":"WebSite","@id":"https:\/\/swissbaker.ch\/fr\/#website","url":"https:\/\/swissbaker.ch\/fr\/","name":"SBC","description":"","publisher":{"@id":"https:\/\/swissbaker.ch\/fr\/#organization"},"potentialAction":[{"@type":"SearchAction","target":{"@type":"EntryPoint","urlTemplate":"https:\/\/swissbaker.ch\/fr\/?s={search_term_string}"},"query-input":{"@type":"PropertyValueSpecification","valueRequired":true,"valueName":"search_term_string"}}],"inLanguage":"fr-FR"},{"@type":"Organization","@id":"https:\/\/swissbaker.ch\/fr\/#organization","name":"Schweizerischer B\u00e4cker-Confiseurmeister-Verband","url":"https:\/\/swissbaker.ch\/fr\/","logo":{"@type":"ImageObject","inLanguage":"fr-FR","@id":"https:\/\/swissbaker.ch\/fr\/#\/schema\/logo\/image\/","url":"https:\/\/swissbaker.ch\/wp-content\/uploads\/2022\/04\/sbc-logo-yoast.jpg","contentUrl":"https:\/\/swissbaker.ch\/wp-content\/uploads\/2022\/04\/sbc-logo-yoast.jpg","width":512,"height":512,"caption":"Schweizerischer B\u00e4cker-Confiseurmeister-Verband"},"image":{"@id":"https:\/\/swissbaker.ch\/fr\/#\/schema\/logo\/image\/"},"sameAs":["https:\/\/www.facebook.com\/swissbaker.ch","https:\/\/x.com\/ch_swissbaker"]}]}},"_links":{"self":[{"href":"https:\/\/swissbaker.ch\/fr\/wp-json\/wp\/v2\/pages\/35585","targetHints":{"allow":["GET"]}}],"collection":[{"href":"https:\/\/swissbaker.ch\/fr\/wp-json\/wp\/v2\/pages"}],"about":[{"href":"https:\/\/swissbaker.ch\/fr\/wp-json\/wp\/v2\/types\/page"}],"author":[{"embeddable":true,"href":"https:\/\/swissbaker.ch\/fr\/wp-json\/wp\/v2\/users\/1"}],"replies":[{"embeddable":true,"href":"https:\/\/swissbaker.ch\/fr\/wp-json\/wp\/v2\/comments?post=35585"}],"version-history":[{"count":0,"href":"https:\/\/swissbaker.ch\/fr\/wp-json\/wp\/v2\/pages\/35585\/revisions"}],"up":[{"embeddable":true,"href":"https:\/\/swissbaker.ch\/fr\/wp-json\/wp\/v2\/pages\/35544"}],"wp:attachment":[{"href":"https:\/\/swissbaker.ch\/fr\/wp-json\/wp\/v2\/media?parent=35585"}],"curies":[{"name":"wp","href":"https:\/\/api.w.org\/{rel}","templated":true}]}}

<h2 class="wp-block-heading" id="h-gaspillage-alimentaire-food-waste">Gaspillage alimentaire («Food Waste»)</h2>



<div class="wp-block-file"><a id="wp-block-file--media-22c8fd54-60c4-4a39-b6e8-7dd2a4f02181" href="https://swissbaker.ch/wp-content/uploads/2022/06/factsheet_foodwaste_f-1.pdf">Factsheet Gaspillage alimentaire</a></div>



<h2 class="wp-block-heading">Signalétiques nutritionnelles «Nutri-score»</h2>



<div class="wp-block-file"><a id="wp-block-file--media-4daee48f-3a83-4423-a7d2-27dbc5252d0f" href="https://swissbaker.ch/wp-content/uploads/2022/06/nutri-score_argumentarium_f-1.pdf">Argumentaire «Nutri-score»</a></div>



<h2 class="wp-block-heading" id="h-revision-des-ordonnances-relatives-a-la-nouvelle-loi-sur-les-denrees-alimentaires">Révision des ordonnances relatives à la nouvelle loi sur les denrées alimentaires</h2>



<div class="wp-block-file"><a id="wp-block-file--media-92bb31c7-fa2b-4a11-a31d-dd3b5c3d5bda" href="https://swissbaker.ch/wp-content/uploads/2022/06/nouvelle_legislation_sur_les_denrees_alimentaires_des_01.05.2017_conseil_panissimo-1.pdf">Nouvelle législation sur les denrées alimentaires des 01.05.2017 &#8211; conseil «panissimo»</a></div>



<div class="wp-block-file"><a id="wp-block-file--media-f561db11-d46a-48fd-8934-cb4330f6ebf0" href="https://swissbaker.ch/wp-content/uploads/2022/06/medienmitteilung_largo_29_10_2015_f.pdf">Communiqué de presse BCS (29.10.2015)</a></div>



<h2 class="wp-block-heading">Sécurité alimentaire</h2>



<div class="wp-block-file"><a id="wp-block-file--media-454aa573-238e-480b-be91-48db0e300dae" href="https://swissbaker.ch/wp-content/uploads/2022/06/verbandsmitteilung_ernaehrungssicherheit_31_03_2015_f.pdf">Communiqué de presse BCS (31.03.2015)</a></div>

<p>Gaspillage alimentaire («Food Waste») Signalétiques nutritionnelles «Nutri-score» Révision des ordonnances relatives à la nouvelle loi sur les denrées alimentaires Sécurité alimentaire</p>

<!-- This site is optimized with the Yoast SEO Premium plugin v26.8 (Yoast SEO v26.8) - https://yoast.com/product/yoast-seo-premium-wordpress/ -->
<title>Agrar / Alimentation | SBC</title>
<meta name="robots" content="index, follow, max-snippet:-1, max-image-preview:large, max-video-preview:-1" />
<link rel="canonical" href="https://swissbaker.ch/fr/association/documents/politique/agrar-alimentation%ef%bf%bc/" />
<meta property="og:locale" content="fr_FR" />
<meta property="og:type" content="article" />
<meta property="og:title" content="Agrar / Alimentation" />
<meta property="og:description" content="Gaspillage alimentaire («Food Waste») Signalétiques nutritionnelles «Nutri-score» Révision des ordonnances relatives à la nouvelle loi sur les denrées alimentaires Sécurité alimentaire" />
<meta property="og:url" content="https://swissbaker.ch/fr/association/documents/politique/agrar-alimentation%ef%bf%bc/" />
<meta property="og:site_name" content="SBC" />
<meta property="article:publisher" content="https://www.facebook.com/swissbaker.ch" />
<meta property="article:modified_time" content="2022-06-03T12:18:21+00:00" />
<meta property="og:image" content="https://swissbaker.ch/wp-content/uploads/2022/04/sbc-logo-yoast.jpg" />
	<meta property="og:image:width" content="512" />
	<meta property="og:image:height" content="512" />
	<meta property="og:image:type" content="image/jpeg" />
<meta name="twitter:card" content="summary_large_image" />
<meta name="twitter:site" content="@ch_swissbaker" />
<meta name="twitter:label1" content="Est. reading time" />
	<meta name="twitter:data1" content="1 minute" />
<script type="application/ld+json" class="yoast-schema-graph">{"@context":"https://schema.org","@graph":[{"@type":"WebPage","@id":"https://swissbaker.ch/fr/association/documents/politique/agrar-alimentation%ef%bf%bc/","url":"https://swissbaker.ch/fr/association/documents/politique/agrar-alimentation%ef%bf%bc/","name":"Agrar / Alimentation | SBC","isPartOf":{"@id":"https://swissbaker.ch/fr/#website"},"datePublished":"2022-06-03T09:40:08+00:00","dateModified":"2022-06-03T12:18:21+00:00","breadcrumb":{"@id":"https://swissbaker.ch/fr/association/documents/politique/agrar-alimentation%ef%bf%bc/#breadcrumb"},"inLanguage":"fr-FR","potentialAction":[{"@type":"ReadAction","target":["https://swissbaker.ch/fr/association/documents/politique/agrar-alimentation%ef%bf%bc/"]}]},{"@type":"BreadcrumbList","@id":"https://swissbaker.ch/fr/association/documents/politique/agrar-alimentation%ef%bf%bc/#breadcrumb","itemListElement":[{"@type":"ListItem","position":1,"name":"","item":"https://swissbaker.ch/fr/"},{"@type":"ListItem","position":2,"name":"Association ","item":"https://swissbaker.ch/fr/association/"},{"@type":"ListItem","position":3,"name":"Documents","item":"https://swissbaker.ch/fr/association/documents/"},{"@type":"ListItem","position":4,"name":"Politique","item":"https://swissbaker.ch/fr/association/documents/politique/"},{"@type":"ListItem","position":5,"name":"Agrar / Alimentation"}]},{"@type":"WebSite","@id":"https://swissbaker.ch/fr/#website","url":"https://swissbaker.ch/fr/","name":"SBC","description":"","publisher":{"@id":"https://swissbaker.ch/fr/#organization"},"potentialAction":[{"@type":"SearchAction","target":{"@type":"EntryPoint","urlTemplate":"https://swissbaker.ch/fr/?s={search_term_string}"},"query-input":{"@type":"PropertyValueSpecification","valueRequired":true,"valueName":"search_term_string"}}],"inLanguage":"fr-FR"},{"@type":"Organization","@id":"https://swissbaker.ch/fr/#organization","name":"Schweizerischer Bäcker-Confiseurmeister-Verband","url":"https://swissbaker.ch/fr/","logo":{"@type":"ImageObject","inLanguage":"fr-FR","@id":"https://swissbaker.ch/fr/#/schema/logo/image/","url":"https://swissbaker.ch/wp-content/uploads/2022/04/sbc-logo-yoast.jpg","contentUrl":"https://swissbaker.ch/wp-content/uploads/2022/04/sbc-logo-yoast.jpg","width":512,"height":512,"caption":"Schweizerischer Bäcker-Confiseurmeister-Verband"},"image":{"@id":"https://swissbaker.ch/fr/#/schema/logo/image/"},"sameAs":["https://www.facebook.com/swissbaker.ch","https://x.com/ch_swissbaker"]}]}</script>
<!-- / Yoast SEO Premium plugin. -->

Gaspillage alimentaire («Food Waste») Signalétiques nutritionnelles «Nutri-score» Révision des ordonnances relatives à la nouvelle loi sur les denrées alimentaires Sécurité alimentaire

Schweizerischer Bäcker-Confiseurmeister-Verband
