{"id":32746,"date":"2022-04-25T11:02:22","date_gmt":"2022-04-25T09:02:22","guid":{"rendered":"https:\/\/swissbaker.ch\/?page_id=32746"},"modified":"2022-06-10T13:48:08","modified_gmt":"2022-06-10T11:48:08","slug":"droit-alimentaire-vente","status":"publish","type":"page","link":"https:\/\/swissbaker.ch\/fr\/association\/documents\/cct-salaires-droit\/droit-alimentaire-vente\/","title":{"rendered":"Droit alimentaire \/ Vente"},"content":{"rendered":"\n<h2 class=\"wp-block-heading\" id=\"h-covid-19-production-de-denrees-alimentaires\">COVID-19 : production de denr\u00e9es alimentaires<\/h2>\n\n\n\n<div class=\"wp-block-file\"><a id=\"wp-block-file--media-88da5555-9469-4a76-b580-ee2186c494bf\" href=\"https:\/\/swissbaker.ch\/wp-content\/uploads\/2022\/06\/f_anforderungen_an_die_lebensmittelsicherheit_aufgrund_des_ausbruches_von_covid-19_sig.pdf\">Exigences sp\u00e9cifiques en mati\u00e8re de s\u00e9curit\u00e9 sanitaire des aliments en rapport avec le virus<\/a><\/div>\n\n\n\n<h2 class=\"wp-block-heading\">L\u00e9gislation sur les denr\u00e9es alimentaires<\/h2>\n\n\n\n<div class=\"wp-block-file\"><a id=\"wp-block-file--media-0c812971-2c73-45a7-8fa0-a3967357f991\" href=\"https:\/\/swissbaker.ch\/wp-content\/uploads\/2022\/06\/nouvelle_legislation_sur_les_denrees_alimentaires_des_01.05.2017_conseil_panissimo.pdf\">Nouvelle l\u00e9gislation sur les denr\u00e9es alimentaires des 01.05.2017 &#8211; conseil \u00abpanissimo\u00bb<\/a><\/div>\n\n\n\n<h2 class=\"wp-block-heading\">Indication correcte des quantit\u00e9s et des prix<\/h2>\n\n\n\n<div class=\"wp-block-file\"><a id=\"wp-block-file--media-327cc67a-a424-409d-b191-203e57972044\" href=\"https:\/\/swissbaker.ch\/wp-content\/uploads\/2022\/06\/feuille_d_information_campagne_oip_2022.pdf\">Indication des prix dans les boulangeries, confiseries et tea-rooms &#8211; Feuille d&#8217;information SECO 2022<\/a><\/div>\n\n\n\n<div class=\"wp-block-file\"><a id=\"wp-block-file--media-84f20e39-f0d6-4e4e-a667-a60820a88548\" href=\"https:\/\/swissbaker.ch\/wp-content\/uploads\/2022\/06\/brochure_indication_correcte_des_quantites_2020_f.pdf\">Brochure \u00abIndication correcte des quantit\u00e9s et des prix\u00bb 2020<\/a><\/div>\n\n\n\n<div class=\"wp-block-file\"><a id=\"wp-block-file--media-682db8ae-8296-4571-a8fe-0e1860eb3eed\" href=\"https:\/\/swissbaker.ch\/wp-content\/uploads\/2022\/06\/seco_preisbekanntgabeverordnung_restaurant_hotelerie_f.pdf\">Ordonnance sur l\u2019indication des prix dans l\u2019h\u00f4tellerie et la restauration<\/a><\/div>\n\n\n\n<h2 class=\"wp-block-heading\">Remise d\u2019alcool aux jeunes<\/h2>\n\n\n\n<div class=\"wp-block-file\"><a id=\"wp-block-file--media-f9d1891c-77ea-4d7d-b20f-4195ea4c6857\" href=\"https:\/\/swissbaker.ch\/wp-content\/uploads\/2022\/06\/alkoholabgabe_infos_grundlagen_fr.pdf\">Bases l\u00e9gales et contexte<\/a><\/div>\n\n\n\n<div class=\"wp-block-file\"><a id=\"wp-block-file--media-5988ce8b-e7d8-45ef-b1a8-3341c2235f41\" href=\"https:\/\/swissbaker.ch\/wp-content\/uploads\/2022\/06\/alkoholabgabe_infos_fuehrungsperson_fr.pdf\">Informations destin\u00e9es aux responsables de gestion<\/a><\/div>\n\n\n\n<div class=\"wp-block-file\"><a id=\"wp-block-file--media-bb543e7c-e001-4e66-978c-c743f0fcd00a\" href=\"https:\/\/swissbaker.ch\/wp-content\/uploads\/2022\/06\/alkoholabgabe_infos_personal_4_fr.pdf\">Informations destin\u00e9es au personnel<\/a><\/div>\n\n\n\n<div class=\"wp-block-file\"><a id=\"wp-block-file--media-df8050a1-d7fa-4417-8fd0-748b8b65d610\" href=\"https:\/\/swissbaker.ch\/wp-content\/uploads\/2022\/06\/alkoholabgabe_infos_lernende_fr.pdf\">Informations destin\u00e9es aux apprentis<\/a><\/div>\n","protected":false},"excerpt":{"rendered":"<p>COVID-19 : production de denr\u00e9es alimentaires L\u00e9gislation sur les denr\u00e9es alimentaires Indication correcte des quantit\u00e9s et des prix Remise d\u2019alcool aux jeunes<\/p>\n","protected":false},"author":1,"featured_media":0,"parent":31197,"menu_order":0,"comment_status":"closed","ping_status":"closed","template":"","meta":{"_acf_changed":false,"footnotes":""},"class_list":["post-32746","page","type-page","status-publish","hentry"],"acf":[],"yoast_head":"<!-- This site is optimized with the Yoast SEO Premium plugin v26.8 (Yoast SEO v26.8) - https:\/\/yoast.com\/product\/yoast-seo-premium-wordpress\/ -->\n<title>Droit alimentaire \/ Vente | SBC<\/title>\n<meta name=\"robots\" content=\"index, follow, max-snippet:-1, max-image-preview:large, max-video-preview:-1\" \/>\n<link rel=\"canonical\" href=\"https:\/\/swissbaker.ch\/fr\/association\/documents\/cct-salaires-droit\/droit-alimentaire-vente\/\" \/>\n<meta property=\"og:locale\" content=\"fr_FR\" \/>\n<meta property=\"og:type\" content=\"article\" \/>\n<meta property=\"og:title\" content=\"Droit alimentaire \/ Vente\" \/>\n<meta property=\"og:description\" content=\"COVID-19 : production de denr\u00e9es alimentaires L\u00e9gislation sur les denr\u00e9es alimentaires Indication correcte des quantit\u00e9s et des prix Remise d\u2019alcool aux jeunes\" \/>\n<meta property=\"og:url\" content=\"https:\/\/swissbaker.ch\/fr\/association\/documents\/cct-salaires-droit\/droit-alimentaire-vente\/\" \/>\n<meta property=\"og:site_name\" content=\"SBC\" \/>\n<meta property=\"article:publisher\" content=\"https:\/\/www.facebook.com\/swissbaker.ch\" \/>\n<meta property=\"article:modified_time\" content=\"2022-06-10T11:48:08+00:00\" \/>\n<meta property=\"og:image\" content=\"https:\/\/swissbaker.ch\/wp-content\/uploads\/2022\/04\/sbc-logo-yoast.jpg\" \/>\n\t<meta property=\"og:image:width\" content=\"512\" \/>\n\t<meta property=\"og:image:height\" content=\"512\" \/>\n\t<meta property=\"og:image:type\" content=\"image\/jpeg\" \/>\n<meta name=\"twitter:card\" content=\"summary_large_image\" \/>\n<meta name=\"twitter:site\" content=\"@ch_swissbaker\" \/>\n<meta name=\"twitter:label1\" content=\"Est. reading time\" \/>\n\t<meta name=\"twitter:data1\" content=\"1 minute\" \/>\n<script type=\"application\/ld+json\" class=\"yoast-schema-graph\">{\"@context\":\"https:\/\/schema.org\",\"@graph\":[{\"@type\":\"WebPage\",\"@id\":\"https:\/\/swissbaker.ch\/fr\/association\/documents\/cct-salaires-droit\/droit-alimentaire-vente\/\",\"url\":\"https:\/\/swissbaker.ch\/fr\/association\/documents\/cct-salaires-droit\/droit-alimentaire-vente\/\",\"name\":\"Droit alimentaire \/ Vente | SBC\",\"isPartOf\":{\"@id\":\"https:\/\/swissbaker.ch\/fr\/#website\"},\"datePublished\":\"2022-04-25T09:02:22+00:00\",\"dateModified\":\"2022-06-10T11:48:08+00:00\",\"breadcrumb\":{\"@id\":\"https:\/\/swissbaker.ch\/fr\/association\/documents\/cct-salaires-droit\/droit-alimentaire-vente\/#breadcrumb\"},\"inLanguage\":\"fr-FR\",\"potentialAction\":[{\"@type\":\"ReadAction\",\"target\":[\"https:\/\/swissbaker.ch\/fr\/association\/documents\/cct-salaires-droit\/droit-alimentaire-vente\/\"]}]},{\"@type\":\"BreadcrumbList\",\"@id\":\"https:\/\/swissbaker.ch\/fr\/association\/documents\/cct-salaires-droit\/droit-alimentaire-vente\/#breadcrumb\",\"itemListElement\":[{\"@type\":\"ListItem\",\"position\":1,\"name\":\"\",\"item\":\"https:\/\/swissbaker.ch\/fr\/\"},{\"@type\":\"ListItem\",\"position\":2,\"name\":\"Association\u00a0\",\"item\":\"https:\/\/swissbaker.ch\/fr\/association\/\"},{\"@type\":\"ListItem\",\"position\":3,\"name\":\"Documents\",\"item\":\"https:\/\/swissbaker.ch\/fr\/association\/documents\/\"},{\"@type\":\"ListItem\",\"position\":4,\"name\":\"CCT \/ Salaires \/ Droit\",\"item\":\"https:\/\/swissbaker.ch\/fr\/association\/documents\/cct-salaires-droit\/\"},{\"@type\":\"ListItem\",\"position\":5,\"name\":\"Droit alimentaire \/ Vente\"}]},{\"@type\":\"WebSite\",\"@id\":\"https:\/\/swissbaker.ch\/fr\/#website\",\"url\":\"https:\/\/swissbaker.ch\/fr\/\",\"name\":\"SBC\",\"description\":\"\",\"publisher\":{\"@id\":\"https:\/\/swissbaker.ch\/fr\/#organization\"},\"potentialAction\":[{\"@type\":\"SearchAction\",\"target\":{\"@type\":\"EntryPoint\",\"urlTemplate\":\"https:\/\/swissbaker.ch\/fr\/?s={search_term_string}\"},\"query-input\":{\"@type\":\"PropertyValueSpecification\",\"valueRequired\":true,\"valueName\":\"search_term_string\"}}],\"inLanguage\":\"fr-FR\"},{\"@type\":\"Organization\",\"@id\":\"https:\/\/swissbaker.ch\/fr\/#organization\",\"name\":\"Schweizerischer B\u00e4cker-Confiseurmeister-Verband\",\"url\":\"https:\/\/swissbaker.ch\/fr\/\",\"logo\":{\"@type\":\"ImageObject\",\"inLanguage\":\"fr-FR\",\"@id\":\"https:\/\/swissbaker.ch\/fr\/#\/schema\/logo\/image\/\",\"url\":\"https:\/\/swissbaker.ch\/wp-content\/uploads\/2022\/04\/sbc-logo-yoast.jpg\",\"contentUrl\":\"https:\/\/swissbaker.ch\/wp-content\/uploads\/2022\/04\/sbc-logo-yoast.jpg\",\"width\":512,\"height\":512,\"caption\":\"Schweizerischer B\u00e4cker-Confiseurmeister-Verband\"},\"image\":{\"@id\":\"https:\/\/swissbaker.ch\/fr\/#\/schema\/logo\/image\/\"},\"sameAs\":[\"https:\/\/www.facebook.com\/swissbaker.ch\",\"https:\/\/x.com\/ch_swissbaker\"]}]}<\/script>\n<!-- \/ Yoast SEO Premium plugin. -->","yoast_head_json":{"title":"Droit alimentaire \/ Vente | SBC","robots":{"index":"index","follow":"follow","max-snippet":"max-snippet:-1","max-image-preview":"max-image-preview:large","max-video-preview":"max-video-preview:-1"},"canonical":"https:\/\/swissbaker.ch\/fr\/association\/documents\/cct-salaires-droit\/droit-alimentaire-vente\/","og_locale":"fr_FR","og_type":"article","og_title":"Droit alimentaire \/ Vente","og_description":"COVID-19 : production de denr\u00e9es alimentaires L\u00e9gislation sur les denr\u00e9es alimentaires Indication correcte des quantit\u00e9s et des prix Remise d\u2019alcool aux jeunes","og_url":"https:\/\/swissbaker.ch\/fr\/association\/documents\/cct-salaires-droit\/droit-alimentaire-vente\/","og_site_name":"SBC","article_publisher":"https:\/\/www.facebook.com\/swissbaker.ch","article_modified_time":"2022-06-10T11:48:08+00:00","og_image":[{"width":512,"height":512,"url":"https:\/\/swissbaker.ch\/wp-content\/uploads\/2022\/04\/sbc-logo-yoast.jpg","type":"image\/jpeg"}],"twitter_card":"summary_large_image","twitter_site":"@ch_swissbaker","twitter_misc":{"Est. reading time":"1 minute"},"schema":{"@context":"https:\/\/schema.org","@graph":[{"@type":"WebPage","@id":"https:\/\/swissbaker.ch\/fr\/association\/documents\/cct-salaires-droit\/droit-alimentaire-vente\/","url":"https:\/\/swissbaker.ch\/fr\/association\/documents\/cct-salaires-droit\/droit-alimentaire-vente\/","name":"Droit alimentaire \/ Vente | SBC","isPartOf":{"@id":"https:\/\/swissbaker.ch\/fr\/#website"},"datePublished":"2022-04-25T09:02:22+00:00","dateModified":"2022-06-10T11:48:08+00:00","breadcrumb":{"@id":"https:\/\/swissbaker.ch\/fr\/association\/documents\/cct-salaires-droit\/droit-alimentaire-vente\/#breadcrumb"},"inLanguage":"fr-FR","potentialAction":[{"@type":"ReadAction","target":["https:\/\/swissbaker.ch\/fr\/association\/documents\/cct-salaires-droit\/droit-alimentaire-vente\/"]}]},{"@type":"BreadcrumbList","@id":"https:\/\/swissbaker.ch\/fr\/association\/documents\/cct-salaires-droit\/droit-alimentaire-vente\/#breadcrumb","itemListElement":[{"@type":"ListItem","position":1,"name":"","item":"https:\/\/swissbaker.ch\/fr\/"},{"@type":"ListItem","position":2,"name":"Association\u00a0","item":"https:\/\/swissbaker.ch\/fr\/association\/"},{"@type":"ListItem","position":3,"name":"Documents","item":"https:\/\/swissbaker.ch\/fr\/association\/documents\/"},{"@type":"ListItem","position":4,"name":"CCT \/ Salaires \/ Droit","item":"https:\/\/swissbaker.ch\/fr\/association\/documents\/cct-salaires-droit\/"},{"@type":"ListItem","position":5,"name":"Droit alimentaire \/ Vente"}]},{"@type":"WebSite","@id":"https:\/\/swissbaker.ch\/fr\/#website","url":"https:\/\/swissbaker.ch\/fr\/","name":"SBC","description":"","publisher":{"@id":"https:\/\/swissbaker.ch\/fr\/#organization"},"potentialAction":[{"@type":"SearchAction","target":{"@type":"EntryPoint","urlTemplate":"https:\/\/swissbaker.ch\/fr\/?s={search_term_string}"},"query-input":{"@type":"PropertyValueSpecification","valueRequired":true,"valueName":"search_term_string"}}],"inLanguage":"fr-FR"},{"@type":"Organization","@id":"https:\/\/swissbaker.ch\/fr\/#organization","name":"Schweizerischer B\u00e4cker-Confiseurmeister-Verband","url":"https:\/\/swissbaker.ch\/fr\/","logo":{"@type":"ImageObject","inLanguage":"fr-FR","@id":"https:\/\/swissbaker.ch\/fr\/#\/schema\/logo\/image\/","url":"https:\/\/swissbaker.ch\/wp-content\/uploads\/2022\/04\/sbc-logo-yoast.jpg","contentUrl":"https:\/\/swissbaker.ch\/wp-content\/uploads\/2022\/04\/sbc-logo-yoast.jpg","width":512,"height":512,"caption":"Schweizerischer B\u00e4cker-Confiseurmeister-Verband"},"image":{"@id":"https:\/\/swissbaker.ch\/fr\/#\/schema\/logo\/image\/"},"sameAs":["https:\/\/www.facebook.com\/swissbaker.ch","https:\/\/x.com\/ch_swissbaker"]}]}},"_links":{"self":[{"href":"https:\/\/swissbaker.ch\/fr\/wp-json\/wp\/v2\/pages\/32746","targetHints":{"allow":["GET"]}}],"collection":[{"href":"https:\/\/swissbaker.ch\/fr\/wp-json\/wp\/v2\/pages"}],"about":[{"href":"https:\/\/swissbaker.ch\/fr\/wp-json\/wp\/v2\/types\/page"}],"author":[{"embeddable":true,"href":"https:\/\/swissbaker.ch\/fr\/wp-json\/wp\/v2\/users\/1"}],"replies":[{"embeddable":true,"href":"https:\/\/swissbaker.ch\/fr\/wp-json\/wp\/v2\/comments?post=32746"}],"version-history":[{"count":0,"href":"https:\/\/swissbaker.ch\/fr\/wp-json\/wp\/v2\/pages\/32746\/revisions"}],"up":[{"embeddable":true,"href":"https:\/\/swissbaker.ch\/fr\/wp-json\/wp\/v2\/pages\/31197"}],"wp:attachment":[{"href":"https:\/\/swissbaker.ch\/fr\/wp-json\/wp\/v2\/media?parent=32746"}],"curies":[{"name":"wp","href":"https:\/\/api.w.org\/{rel}","templated":true}]}}

<h2 class="wp-block-heading" id="h-covid-19-production-de-denrees-alimentaires">COVID-19 : production de denrées alimentaires</h2>



<div class="wp-block-file"><a id="wp-block-file--media-88da5555-9469-4a76-b580-ee2186c494bf" href="https://swissbaker.ch/wp-content/uploads/2022/06/f_anforderungen_an_die_lebensmittelsicherheit_aufgrund_des_ausbruches_von_covid-19_sig.pdf">Exigences spécifiques en matière de sécurité sanitaire des aliments en rapport avec le virus</a></div>



<h2 class="wp-block-heading">Législation sur les denrées alimentaires</h2>



<div class="wp-block-file"><a id="wp-block-file--media-0c812971-2c73-45a7-8fa0-a3967357f991" href="https://swissbaker.ch/wp-content/uploads/2022/06/nouvelle_legislation_sur_les_denrees_alimentaires_des_01.05.2017_conseil_panissimo.pdf">Nouvelle législation sur les denrées alimentaires des 01.05.2017 &#8211; conseil «panissimo»</a></div>



<h2 class="wp-block-heading">Indication correcte des quantités et des prix</h2>



<div class="wp-block-file"><a id="wp-block-file--media-327cc67a-a424-409d-b191-203e57972044" href="https://swissbaker.ch/wp-content/uploads/2022/06/feuille_d_information_campagne_oip_2022.pdf">Indication des prix dans les boulangeries, confiseries et tea-rooms &#8211; Feuille d&#8217;information SECO 2022</a></div>



<div class="wp-block-file"><a id="wp-block-file--media-84f20e39-f0d6-4e4e-a667-a60820a88548" href="https://swissbaker.ch/wp-content/uploads/2022/06/brochure_indication_correcte_des_quantites_2020_f.pdf">Brochure «Indication correcte des quantités et des prix» 2020</a></div>



<div class="wp-block-file"><a id="wp-block-file--media-682db8ae-8296-4571-a8fe-0e1860eb3eed" href="https://swissbaker.ch/wp-content/uploads/2022/06/seco_preisbekanntgabeverordnung_restaurant_hotelerie_f.pdf">Ordonnance sur l’indication des prix dans l’hôtellerie et la restauration</a></div>



<h2 class="wp-block-heading">Remise d’alcool aux jeunes</h2>



<div class="wp-block-file"><a id="wp-block-file--media-f9d1891c-77ea-4d7d-b20f-4195ea4c6857" href="https://swissbaker.ch/wp-content/uploads/2022/06/alkoholabgabe_infos_grundlagen_fr.pdf">Bases légales et contexte</a></div>



<div class="wp-block-file"><a id="wp-block-file--media-5988ce8b-e7d8-45ef-b1a8-3341c2235f41" href="https://swissbaker.ch/wp-content/uploads/2022/06/alkoholabgabe_infos_fuehrungsperson_fr.pdf">Informations destinées aux responsables de gestion</a></div>



<div class="wp-block-file"><a id="wp-block-file--media-bb543e7c-e001-4e66-978c-c743f0fcd00a" href="https://swissbaker.ch/wp-content/uploads/2022/06/alkoholabgabe_infos_personal_4_fr.pdf">Informations destinées au personnel</a></div>



<div class="wp-block-file"><a id="wp-block-file--media-df8050a1-d7fa-4417-8fd0-748b8b65d610" href="https://swissbaker.ch/wp-content/uploads/2022/06/alkoholabgabe_infos_lernende_fr.pdf">Informations destinées aux apprentis</a></div>

<p>COVID-19 : production de denrées alimentaires Législation sur les denrées alimentaires Indication correcte des quantités et des prix Remise d’alcool aux jeunes</p>

<!-- This site is optimized with the Yoast SEO Premium plugin v26.8 (Yoast SEO v26.8) - https://yoast.com/product/yoast-seo-premium-wordpress/ -->
<title>Droit alimentaire / Vente | SBC</title>
<meta name="robots" content="index, follow, max-snippet:-1, max-image-preview:large, max-video-preview:-1" />
<link rel="canonical" href="https://swissbaker.ch/fr/association/documents/cct-salaires-droit/droit-alimentaire-vente/" />
<meta property="og:locale" content="fr_FR" />
<meta property="og:type" content="article" />
<meta property="og:title" content="Droit alimentaire / Vente" />
<meta property="og:description" content="COVID-19 : production de denrées alimentaires Législation sur les denrées alimentaires Indication correcte des quantités et des prix Remise d’alcool aux jeunes" />
<meta property="og:url" content="https://swissbaker.ch/fr/association/documents/cct-salaires-droit/droit-alimentaire-vente/" />
<meta property="og:site_name" content="SBC" />
<meta property="article:publisher" content="https://www.facebook.com/swissbaker.ch" />
<meta property="article:modified_time" content="2022-06-10T11:48:08+00:00" />
<meta property="og:image" content="https://swissbaker.ch/wp-content/uploads/2022/04/sbc-logo-yoast.jpg" />
	<meta property="og:image:width" content="512" />
	<meta property="og:image:height" content="512" />
	<meta property="og:image:type" content="image/jpeg" />
<meta name="twitter:card" content="summary_large_image" />
<meta name="twitter:site" content="@ch_swissbaker" />
<meta name="twitter:label1" content="Est. reading time" />
	<meta name="twitter:data1" content="1 minute" />
<script type="application/ld+json" class="yoast-schema-graph">{"@context":"https://schema.org","@graph":[{"@type":"WebPage","@id":"https://swissbaker.ch/fr/association/documents/cct-salaires-droit/droit-alimentaire-vente/","url":"https://swissbaker.ch/fr/association/documents/cct-salaires-droit/droit-alimentaire-vente/","name":"Droit alimentaire / Vente | SBC","isPartOf":{"@id":"https://swissbaker.ch/fr/#website"},"datePublished":"2022-04-25T09:02:22+00:00","dateModified":"2022-06-10T11:48:08+00:00","breadcrumb":{"@id":"https://swissbaker.ch/fr/association/documents/cct-salaires-droit/droit-alimentaire-vente/#breadcrumb"},"inLanguage":"fr-FR","potentialAction":[{"@type":"ReadAction","target":["https://swissbaker.ch/fr/association/documents/cct-salaires-droit/droit-alimentaire-vente/"]}]},{"@type":"BreadcrumbList","@id":"https://swissbaker.ch/fr/association/documents/cct-salaires-droit/droit-alimentaire-vente/#breadcrumb","itemListElement":[{"@type":"ListItem","position":1,"name":"","item":"https://swissbaker.ch/fr/"},{"@type":"ListItem","position":2,"name":"Association ","item":"https://swissbaker.ch/fr/association/"},{"@type":"ListItem","position":3,"name":"Documents","item":"https://swissbaker.ch/fr/association/documents/"},{"@type":"ListItem","position":4,"name":"CCT / Salaires / Droit","item":"https://swissbaker.ch/fr/association/documents/cct-salaires-droit/"},{"@type":"ListItem","position":5,"name":"Droit alimentaire / Vente"}]},{"@type":"WebSite","@id":"https://swissbaker.ch/fr/#website","url":"https://swissbaker.ch/fr/","name":"SBC","description":"","publisher":{"@id":"https://swissbaker.ch/fr/#organization"},"potentialAction":[{"@type":"SearchAction","target":{"@type":"EntryPoint","urlTemplate":"https://swissbaker.ch/fr/?s={search_term_string}"},"query-input":{"@type":"PropertyValueSpecification","valueRequired":true,"valueName":"search_term_string"}}],"inLanguage":"fr-FR"},{"@type":"Organization","@id":"https://swissbaker.ch/fr/#organization","name":"Schweizerischer Bäcker-Confiseurmeister-Verband","url":"https://swissbaker.ch/fr/","logo":{"@type":"ImageObject","inLanguage":"fr-FR","@id":"https://swissbaker.ch/fr/#/schema/logo/image/","url":"https://swissbaker.ch/wp-content/uploads/2022/04/sbc-logo-yoast.jpg","contentUrl":"https://swissbaker.ch/wp-content/uploads/2022/04/sbc-logo-yoast.jpg","width":512,"height":512,"caption":"Schweizerischer Bäcker-Confiseurmeister-Verband"},"image":{"@id":"https://swissbaker.ch/fr/#/schema/logo/image/"},"sameAs":["https://www.facebook.com/swissbaker.ch","https://x.com/ch_swissbaker"]}]}</script>
<!-- / Yoast SEO Premium plugin. -->

COVID-19 : production de denrées alimentaires Législation sur les denrées alimentaires Indication correcte des quantités et des prix Remise d’alcool aux jeunes

Schweizerischer Bäcker-Confiseurmeister-Verband
