{"id":32128,"date":"2022-04-25T11:50:12","date_gmt":"2022-04-25T09:50:12","guid":{"rendered":"https:\/\/swissbaker.ch\/?page_id=32128"},"modified":"2022-06-10T13:41:43","modified_gmt":"2022-06-10T11:41:43","slug":"pain-sans-gluten","status":"publish","type":"page","link":"https:\/\/swissbaker.ch\/fr\/consommateur\/pain-sans-gluten\/","title":{"rendered":"Pain sans gluten"},"content":{"rendered":"\n<div class=\"wp-block-media-text alignwide is-stacked-on-mobile\" style=\"grid-template-columns:40% auto\"><figure class=\"wp-block-media-text__media\"><img decoding=\"async\" width=\"280\" height=\"231\" src=\"https:\/\/swissbaker.ch\/wp-content\/uploads\/2022\/06\/csm_glutenfreies_brot_31b904974e.jpg\" alt=\"\" class=\"wp-image-37438 size-full\"\/><\/figure><div class=\"wp-block-media-text__content\">\n<p class=\"has-medium-font-size\"><strong><strong><br>Les produits sans gluten s\u2019adressent en particulier aux personnes concern\u00e9es par la coeliakie, une maladie intestinale chronique.&nbsp;<\/strong><br>&nbsp;&nbsp;<br><\/strong>Par le pass\u00e9, la maladie \u00e9tait connue quasiment uniquement chez les enfants; mais au cours des derni\u00e8res d\u00e9cennies, il est devenu clair que les adultes \u00e9taient touch\u00e9s par cette derni\u00e8re, \u00e0 peu pr\u00e8s dans les m\u00eames proportions. On table sur une occurrence de 3 \u00e0 5 cas de maladie pour 1000&nbsp;personnes. Chez les adultes, la maladie \u00e9tait autrefois g\u00e9n\u00e9ralement d\u00e9sign\u00e9e sous le nom de \u00absprue\u00bb.<\/p>\n<\/div><\/div>\n\n\n\n<p>La coeliakie est une maladie intestinale grave et chronique provoqu\u00e9e chez les personnes qui y sont pr\u00e9dispos\u00e9es par le gluten \u2013 ou la gliadine \u2013 contenu\/e dans diff\u00e9rentes sortes de c\u00e9r\u00e9ales. Les prot\u00e9ines de gluten entra\u00eenent chez elles des dommages au niveau de la muqueuse intestinale.<\/p>\n\n\n\n<p>Le seul traitement possible pour une coeliakie consiste en une alimentation strictement sans gluten \u00e0 vie. Il faut \u00e9viter le bl\u00e9, le seigle, l\u2019\u00e9peautre, l\u2019avoine, la triticale, l\u2019\u00e9peautre vert, le bl\u00e9 amidonnier, l\u2019engrain et le kamut sous toutes leurs formes: la farine boulange, l\u2019orge perl\u00e9, les flocons, le son, les germes, la farine, la semoule et tous les aliments contenant des portions de ces sortes de c\u00e9r\u00e9ales.<\/p>\n\n\n\n<p>Sans gluten: pour pouvoir respecter la valeur limite l\u00e9gale de 2&nbsp;mg de gluten pour 100&nbsp;g de denr\u00e9e alimentaire, il faut absolument appliquer des flux de marchandises s\u00e9par\u00e9s et une hygi\u00e8ne stricte.<\/p>\n","protected":false},"excerpt":{"rendered":"<p>Les produits sans gluten s\u2019adressent en particulier aux personnes concern\u00e9es par la coeliakie, une maladie intestinale chronique.&nbsp;&nbsp;&nbsp;Par le pass\u00e9, la maladie \u00e9tait connue quasiment uniquement chez les enfants; mais au cours des derni\u00e8res d\u00e9cennies, il est devenu clair que les adultes \u00e9taient touch\u00e9s par cette derni\u00e8re, \u00e0 peu pr\u00e8s dans les m\u00eames proportions. On table sur une occurrence de 3 [&hellip;]<\/p>\n","protected":false},"author":1,"featured_media":0,"parent":31868,"menu_order":0,"comment_status":"closed","ping_status":"closed","template":"","meta":{"_acf_changed":false,"footnotes":""},"class_list":["post-32128","page","type-page","status-publish","hentry"],"acf":[],"yoast_head":"<!-- This site is optimized with the Yoast SEO Premium plugin v26.8 (Yoast SEO v26.8) - https:\/\/yoast.com\/product\/yoast-seo-premium-wordpress\/ -->\n<title>Pain sans gluten | SBC<\/title>\n<meta name=\"robots\" content=\"index, follow, max-snippet:-1, max-image-preview:large, max-video-preview:-1\" \/>\n<link rel=\"canonical\" href=\"https:\/\/swissbaker.ch\/fr\/consommateur\/pain-sans-gluten\/\" \/>\n<meta property=\"og:locale\" content=\"fr_FR\" \/>\n<meta property=\"og:type\" content=\"article\" \/>\n<meta property=\"og:title\" content=\"Pain sans gluten\" \/>\n<meta property=\"og:description\" content=\"Les produits sans gluten s\u2019adressent en particulier aux personnes concern\u00e9es par la coeliakie, une maladie intestinale chronique.&nbsp;&nbsp;&nbsp;Par le pass\u00e9, la maladie \u00e9tait connue quasiment uniquement chez les enfants; mais au cours des derni\u00e8res d\u00e9cennies, il est devenu clair que les adultes \u00e9taient touch\u00e9s par cette derni\u00e8re, \u00e0 peu pr\u00e8s dans les m\u00eames proportions. On table sur une occurrence de 3 [&hellip;]\" \/>\n<meta property=\"og:url\" content=\"https:\/\/swissbaker.ch\/fr\/consommateur\/pain-sans-gluten\/\" \/>\n<meta property=\"og:site_name\" content=\"SBC\" \/>\n<meta property=\"article:publisher\" content=\"https:\/\/www.facebook.com\/swissbaker.ch\" \/>\n<meta property=\"article:modified_time\" content=\"2022-06-10T11:41:43+00:00\" \/>\n<meta property=\"og:image\" content=\"https:\/\/swissbaker.ch\/wp-content\/uploads\/2022\/06\/csm_glutenfreies_brot_31b904974e.jpg\" \/>\n<meta name=\"twitter:card\" content=\"summary_large_image\" \/>\n<meta name=\"twitter:site\" content=\"@ch_swissbaker\" \/>\n<meta name=\"twitter:label1\" content=\"Est. reading time\" \/>\n\t<meta name=\"twitter:data1\" content=\"2 minutes\" \/>\n<script type=\"application\/ld+json\" class=\"yoast-schema-graph\">{\"@context\":\"https:\/\/schema.org\",\"@graph\":[{\"@type\":\"WebPage\",\"@id\":\"https:\/\/swissbaker.ch\/fr\/consommateur\/pain-sans-gluten\/\",\"url\":\"https:\/\/swissbaker.ch\/fr\/consommateur\/pain-sans-gluten\/\",\"name\":\"Pain sans gluten | SBC\",\"isPartOf\":{\"@id\":\"https:\/\/swissbaker.ch\/fr\/#website\"},\"primaryImageOfPage\":{\"@id\":\"https:\/\/swissbaker.ch\/fr\/consommateur\/pain-sans-gluten\/#primaryimage\"},\"image\":{\"@id\":\"https:\/\/swissbaker.ch\/fr\/consommateur\/pain-sans-gluten\/#primaryimage\"},\"thumbnailUrl\":\"https:\/\/swissbaker.ch\/wp-content\/uploads\/2022\/06\/csm_glutenfreies_brot_31b904974e.jpg\",\"datePublished\":\"2022-04-25T09:50:12+00:00\",\"dateModified\":\"2022-06-10T11:41:43+00:00\",\"breadcrumb\":{\"@id\":\"https:\/\/swissbaker.ch\/fr\/consommateur\/pain-sans-gluten\/#breadcrumb\"},\"inLanguage\":\"fr-FR\",\"potentialAction\":[{\"@type\":\"ReadAction\",\"target\":[\"https:\/\/swissbaker.ch\/fr\/consommateur\/pain-sans-gluten\/\"]}]},{\"@type\":\"ImageObject\",\"inLanguage\":\"fr-FR\",\"@id\":\"https:\/\/swissbaker.ch\/fr\/consommateur\/pain-sans-gluten\/#primaryimage\",\"url\":\"https:\/\/swissbaker.ch\/wp-content\/uploads\/2022\/06\/csm_glutenfreies_brot_31b904974e.jpg\",\"contentUrl\":\"https:\/\/swissbaker.ch\/wp-content\/uploads\/2022\/06\/csm_glutenfreies_brot_31b904974e.jpg\"},{\"@type\":\"BreadcrumbList\",\"@id\":\"https:\/\/swissbaker.ch\/fr\/consommateur\/pain-sans-gluten\/#breadcrumb\",\"itemListElement\":[{\"@type\":\"ListItem\",\"position\":1,\"name\":\"\",\"item\":\"https:\/\/swissbaker.ch\/fr\/\"},{\"@type\":\"ListItem\",\"position\":2,\"name\":\"Consommateur\",\"item\":\"https:\/\/swissbaker.ch\/fr\/consommateur\/\"},{\"@type\":\"ListItem\",\"position\":3,\"name\":\"Pain sans gluten\"}]},{\"@type\":\"WebSite\",\"@id\":\"https:\/\/swissbaker.ch\/fr\/#website\",\"url\":\"https:\/\/swissbaker.ch\/fr\/\",\"name\":\"SBC\",\"description\":\"\",\"publisher\":{\"@id\":\"https:\/\/swissbaker.ch\/fr\/#organization\"},\"potentialAction\":[{\"@type\":\"SearchAction\",\"target\":{\"@type\":\"EntryPoint\",\"urlTemplate\":\"https:\/\/swissbaker.ch\/fr\/?s={search_term_string}\"},\"query-input\":{\"@type\":\"PropertyValueSpecification\",\"valueRequired\":true,\"valueName\":\"search_term_string\"}}],\"inLanguage\":\"fr-FR\"},{\"@type\":\"Organization\",\"@id\":\"https:\/\/swissbaker.ch\/fr\/#organization\",\"name\":\"Schweizerischer B\u00e4cker-Confiseurmeister-Verband\",\"url\":\"https:\/\/swissbaker.ch\/fr\/\",\"logo\":{\"@type\":\"ImageObject\",\"inLanguage\":\"fr-FR\",\"@id\":\"https:\/\/swissbaker.ch\/fr\/#\/schema\/logo\/image\/\",\"url\":\"https:\/\/swissbaker.ch\/wp-content\/uploads\/2022\/04\/sbc-logo-yoast.jpg\",\"contentUrl\":\"https:\/\/swissbaker.ch\/wp-content\/uploads\/2022\/04\/sbc-logo-yoast.jpg\",\"width\":512,\"height\":512,\"caption\":\"Schweizerischer B\u00e4cker-Confiseurmeister-Verband\"},\"image\":{\"@id\":\"https:\/\/swissbaker.ch\/fr\/#\/schema\/logo\/image\/\"},\"sameAs\":[\"https:\/\/www.facebook.com\/swissbaker.ch\",\"https:\/\/x.com\/ch_swissbaker\"]}]}<\/script>\n<!-- \/ Yoast SEO Premium plugin. -->","yoast_head_json":{"title":"Pain sans gluten | SBC","robots":{"index":"index","follow":"follow","max-snippet":"max-snippet:-1","max-image-preview":"max-image-preview:large","max-video-preview":"max-video-preview:-1"},"canonical":"https:\/\/swissbaker.ch\/fr\/consommateur\/pain-sans-gluten\/","og_locale":"fr_FR","og_type":"article","og_title":"Pain sans gluten","og_description":"Les produits sans gluten s\u2019adressent en particulier aux personnes concern\u00e9es par la coeliakie, une maladie intestinale chronique.&nbsp;&nbsp;&nbsp;Par le pass\u00e9, la maladie \u00e9tait connue quasiment uniquement chez les enfants; mais au cours des derni\u00e8res d\u00e9cennies, il est devenu clair que les adultes \u00e9taient touch\u00e9s par cette derni\u00e8re, \u00e0 peu pr\u00e8s dans les m\u00eames proportions. On table sur une occurrence de 3 [&hellip;]","og_url":"https:\/\/swissbaker.ch\/fr\/consommateur\/pain-sans-gluten\/","og_site_name":"SBC","article_publisher":"https:\/\/www.facebook.com\/swissbaker.ch","article_modified_time":"2022-06-10T11:41:43+00:00","og_image":[{"url":"https:\/\/swissbaker.ch\/wp-content\/uploads\/2022\/06\/csm_glutenfreies_brot_31b904974e.jpg","type":"","width":"","height":""}],"twitter_card":"summary_large_image","twitter_site":"@ch_swissbaker","twitter_misc":{"Est. reading time":"2 minutes"},"schema":{"@context":"https:\/\/schema.org","@graph":[{"@type":"WebPage","@id":"https:\/\/swissbaker.ch\/fr\/consommateur\/pain-sans-gluten\/","url":"https:\/\/swissbaker.ch\/fr\/consommateur\/pain-sans-gluten\/","name":"Pain sans gluten | SBC","isPartOf":{"@id":"https:\/\/swissbaker.ch\/fr\/#website"},"primaryImageOfPage":{"@id":"https:\/\/swissbaker.ch\/fr\/consommateur\/pain-sans-gluten\/#primaryimage"},"image":{"@id":"https:\/\/swissbaker.ch\/fr\/consommateur\/pain-sans-gluten\/#primaryimage"},"thumbnailUrl":"https:\/\/swissbaker.ch\/wp-content\/uploads\/2022\/06\/csm_glutenfreies_brot_31b904974e.jpg","datePublished":"2022-04-25T09:50:12+00:00","dateModified":"2022-06-10T11:41:43+00:00","breadcrumb":{"@id":"https:\/\/swissbaker.ch\/fr\/consommateur\/pain-sans-gluten\/#breadcrumb"},"inLanguage":"fr-FR","potentialAction":[{"@type":"ReadAction","target":["https:\/\/swissbaker.ch\/fr\/consommateur\/pain-sans-gluten\/"]}]},{"@type":"ImageObject","inLanguage":"fr-FR","@id":"https:\/\/swissbaker.ch\/fr\/consommateur\/pain-sans-gluten\/#primaryimage","url":"https:\/\/swissbaker.ch\/wp-content\/uploads\/2022\/06\/csm_glutenfreies_brot_31b904974e.jpg","contentUrl":"https:\/\/swissbaker.ch\/wp-content\/uploads\/2022\/06\/csm_glutenfreies_brot_31b904974e.jpg"},{"@type":"BreadcrumbList","@id":"https:\/\/swissbaker.ch\/fr\/consommateur\/pain-sans-gluten\/#breadcrumb","itemListElement":[{"@type":"ListItem","position":1,"name":"","item":"https:\/\/swissbaker.ch\/fr\/"},{"@type":"ListItem","position":2,"name":"Consommateur","item":"https:\/\/swissbaker.ch\/fr\/consommateur\/"},{"@type":"ListItem","position":3,"name":"Pain sans gluten"}]},{"@type":"WebSite","@id":"https:\/\/swissbaker.ch\/fr\/#website","url":"https:\/\/swissbaker.ch\/fr\/","name":"SBC","description":"","publisher":{"@id":"https:\/\/swissbaker.ch\/fr\/#organization"},"potentialAction":[{"@type":"SearchAction","target":{"@type":"EntryPoint","urlTemplate":"https:\/\/swissbaker.ch\/fr\/?s={search_term_string}"},"query-input":{"@type":"PropertyValueSpecification","valueRequired":true,"valueName":"search_term_string"}}],"inLanguage":"fr-FR"},{"@type":"Organization","@id":"https:\/\/swissbaker.ch\/fr\/#organization","name":"Schweizerischer B\u00e4cker-Confiseurmeister-Verband","url":"https:\/\/swissbaker.ch\/fr\/","logo":{"@type":"ImageObject","inLanguage":"fr-FR","@id":"https:\/\/swissbaker.ch\/fr\/#\/schema\/logo\/image\/","url":"https:\/\/swissbaker.ch\/wp-content\/uploads\/2022\/04\/sbc-logo-yoast.jpg","contentUrl":"https:\/\/swissbaker.ch\/wp-content\/uploads\/2022\/04\/sbc-logo-yoast.jpg","width":512,"height":512,"caption":"Schweizerischer B\u00e4cker-Confiseurmeister-Verband"},"image":{"@id":"https:\/\/swissbaker.ch\/fr\/#\/schema\/logo\/image\/"},"sameAs":["https:\/\/www.facebook.com\/swissbaker.ch","https:\/\/x.com\/ch_swissbaker"]}]}},"_links":{"self":[{"href":"https:\/\/swissbaker.ch\/fr\/wp-json\/wp\/v2\/pages\/32128","targetHints":{"allow":["GET"]}}],"collection":[{"href":"https:\/\/swissbaker.ch\/fr\/wp-json\/wp\/v2\/pages"}],"about":[{"href":"https:\/\/swissbaker.ch\/fr\/wp-json\/wp\/v2\/types\/page"}],"author":[{"embeddable":true,"href":"https:\/\/swissbaker.ch\/fr\/wp-json\/wp\/v2\/users\/1"}],"replies":[{"embeddable":true,"href":"https:\/\/swissbaker.ch\/fr\/wp-json\/wp\/v2\/comments?post=32128"}],"version-history":[{"count":0,"href":"https:\/\/swissbaker.ch\/fr\/wp-json\/wp\/v2\/pages\/32128\/revisions"}],"up":[{"embeddable":true,"href":"https:\/\/swissbaker.ch\/fr\/wp-json\/wp\/v2\/pages\/31868"}],"wp:attachment":[{"href":"https:\/\/swissbaker.ch\/fr\/wp-json\/wp\/v2\/media?parent=32128"}],"curies":[{"name":"wp","href":"https:\/\/api.w.org\/{rel}","templated":true}]}}

<div class="wp-block-media-text alignwide is-stacked-on-mobile" style="grid-template-columns:40% auto"><figure class="wp-block-media-text__media"><img decoding="async" width="280" height="231" src="https://swissbaker.ch/wp-content/uploads/2022/06/csm_glutenfreies_brot_31b904974e.jpg" alt="" class="wp-image-37438 size-full"/></figure><div class="wp-block-media-text__content">
<p class="has-medium-font-size"><strong><strong><br>Les produits sans gluten s’adressent en particulier aux personnes concernées par la coeliakie, une maladie intestinale chronique.&nbsp;</strong><br>&nbsp;&nbsp;<br></strong>Par le passé, la maladie était connue quasiment uniquement chez les enfants; mais au cours des dernières décennies, il est devenu clair que les adultes étaient touchés par cette dernière, à peu près dans les mêmes proportions. On table sur une occurrence de 3 à 5 cas de maladie pour 1000&nbsp;personnes. Chez les adultes, la maladie était autrefois généralement désignée sous le nom de «sprue».</p>
</div></div>



<p>La coeliakie est une maladie intestinale grave et chronique provoquée chez les personnes qui y sont prédisposées par le gluten – ou la gliadine – contenu/e dans différentes sortes de céréales. Les protéines de gluten entraînent chez elles des dommages au niveau de la muqueuse intestinale.</p>



<p>Le seul traitement possible pour une coeliakie consiste en une alimentation strictement sans gluten à vie. Il faut éviter le blé, le seigle, l’épeautre, l’avoine, la triticale, l’épeautre vert, le blé amidonnier, l’engrain et le kamut sous toutes leurs formes: la farine boulange, l’orge perlé, les flocons, le son, les germes, la farine, la semoule et tous les aliments contenant des portions de ces sortes de céréales.</p>



<p>Sans gluten: pour pouvoir respecter la valeur limite légale de 2&nbsp;mg de gluten pour 100&nbsp;g de denrée alimentaire, il faut absolument appliquer des flux de marchandises séparés et une hygiène stricte.</p>

<p>Les produits sans gluten s’adressent en particulier aux personnes concernées par la coeliakie, une maladie intestinale chronique.&nbsp;&nbsp;&nbsp;Par le passé, la maladie était connue quasiment uniquement chez les enfants; mais au cours des dernières décennies, il est devenu clair que les adultes étaient touchés par cette dernière, à peu près dans les mêmes proportions. On table sur une occurrence de 3 [&hellip;]</p>

<!-- This site is optimized with the Yoast SEO Premium plugin v26.8 (Yoast SEO v26.8) - https://yoast.com/product/yoast-seo-premium-wordpress/ -->
<title>Pain sans gluten | SBC</title>
<meta name="robots" content="index, follow, max-snippet:-1, max-image-preview:large, max-video-preview:-1" />
<link rel="canonical" href="https://swissbaker.ch/fr/consommateur/pain-sans-gluten/" />
<meta property="og:locale" content="fr_FR" />
<meta property="og:type" content="article" />
<meta property="og:title" content="Pain sans gluten" />
<meta property="og:description" content="Les produits sans gluten s’adressent en particulier aux personnes concernées par la coeliakie, une maladie intestinale chronique.&nbsp;&nbsp;&nbsp;Par le passé, la maladie était connue quasiment uniquement chez les enfants; mais au cours des dernières décennies, il est devenu clair que les adultes étaient touchés par cette dernière, à peu près dans les mêmes proportions. On table sur une occurrence de 3 [&hellip;]" />
<meta property="og:url" content="https://swissbaker.ch/fr/consommateur/pain-sans-gluten/" />
<meta property="og:site_name" content="SBC" />
<meta property="article:publisher" content="https://www.facebook.com/swissbaker.ch" />
<meta property="article:modified_time" content="2022-06-10T11:41:43+00:00" />
<meta property="og:image" content="https://swissbaker.ch/wp-content/uploads/2022/06/csm_glutenfreies_brot_31b904974e.jpg" />
<meta name="twitter:card" content="summary_large_image" />
<meta name="twitter:site" content="@ch_swissbaker" />
<meta name="twitter:label1" content="Est. reading time" />
	<meta name="twitter:data1" content="2 minutes" />
<script type="application/ld+json" class="yoast-schema-graph">{"@context":"https://schema.org","@graph":[{"@type":"WebPage","@id":"https://swissbaker.ch/fr/consommateur/pain-sans-gluten/","url":"https://swissbaker.ch/fr/consommateur/pain-sans-gluten/","name":"Pain sans gluten | SBC","isPartOf":{"@id":"https://swissbaker.ch/fr/#website"},"primaryImageOfPage":{"@id":"https://swissbaker.ch/fr/consommateur/pain-sans-gluten/#primaryimage"},"image":{"@id":"https://swissbaker.ch/fr/consommateur/pain-sans-gluten/#primaryimage"},"thumbnailUrl":"https://swissbaker.ch/wp-content/uploads/2022/06/csm_glutenfreies_brot_31b904974e.jpg","datePublished":"2022-04-25T09:50:12+00:00","dateModified":"2022-06-10T11:41:43+00:00","breadcrumb":{"@id":"https://swissbaker.ch/fr/consommateur/pain-sans-gluten/#breadcrumb"},"inLanguage":"fr-FR","potentialAction":[{"@type":"ReadAction","target":["https://swissbaker.ch/fr/consommateur/pain-sans-gluten/"]}]},{"@type":"ImageObject","inLanguage":"fr-FR","@id":"https://swissbaker.ch/fr/consommateur/pain-sans-gluten/#primaryimage","url":"https://swissbaker.ch/wp-content/uploads/2022/06/csm_glutenfreies_brot_31b904974e.jpg","contentUrl":"https://swissbaker.ch/wp-content/uploads/2022/06/csm_glutenfreies_brot_31b904974e.jpg"},{"@type":"BreadcrumbList","@id":"https://swissbaker.ch/fr/consommateur/pain-sans-gluten/#breadcrumb","itemListElement":[{"@type":"ListItem","position":1,"name":"","item":"https://swissbaker.ch/fr/"},{"@type":"ListItem","position":2,"name":"Consommateur","item":"https://swissbaker.ch/fr/consommateur/"},{"@type":"ListItem","position":3,"name":"Pain sans gluten"}]},{"@type":"WebSite","@id":"https://swissbaker.ch/fr/#website","url":"https://swissbaker.ch/fr/","name":"SBC","description":"","publisher":{"@id":"https://swissbaker.ch/fr/#organization"},"potentialAction":[{"@type":"SearchAction","target":{"@type":"EntryPoint","urlTemplate":"https://swissbaker.ch/fr/?s={search_term_string}"},"query-input":{"@type":"PropertyValueSpecification","valueRequired":true,"valueName":"search_term_string"}}],"inLanguage":"fr-FR"},{"@type":"Organization","@id":"https://swissbaker.ch/fr/#organization","name":"Schweizerischer Bäcker-Confiseurmeister-Verband","url":"https://swissbaker.ch/fr/","logo":{"@type":"ImageObject","inLanguage":"fr-FR","@id":"https://swissbaker.ch/fr/#/schema/logo/image/","url":"https://swissbaker.ch/wp-content/uploads/2022/04/sbc-logo-yoast.jpg","contentUrl":"https://swissbaker.ch/wp-content/uploads/2022/04/sbc-logo-yoast.jpg","width":512,"height":512,"caption":"Schweizerischer Bäcker-Confiseurmeister-Verband"},"image":{"@id":"https://swissbaker.ch/fr/#/schema/logo/image/"},"sameAs":["https://www.facebook.com/swissbaker.ch","https://x.com/ch_swissbaker"]}]}</script>
<!-- / Yoast SEO Premium plugin. -->

Les produits sans gluten s’adressent en particulier aux personnes concernées par la coeliakie, une maladie intestinale chronique.&nbsp;&nbsp;&nbsp;Par le passé, la maladie était connue quasiment uniquement chez les enfants; mais au cours des dernières décennies, il est devenu clair que les adultes étaient touchés par cette dernière, à peu près dans les mêmes proportions. On table sur une occurrence de 3 [&hellip;]

Schweizerischer Bäcker-Confiseurmeister-Verband
