{"id":13016,"date":"2022-04-25T10:53:56","date_gmt":"2022-04-25T08:53:56","guid":{"rendered":"https:\/\/swissbaker.ch\/?page_id=13016"},"modified":"2022-06-10T15:07:20","modified_gmt":"2022-06-10T13:07:20","slug":"politique-et-economie","status":"publish","type":"page","link":"https:\/\/swissbaker.ch\/fr\/association\/prestations-de-service\/politique-et-economie\/","title":{"rendered":"Politique et \u00e9conomie"},"content":{"rendered":"\n<p><strong>La BCS s&#8217;engage pour un environnement politique et \u00e9conomique prenant en consid\u00e9ration les int\u00e9r\u00eats de ses membres et des entrepreneurs.<\/strong><\/p>\n\n\n\n<h2 class=\"wp-block-heading\" id=\"h-politique\">Politique<\/h2>\n\n\n\n<ul class=\"wp-block-list\"><li>La BCS prend position sur des th\u00e8mes sectoriels, et des projets et lois<br>dans le cadre de proc\u00e9dures de consultation;<\/li><li>La BCS r\u00e9dige des argumentaires;<\/li><li>La BCS d\u00e9fend les postulats du secteur de la boulangerie-confiserie artisanale aupr\u00e8s des Chambres f\u00e9d\u00e9rales et des organisations partenaires.<\/li><\/ul>\n\n\n\n<h2 class=\"wp-block-heading\" id=\"h-economie\">\u00c9conomie<\/h2>\n\n\n\n<ul class=\"wp-block-list\"><li>La BCS d\u00e9fend une \u00e9conomie de march\u00e9 libre, respectueuse des imp\u00e9ratifs so-ciaux et de la protection de l\u2019environnement;<\/li><li>La BCS adh\u00e8re \u00e0 une politique \u00e9conomique mettant l\u2019accent sur des aspects rela-tifs aux entreprises et \u00e0 la politique de march\u00e9.<\/li><\/ul>\n","protected":false},"excerpt":{"rendered":"<p>La BCS s&#8217;engage pour un environnement politique et \u00e9conomique prenant en consid\u00e9ration les int\u00e9r\u00eats de ses membres et des entrepreneurs. Politique La BCS prend position sur des th\u00e8mes sectoriels, et des projets et loisdans le cadre de proc\u00e9dures de consultation; La BCS r\u00e9dige des argumentaires; La BCS d\u00e9fend les postulats du secteur de la boulangerie-confiserie artisanale aupr\u00e8s des Chambres f\u00e9d\u00e9rales [&hellip;]<\/p>\n","protected":false},"author":1,"featured_media":0,"parent":31689,"menu_order":0,"comment_status":"closed","ping_status":"closed","template":"","meta":{"_acf_changed":false,"footnotes":""},"class_list":["post-13016","page","type-page","status-publish","hentry"],"acf":[],"yoast_head":"<!-- This site is optimized with the Yoast SEO Premium plugin v26.8 (Yoast SEO v26.8) - https:\/\/yoast.com\/product\/yoast-seo-premium-wordpress\/ -->\n<title>Politique et \u00e9conomie | SBC<\/title>\n<meta name=\"robots\" content=\"index, follow, max-snippet:-1, max-image-preview:large, max-video-preview:-1\" \/>\n<link rel=\"canonical\" href=\"https:\/\/swissbaker.ch\/fr\/association\/prestations-de-service\/politique-et-economie\/\" \/>\n<meta property=\"og:locale\" content=\"fr_FR\" \/>\n<meta property=\"og:type\" content=\"article\" \/>\n<meta property=\"og:title\" content=\"Politique et \u00e9conomie\" \/>\n<meta property=\"og:description\" content=\"La BCS s&#8217;engage pour un environnement politique et \u00e9conomique prenant en consid\u00e9ration les int\u00e9r\u00eats de ses membres et des entrepreneurs. Politique La BCS prend position sur des th\u00e8mes sectoriels, et des projets et loisdans le cadre de proc\u00e9dures de consultation; La BCS r\u00e9dige des argumentaires; La BCS d\u00e9fend les postulats du secteur de la boulangerie-confiserie artisanale aupr\u00e8s des Chambres f\u00e9d\u00e9rales [&hellip;]\" \/>\n<meta property=\"og:url\" content=\"https:\/\/swissbaker.ch\/fr\/association\/prestations-de-service\/politique-et-economie\/\" \/>\n<meta property=\"og:site_name\" content=\"SBC\" \/>\n<meta property=\"article:publisher\" content=\"https:\/\/www.facebook.com\/swissbaker.ch\" \/>\n<meta property=\"article:modified_time\" content=\"2022-06-10T13:07:20+00:00\" \/>\n<meta property=\"og:image\" content=\"https:\/\/swissbaker.ch\/wp-content\/uploads\/2022\/04\/sbc-logo-yoast.jpg\" \/>\n\t<meta property=\"og:image:width\" content=\"512\" \/>\n\t<meta property=\"og:image:height\" content=\"512\" \/>\n\t<meta property=\"og:image:type\" content=\"image\/jpeg\" \/>\n<meta name=\"twitter:card\" content=\"summary_large_image\" \/>\n<meta name=\"twitter:site\" content=\"@ch_swissbaker\" \/>\n<meta name=\"twitter:label1\" content=\"Est. reading time\" \/>\n\t<meta name=\"twitter:data1\" content=\"1 minute\" \/>\n<script type=\"application\/ld+json\" class=\"yoast-schema-graph\">{\"@context\":\"https:\/\/schema.org\",\"@graph\":[{\"@type\":\"WebPage\",\"@id\":\"https:\/\/swissbaker.ch\/fr\/association\/prestations-de-service\/politique-et-economie\/\",\"url\":\"https:\/\/swissbaker.ch\/fr\/association\/prestations-de-service\/politique-et-economie\/\",\"name\":\"Politique et \u00e9conomie | SBC\",\"isPartOf\":{\"@id\":\"https:\/\/swissbaker.ch\/fr\/#website\"},\"datePublished\":\"2022-04-25T08:53:56+00:00\",\"dateModified\":\"2022-06-10T13:07:20+00:00\",\"breadcrumb\":{\"@id\":\"https:\/\/swissbaker.ch\/fr\/association\/prestations-de-service\/politique-et-economie\/#breadcrumb\"},\"inLanguage\":\"fr-FR\",\"potentialAction\":[{\"@type\":\"ReadAction\",\"target\":[\"https:\/\/swissbaker.ch\/fr\/association\/prestations-de-service\/politique-et-economie\/\"]}]},{\"@type\":\"BreadcrumbList\",\"@id\":\"https:\/\/swissbaker.ch\/fr\/association\/prestations-de-service\/politique-et-economie\/#breadcrumb\",\"itemListElement\":[{\"@type\":\"ListItem\",\"position\":1,\"name\":\"\",\"item\":\"https:\/\/swissbaker.ch\/fr\/\"},{\"@type\":\"ListItem\",\"position\":2,\"name\":\"Association\u00a0\",\"item\":\"https:\/\/swissbaker.ch\/fr\/association\/\"},{\"@type\":\"ListItem\",\"position\":3,\"name\":\"Prestations de service\",\"item\":\"https:\/\/swissbaker.ch\/fr\/association\/prestations-de-service\/\"},{\"@type\":\"ListItem\",\"position\":4,\"name\":\"Politique et \u00e9conomie\"}]},{\"@type\":\"WebSite\",\"@id\":\"https:\/\/swissbaker.ch\/fr\/#website\",\"url\":\"https:\/\/swissbaker.ch\/fr\/\",\"name\":\"SBC\",\"description\":\"\",\"publisher\":{\"@id\":\"https:\/\/swissbaker.ch\/fr\/#organization\"},\"potentialAction\":[{\"@type\":\"SearchAction\",\"target\":{\"@type\":\"EntryPoint\",\"urlTemplate\":\"https:\/\/swissbaker.ch\/fr\/?s={search_term_string}\"},\"query-input\":{\"@type\":\"PropertyValueSpecification\",\"valueRequired\":true,\"valueName\":\"search_term_string\"}}],\"inLanguage\":\"fr-FR\"},{\"@type\":\"Organization\",\"@id\":\"https:\/\/swissbaker.ch\/fr\/#organization\",\"name\":\"Schweizerischer B\u00e4cker-Confiseurmeister-Verband\",\"url\":\"https:\/\/swissbaker.ch\/fr\/\",\"logo\":{\"@type\":\"ImageObject\",\"inLanguage\":\"fr-FR\",\"@id\":\"https:\/\/swissbaker.ch\/fr\/#\/schema\/logo\/image\/\",\"url\":\"https:\/\/swissbaker.ch\/wp-content\/uploads\/2022\/04\/sbc-logo-yoast.jpg\",\"contentUrl\":\"https:\/\/swissbaker.ch\/wp-content\/uploads\/2022\/04\/sbc-logo-yoast.jpg\",\"width\":512,\"height\":512,\"caption\":\"Schweizerischer B\u00e4cker-Confiseurmeister-Verband\"},\"image\":{\"@id\":\"https:\/\/swissbaker.ch\/fr\/#\/schema\/logo\/image\/\"},\"sameAs\":[\"https:\/\/www.facebook.com\/swissbaker.ch\",\"https:\/\/x.com\/ch_swissbaker\"]}]}<\/script>\n<!-- \/ Yoast SEO Premium plugin. -->","yoast_head_json":{"title":"Politique et \u00e9conomie | SBC","robots":{"index":"index","follow":"follow","max-snippet":"max-snippet:-1","max-image-preview":"max-image-preview:large","max-video-preview":"max-video-preview:-1"},"canonical":"https:\/\/swissbaker.ch\/fr\/association\/prestations-de-service\/politique-et-economie\/","og_locale":"fr_FR","og_type":"article","og_title":"Politique et \u00e9conomie","og_description":"La BCS s&#8217;engage pour un environnement politique et \u00e9conomique prenant en consid\u00e9ration les int\u00e9r\u00eats de ses membres et des entrepreneurs. Politique La BCS prend position sur des th\u00e8mes sectoriels, et des projets et loisdans le cadre de proc\u00e9dures de consultation; La BCS r\u00e9dige des argumentaires; La BCS d\u00e9fend les postulats du secteur de la boulangerie-confiserie artisanale aupr\u00e8s des Chambres f\u00e9d\u00e9rales [&hellip;]","og_url":"https:\/\/swissbaker.ch\/fr\/association\/prestations-de-service\/politique-et-economie\/","og_site_name":"SBC","article_publisher":"https:\/\/www.facebook.com\/swissbaker.ch","article_modified_time":"2022-06-10T13:07:20+00:00","og_image":[{"width":512,"height":512,"url":"https:\/\/swissbaker.ch\/wp-content\/uploads\/2022\/04\/sbc-logo-yoast.jpg","type":"image\/jpeg"}],"twitter_card":"summary_large_image","twitter_site":"@ch_swissbaker","twitter_misc":{"Est. reading time":"1 minute"},"schema":{"@context":"https:\/\/schema.org","@graph":[{"@type":"WebPage","@id":"https:\/\/swissbaker.ch\/fr\/association\/prestations-de-service\/politique-et-economie\/","url":"https:\/\/swissbaker.ch\/fr\/association\/prestations-de-service\/politique-et-economie\/","name":"Politique et \u00e9conomie | SBC","isPartOf":{"@id":"https:\/\/swissbaker.ch\/fr\/#website"},"datePublished":"2022-04-25T08:53:56+00:00","dateModified":"2022-06-10T13:07:20+00:00","breadcrumb":{"@id":"https:\/\/swissbaker.ch\/fr\/association\/prestations-de-service\/politique-et-economie\/#breadcrumb"},"inLanguage":"fr-FR","potentialAction":[{"@type":"ReadAction","target":["https:\/\/swissbaker.ch\/fr\/association\/prestations-de-service\/politique-et-economie\/"]}]},{"@type":"BreadcrumbList","@id":"https:\/\/swissbaker.ch\/fr\/association\/prestations-de-service\/politique-et-economie\/#breadcrumb","itemListElement":[{"@type":"ListItem","position":1,"name":"","item":"https:\/\/swissbaker.ch\/fr\/"},{"@type":"ListItem","position":2,"name":"Association\u00a0","item":"https:\/\/swissbaker.ch\/fr\/association\/"},{"@type":"ListItem","position":3,"name":"Prestations de service","item":"https:\/\/swissbaker.ch\/fr\/association\/prestations-de-service\/"},{"@type":"ListItem","position":4,"name":"Politique et \u00e9conomie"}]},{"@type":"WebSite","@id":"https:\/\/swissbaker.ch\/fr\/#website","url":"https:\/\/swissbaker.ch\/fr\/","name":"SBC","description":"","publisher":{"@id":"https:\/\/swissbaker.ch\/fr\/#organization"},"potentialAction":[{"@type":"SearchAction","target":{"@type":"EntryPoint","urlTemplate":"https:\/\/swissbaker.ch\/fr\/?s={search_term_string}"},"query-input":{"@type":"PropertyValueSpecification","valueRequired":true,"valueName":"search_term_string"}}],"inLanguage":"fr-FR"},{"@type":"Organization","@id":"https:\/\/swissbaker.ch\/fr\/#organization","name":"Schweizerischer B\u00e4cker-Confiseurmeister-Verband","url":"https:\/\/swissbaker.ch\/fr\/","logo":{"@type":"ImageObject","inLanguage":"fr-FR","@id":"https:\/\/swissbaker.ch\/fr\/#\/schema\/logo\/image\/","url":"https:\/\/swissbaker.ch\/wp-content\/uploads\/2022\/04\/sbc-logo-yoast.jpg","contentUrl":"https:\/\/swissbaker.ch\/wp-content\/uploads\/2022\/04\/sbc-logo-yoast.jpg","width":512,"height":512,"caption":"Schweizerischer B\u00e4cker-Confiseurmeister-Verband"},"image":{"@id":"https:\/\/swissbaker.ch\/fr\/#\/schema\/logo\/image\/"},"sameAs":["https:\/\/www.facebook.com\/swissbaker.ch","https:\/\/x.com\/ch_swissbaker"]}]}},"_links":{"self":[{"href":"https:\/\/swissbaker.ch\/fr\/wp-json\/wp\/v2\/pages\/13016","targetHints":{"allow":["GET"]}}],"collection":[{"href":"https:\/\/swissbaker.ch\/fr\/wp-json\/wp\/v2\/pages"}],"about":[{"href":"https:\/\/swissbaker.ch\/fr\/wp-json\/wp\/v2\/types\/page"}],"author":[{"embeddable":true,"href":"https:\/\/swissbaker.ch\/fr\/wp-json\/wp\/v2\/users\/1"}],"replies":[{"embeddable":true,"href":"https:\/\/swissbaker.ch\/fr\/wp-json\/wp\/v2\/comments?post=13016"}],"version-history":[{"count":0,"href":"https:\/\/swissbaker.ch\/fr\/wp-json\/wp\/v2\/pages\/13016\/revisions"}],"up":[{"embeddable":true,"href":"https:\/\/swissbaker.ch\/fr\/wp-json\/wp\/v2\/pages\/31689"}],"wp:attachment":[{"href":"https:\/\/swissbaker.ch\/fr\/wp-json\/wp\/v2\/media?parent=13016"}],"curies":[{"name":"wp","href":"https:\/\/api.w.org\/{rel}","templated":true}]}}

Politique et économie

<p><strong>La BCS s&#8217;engage pour un environnement politique et économique prenant en considération les intérêts de ses membres et des entrepreneurs.</strong></p>



<h2 class="wp-block-heading" id="h-politique">Politique</h2>



<ul class="wp-block-list"><li>La BCS prend position sur des thèmes sectoriels, et des projets et lois<br>dans le cadre de procédures de consultation;</li><li>La BCS rédige des argumentaires;</li><li>La BCS défend les postulats du secteur de la boulangerie-confiserie artisanale auprès des Chambres fédérales et des organisations partenaires.</li></ul>



<h2 class="wp-block-heading" id="h-economie">Économie</h2>



<ul class="wp-block-list"><li>La BCS défend une économie de marché libre, respectueuse des impératifs so-ciaux et de la protection de l’environnement;</li><li>La BCS adhère à une politique économique mettant l’accent sur des aspects rela-tifs aux entreprises et à la politique de marché.</li></ul>

<p>La BCS s&#8217;engage pour un environnement politique et économique prenant en considération les intérêts de ses membres et des entrepreneurs. Politique La BCS prend position sur des thèmes sectoriels, et des projets et loisdans le cadre de procédures de consultation; La BCS rédige des argumentaires; La BCS défend les postulats du secteur de la boulangerie-confiserie artisanale auprès des Chambres fédérales [&hellip;]</p>

<!-- This site is optimized with the Yoast SEO Premium plugin v26.8 (Yoast SEO v26.8) - https://yoast.com/product/yoast-seo-premium-wordpress/ -->
<title>Politique et économie | SBC</title>
<meta name="robots" content="index, follow, max-snippet:-1, max-image-preview:large, max-video-preview:-1" />
<link rel="canonical" href="https://swissbaker.ch/fr/association/prestations-de-service/politique-et-economie/" />
<meta property="og:locale" content="fr_FR" />
<meta property="og:type" content="article" />
<meta property="og:title" content="Politique et économie" />
<meta property="og:description" content="La BCS s&#8217;engage pour un environnement politique et économique prenant en considération les intérêts de ses membres et des entrepreneurs. Politique La BCS prend position sur des thèmes sectoriels, et des projets et loisdans le cadre de procédures de consultation; La BCS rédige des argumentaires; La BCS défend les postulats du secteur de la boulangerie-confiserie artisanale auprès des Chambres fédérales [&hellip;]" />
<meta property="og:url" content="https://swissbaker.ch/fr/association/prestations-de-service/politique-et-economie/" />
<meta property="og:site_name" content="SBC" />
<meta property="article:publisher" content="https://www.facebook.com/swissbaker.ch" />
<meta property="article:modified_time" content="2022-06-10T13:07:20+00:00" />
<meta property="og:image" content="https://swissbaker.ch/wp-content/uploads/2022/04/sbc-logo-yoast.jpg" />
	<meta property="og:image:width" content="512" />
	<meta property="og:image:height" content="512" />
	<meta property="og:image:type" content="image/jpeg" />
<meta name="twitter:card" content="summary_large_image" />
<meta name="twitter:site" content="@ch_swissbaker" />
<meta name="twitter:label1" content="Est. reading time" />
	<meta name="twitter:data1" content="1 minute" />
<script type="application/ld+json" class="yoast-schema-graph">{"@context":"https://schema.org","@graph":[{"@type":"WebPage","@id":"https://swissbaker.ch/fr/association/prestations-de-service/politique-et-economie/","url":"https://swissbaker.ch/fr/association/prestations-de-service/politique-et-economie/","name":"Politique et économie | SBC","isPartOf":{"@id":"https://swissbaker.ch/fr/#website"},"datePublished":"2022-04-25T08:53:56+00:00","dateModified":"2022-06-10T13:07:20+00:00","breadcrumb":{"@id":"https://swissbaker.ch/fr/association/prestations-de-service/politique-et-economie/#breadcrumb"},"inLanguage":"fr-FR","potentialAction":[{"@type":"ReadAction","target":["https://swissbaker.ch/fr/association/prestations-de-service/politique-et-economie/"]}]},{"@type":"BreadcrumbList","@id":"https://swissbaker.ch/fr/association/prestations-de-service/politique-et-economie/#breadcrumb","itemListElement":[{"@type":"ListItem","position":1,"name":"","item":"https://swissbaker.ch/fr/"},{"@type":"ListItem","position":2,"name":"Association ","item":"https://swissbaker.ch/fr/association/"},{"@type":"ListItem","position":3,"name":"Prestations de service","item":"https://swissbaker.ch/fr/association/prestations-de-service/"},{"@type":"ListItem","position":4,"name":"Politique et économie"}]},{"@type":"WebSite","@id":"https://swissbaker.ch/fr/#website","url":"https://swissbaker.ch/fr/","name":"SBC","description":"","publisher":{"@id":"https://swissbaker.ch/fr/#organization"},"potentialAction":[{"@type":"SearchAction","target":{"@type":"EntryPoint","urlTemplate":"https://swissbaker.ch/fr/?s={search_term_string}"},"query-input":{"@type":"PropertyValueSpecification","valueRequired":true,"valueName":"search_term_string"}}],"inLanguage":"fr-FR"},{"@type":"Organization","@id":"https://swissbaker.ch/fr/#organization","name":"Schweizerischer Bäcker-Confiseurmeister-Verband","url":"https://swissbaker.ch/fr/","logo":{"@type":"ImageObject","inLanguage":"fr-FR","@id":"https://swissbaker.ch/fr/#/schema/logo/image/","url":"https://swissbaker.ch/wp-content/uploads/2022/04/sbc-logo-yoast.jpg","contentUrl":"https://swissbaker.ch/wp-content/uploads/2022/04/sbc-logo-yoast.jpg","width":512,"height":512,"caption":"Schweizerischer Bäcker-Confiseurmeister-Verband"},"image":{"@id":"https://swissbaker.ch/fr/#/schema/logo/image/"},"sameAs":["https://www.facebook.com/swissbaker.ch","https://x.com/ch_swissbaker"]}]}</script>
<!-- / Yoast SEO Premium plugin. -->

Politique et économie | SBC

La BCS s&#8217;engage pour un environnement politique et économique prenant en considération les intérêts de ses membres et des entrepreneurs. Politique La BCS prend position sur des thèmes sectoriels, et des projets et loisdans le cadre de procédures de consultation; La BCS rédige des argumentaires; La BCS défend les postulats du secteur de la boulangerie-confiserie artisanale auprès des Chambres fédérales [&hellip;]

Schweizerischer Bäcker-Confiseurmeister-Verband
