{"version":"1.0","provider_name":"SBC","provider_url":"https:\/\/swissbaker.ch\/fr\/","author_name":"azureart","author_url":"https:\/\/swissbaker.ch\/fr\/panissimo-news\/author\/pixel-ahoi\/","title":"Boulangerie Bruxelles 2014","type":"rich","width":600,"height":338,"html":"<blockquote class=\"wp-embedded-content\" data-secret=\"BjeTtPfbGJ\"><a href=\"https:\/\/swissbaker.ch\/fr\/releve\/concours-professionnels\/concours-uibc\/boulangerie-bruxelles-2014\/\">Boulangerie Bruxelles 2014<\/a><\/blockquote><iframe sandbox=\"allow-scripts\" security=\"restricted\" src=\"https:\/\/swissbaker.ch\/fr\/releve\/concours-professionnels\/concours-uibc\/boulangerie-bruxelles-2014\/embed\/#?secret=BjeTtPfbGJ\" width=\"600\" height=\"338\" title=\"&#8220;Boulangerie Bruxelles 2014&#8221; &#8212; SBC\" data-secret=\"BjeTtPfbGJ\" frameborder=\"0\" marginwidth=\"0\" marginheight=\"0\" scrolling=\"no\" class=\"wp-embedded-content\"><\/iframe><script type=\"text\/javascript\">\n\/* <![CDATA[ *\/\n\/*! This file is auto-generated *\/\n!function(d,l){\"use strict\";l.querySelector&&d.addEventListener&&\"undefined\"!=typeof URL&&(d.wp=d.wp||{},d.wp.receiveEmbedMessage||(d.wp.receiveEmbedMessage=function(e){var t=e.data;if((t||t.secret||t.message||t.value)&&!\/[^a-zA-Z0-9]\/.test(t.secret)){for(var s,r,n,a=l.querySelectorAll('iframe[data-secret=\"'+t.secret+'\"]'),o=l.querySelectorAll('blockquote[data-secret=\"'+t.secret+'\"]'),c=new RegExp(\"^https?:$\",\"i\"),i=0;i<o.length;i++)o[i].style.display=\"none\";for(i=0;i<a.length;i++)s=a[i],e.source===s.contentWindow&&(s.removeAttribute(\"style\"),\"height\"===t.message?(1e3<(r=parseInt(t.value,10))?r=1e3:~~r<200&&(r=200),s.height=r):\"link\"===t.message&&(r=new URL(s.getAttribute(\"src\")),n=new URL(t.value),c.test(n.protocol))&&n.host===r.host&&l.activeElement===s&&(d.top.location.href=t.value))}},d.addEventListener(\"message\",d.wp.receiveEmbedMessage,!1),l.addEventListener(\"DOMContentLoaded\",function(){for(var e,t,s=l.querySelectorAll(\"iframe.wp-embedded-content\"),r=0;r<s.length;r++)(t=(e=s[r]).getAttribute(\"data-secret\"))||(t=Math.random().toString(36).substring(2,12),e.src+=\"#?secret=\"+t,e.setAttribute(\"data-secret\",t)),e.contentWindow.postMessage({message:\"ready\",secret:t},\"*\")},!1)))}(window,document);\n\/\/# sourceURL=https:\/\/swissbaker.ch\/wp-includes\/js\/wp-embed.min.js\n\/* ]]> *\/\n<\/script>\n","description":"La championne suisse 2013 et la seconde class\u00e9e lors de cette comp\u00e9tition ont repr\u00e9sent\u00e9 la Suisse au concours professionnel international des jeunes boulangers&nbsp;du 11 au 14 octobre 2014 \u00e0 Bruxelles (Belgique).&nbsp;F\u00e9licitations \u00e0 Andrea Liechti et \u00e0 Natascha Collenberg pour leur belle performance! Natascha a gagn\u00e9 le prix sp\u00e9cial pour la meilleure pi\u00e8ce artistique sur le th\u00e8me \u00abguerre et paix\u00bb.&nbsp;","thumbnail_url":"https:\/\/swissbaker.ch\/wp-content\/uploads\/2022\/06\/csm_kandidatinnen_bruesssel_14_2_ad35eddfae.jpg"}

La championne suisse 2013 et la seconde classée lors de cette compétition ont représenté la Suisse au concours professionnel international des jeunes boulangers&nbsp;du 11 au 14 octobre 2014 à Bruxelles (Belgique).&nbsp;Félicitations à Andrea Liechti et à Natascha Collenberg pour leur belle performance! Natascha a gagné le prix spécial pour la meilleure pièce artistique sur le thème «guerre et paix».&nbsp;
