{"version":"1.0","provider_name":"SBC","provider_url":"https:\/\/swissbaker.ch\/fr\/","author_name":"azureart","author_url":"https:\/\/swissbaker.ch\/fr\/panissimo-news\/author\/pixel-ahoi\/","title":"Protection des jeunes travailleurs","type":"rich","width":600,"height":338,"html":"<blockquote class=\"wp-embedded-content\" data-secret=\"I450QeGEK8\"><a href=\"https:\/\/swissbaker.ch\/fr\/panissimo-news\/protection-des-jeunes-travailleurs\/\">Protection des jeunes travailleurs<\/a><\/blockquote><iframe sandbox=\"allow-scripts\" security=\"restricted\" src=\"https:\/\/swissbaker.ch\/fr\/panissimo-news\/protection-des-jeunes-travailleurs\/embed\/#?secret=I450QeGEK8\" width=\"600\" height=\"338\" title=\"&#8220;Protection des jeunes travailleurs&#8221; &#8212; SBC\" data-secret=\"I450QeGEK8\" frameborder=\"0\" marginwidth=\"0\" marginheight=\"0\" scrolling=\"no\" class=\"wp-embedded-content\"><\/iframe><script type=\"text\/javascript\">\n\/* <![CDATA[ *\/\n\/*! This file is auto-generated *\/\n!function(d,l){\"use strict\";l.querySelector&&d.addEventListener&&\"undefined\"!=typeof URL&&(d.wp=d.wp||{},d.wp.receiveEmbedMessage||(d.wp.receiveEmbedMessage=function(e){var t=e.data;if((t||t.secret||t.message||t.value)&&!\/[^a-zA-Z0-9]\/.test(t.secret)){for(var s,r,n,a=l.querySelectorAll('iframe[data-secret=\"'+t.secret+'\"]'),o=l.querySelectorAll('blockquote[data-secret=\"'+t.secret+'\"]'),c=new RegExp(\"^https?:$\",\"i\"),i=0;i<o.length;i++)o[i].style.display=\"none\";for(i=0;i<a.length;i++)s=a[i],e.source===s.contentWindow&&(s.removeAttribute(\"style\"),\"height\"===t.message?(1e3<(r=parseInt(t.value,10))?r=1e3:~~r<200&&(r=200),s.height=r):\"link\"===t.message&&(r=new URL(s.getAttribute(\"src\")),n=new URL(t.value),c.test(n.protocol))&&n.host===r.host&&l.activeElement===s&&(d.top.location.href=t.value))}},d.addEventListener(\"message\",d.wp.receiveEmbedMessage,!1),l.addEventListener(\"DOMContentLoaded\",function(){for(var e,t,s=l.querySelectorAll(\"iframe.wp-embedded-content\"),r=0;r<s.length;r++)(t=(e=s[r]).getAttribute(\"data-secret\"))||(t=Math.random().toString(36).substring(2,12),e.src+=\"#?secret=\"+t,e.setAttribute(\"data-secret\",t)),e.contentWindow.postMessage({message:\"ready\",secret:t},\"*\")},!1)))}(window,document);\n\/\/# sourceURL=https:\/\/swissbaker.ch\/wp-includes\/js\/wp-embed.min.js\n\/* ]]> *\/\n<\/script>\n","thumbnail_url":"https:\/\/swissbaker.ch\/wp-content\/uploads\/2022\/03\/csm_Praevention_Chemikalien_klein_fe37314ea8.jpg","thumbnail_width":600,"thumbnail_height":600,"description":"Comme annonc\u00e9 lors des cours de perfectionnement pour coordinateurs de la s\u00e9curit\u00e9 (cosec), par suite de la modification de l\u2019ordonnance du 28\u202fseptembre 2007 sur la protection des jeunes travailleurs (OLT 5), le Conseil f\u00e9d\u00e9ral a d\u00e9cid\u00e9 le 25\u202fjuin 2014 d\u2019abaisser l\u2019\u00e2ge minimum de 16 \u00e0 15 ans pour les travaux dangereux effectu\u00e9s dans le cadre de la formation professionnelle initiale. [&hellip;]"}

Comme annoncé lors des cours de perfectionnement pour coordinateurs de la sécurité (cosec), par suite de la modification de l’ordonnance du 28 septembre 2007 sur la protection des jeunes travailleurs (OLT 5), le Conseil fédéral a décidé le 25 juin 2014 d’abaisser l’âge minimum de 16 à 15 ans pour les travaux dangereux effectués dans le cadre de la formation professionnelle initiale. [&hellip;]
