{"version":"1.0","provider_name":"SBC","provider_url":"https:\/\/swissbaker.ch\/fr\/","author_name":"azureart","author_url":"https:\/\/swissbaker.ch\/fr\/panissimo-news\/author\/pixel-ahoi\/","title":"Porte-gobelets #perso pour les boulangeries-confiseries","type":"rich","width":600,"height":338,"html":"<blockquote class=\"wp-embedded-content\" data-secret=\"4DAyaxZD7x\"><a href=\"https:\/\/swissbaker.ch\/fr\/panissimo-news\/porte-gobelets-perso-pour-les-boulangeries-confiseries\/\">Porte-gobelets #perso pour les boulangeries-confiseries<\/a><\/blockquote><iframe sandbox=\"allow-scripts\" security=\"restricted\" src=\"https:\/\/swissbaker.ch\/fr\/panissimo-news\/porte-gobelets-perso-pour-les-boulangeries-confiseries\/embed\/#?secret=4DAyaxZD7x\" width=\"600\" height=\"338\" title=\"&#8220;Porte-gobelets #perso pour les boulangeries-confiseries&#8221; &#8212; SBC\" data-secret=\"4DAyaxZD7x\" frameborder=\"0\" marginwidth=\"0\" marginheight=\"0\" scrolling=\"no\" class=\"wp-embedded-content\"><\/iframe><script type=\"text\/javascript\">\n\/* <![CDATA[ *\/\n\/*! This file is auto-generated *\/\n!function(d,l){\"use strict\";l.querySelector&&d.addEventListener&&\"undefined\"!=typeof URL&&(d.wp=d.wp||{},d.wp.receiveEmbedMessage||(d.wp.receiveEmbedMessage=function(e){var t=e.data;if((t||t.secret||t.message||t.value)&&!\/[^a-zA-Z0-9]\/.test(t.secret)){for(var s,r,n,a=l.querySelectorAll('iframe[data-secret=\"'+t.secret+'\"]'),o=l.querySelectorAll('blockquote[data-secret=\"'+t.secret+'\"]'),c=new RegExp(\"^https?:$\",\"i\"),i=0;i<o.length;i++)o[i].style.display=\"none\";for(i=0;i<a.length;i++)s=a[i],e.source===s.contentWindow&&(s.removeAttribute(\"style\"),\"height\"===t.message?(1e3<(r=parseInt(t.value,10))?r=1e3:~~r<200&&(r=200),s.height=r):\"link\"===t.message&&(r=new URL(s.getAttribute(\"src\")),n=new URL(t.value),c.test(n.protocol))&&n.host===r.host&&l.activeElement===s&&(d.top.location.href=t.value))}},d.addEventListener(\"message\",d.wp.receiveEmbedMessage,!1),l.addEventListener(\"DOMContentLoaded\",function(){for(var e,t,s=l.querySelectorAll(\"iframe.wp-embedded-content\"),r=0;r<s.length;r++)(t=(e=s[r]).getAttribute(\"data-secret\"))||(t=Math.random().toString(36).substring(2,12),e.src+=\"#?secret=\"+t,e.setAttribute(\"data-secret\",t)),e.contentWindow.postMessage({message:\"ready\",secret:t},\"*\")},!1)))}(window,document);\n\/\/# sourceURL=https:\/\/swissbaker.ch\/wp-includes\/js\/wp-embed.min.js\n\/* ]]> *\/\n<\/script>\n","thumbnail_url":"https:\/\/swissbaker.ch\/wp-content\/uploads\/2022\/04\/Pro_Senectute_Cupholder_Baeckermeister_Zentralvorstand_Praesentation-Kampagne_DE-41_V2_web-1.jpeg","thumbnail_width":800,"thumbnail_height":474,"description":"La BCS s\u2019appr\u00eate \u00e0 participer \u00e0 la campagne nationale #perso sur la d\u00e9mence organis\u00e9e par Pro Senectute Suisse, apr\u00e8s que son comit\u00e9 central a donn\u00e9 son feu vert \u00e0 l\u2019unanimit\u00e9. Il s\u2019agit maintenant de mobiliser les adh\u00e9rents de l\u2019association, comme l\u2019a confirm\u00e9 le directeur Urs Wellauer. Apr\u00e8s la r\u00e9ussite du Tricothon organis\u00e9 avec Innocent (fabricant de jus et smoothies) pour [&hellip;]"}

La BCS s’apprête à participer à la campagne nationale #perso sur la démence organisée par Pro Senectute Suisse, après que son comité central a donné son feu vert à l’unanimité. Il s’agit maintenant de mobiliser les adhérents de l’association, comme l’a confirmé le directeur Urs Wellauer. Après la réussite du Tricothon organisé avec Innocent (fabricant de jus et smoothies) pour [&hellip;]
