{"version":"1.0","provider_name":"SBC","provider_url":"https:\/\/swissbaker.ch\/fr\/","author_name":"azureart","author_url":"https:\/\/swissbaker.ch\/fr\/panissimo-news\/author\/pixel-ahoi\/","title":"Panvica\u2009: compensations Covid (APG)","type":"rich","width":600,"height":338,"html":"<blockquote class=\"wp-embedded-content\" data-secret=\"VxL6hxRQZ2\"><a href=\"https:\/\/swissbaker.ch\/fr\/panissimo-news\/panvica-compensations-covid-apg\/\">Panvica\u2009: compensations Covid (APG)<\/a><\/blockquote><iframe sandbox=\"allow-scripts\" security=\"restricted\" src=\"https:\/\/swissbaker.ch\/fr\/panissimo-news\/panvica-compensations-covid-apg\/embed\/#?secret=VxL6hxRQZ2\" width=\"600\" height=\"338\" title=\"&#8220;Panvica\u2009: compensations Covid (APG)&#8221; &#8212; SBC\" data-secret=\"VxL6hxRQZ2\" frameborder=\"0\" marginwidth=\"0\" marginheight=\"0\" scrolling=\"no\" class=\"wp-embedded-content\"><\/iframe><script type=\"text\/javascript\">\n\/* <![CDATA[ *\/\n\/*! This file is auto-generated *\/\n!function(d,l){\"use strict\";l.querySelector&&d.addEventListener&&\"undefined\"!=typeof URL&&(d.wp=d.wp||{},d.wp.receiveEmbedMessage||(d.wp.receiveEmbedMessage=function(e){var t=e.data;if((t||t.secret||t.message||t.value)&&!\/[^a-zA-Z0-9]\/.test(t.secret)){for(var s,r,n,a=l.querySelectorAll('iframe[data-secret=\"'+t.secret+'\"]'),o=l.querySelectorAll('blockquote[data-secret=\"'+t.secret+'\"]'),c=new RegExp(\"^https?:$\",\"i\"),i=0;i<o.length;i++)o[i].style.display=\"none\";for(i=0;i<a.length;i++)s=a[i],e.source===s.contentWindow&&(s.removeAttribute(\"style\"),\"height\"===t.message?(1e3<(r=parseInt(t.value,10))?r=1e3:~~r<200&&(r=200),s.height=r):\"link\"===t.message&&(r=new URL(s.getAttribute(\"src\")),n=new URL(t.value),c.test(n.protocol))&&n.host===r.host&&l.activeElement===s&&(d.top.location.href=t.value))}},d.addEventListener(\"message\",d.wp.receiveEmbedMessage,!1),l.addEventListener(\"DOMContentLoaded\",function(){for(var e,t,s=l.querySelectorAll(\"iframe.wp-embedded-content\"),r=0;r<s.length;r++)(t=(e=s[r]).getAttribute(\"data-secret\"))||(t=Math.random().toString(36).substring(2,12),e.src+=\"#?secret=\"+t,e.setAttribute(\"data-secret\",t)),e.contentWindow.postMessage({message:\"ready\",secret:t},\"*\")},!1)))}(window,document);\n\/\/# sourceURL=https:\/\/swissbaker.ch\/wp-includes\/js\/wp-embed.min.js\n\/* ]]> *\/\n<\/script>\n","thumbnail_url":"https:\/\/swissbaker.ch\/wp-content\/uploads\/2022\/03\/10_1_d_frei_panvica.jpeg","thumbnail_width":800,"thumbnail_height":474,"description":"Apr\u00e8s P\u00e2ques, Panvica a connu une augmentation massive des demandes de remplacement de revenu et de compensation. \u00ab L\u2019\u00e9quipe Panvica fait tout son possible pour que nos membres re\u00e7oivent leurs indemnit\u00e9s Covid (APG) dans un d\u00e9lai raisonnable \u00bb, a soulign\u00e9 Dominik Frei, responsable des assurances sociales et personnelles de l\u2019Association suisse des patrons boulangers-confiseurs (BCS), lors de la derni\u00e8re r\u00e9union [&hellip;]"}

Après Pâques, Panvica a connu une augmentation massive des demandes de remplacement de revenu et de compensation. « L’équipe Panvica fait tout son possible pour que nos membres reçoivent leurs indemnités Covid (APG) dans un délai raisonnable », a souligné Dominik Frei, responsable des assurances sociales et personnelles de l’Association suisse des patrons boulangers-confiseurs (BCS), lors de la dernière réunion [&hellip;]
