{"version":"1.0","provider_name":"SBC","provider_url":"https:\/\/swissbaker.ch\/fr\/","author_name":"Simon Nussbaum","author_url":"https:\/\/swissbaker.ch\/fr\/panissimo-news\/author\/simon-nussbaum\/","title":"Obligation de d\u00e9claration et stockage obligatoire","type":"rich","width":600,"height":338,"html":"<blockquote class=\"wp-embedded-content\" data-secret=\"LRUOQeMyH8\"><a href=\"https:\/\/swissbaker.ch\/fr\/panissimo-news\/obligation-de-declaration-et-stockage-obligatoire\/\">Obligation de d\u00e9claration et stockage obligatoire<\/a><\/blockquote><iframe sandbox=\"allow-scripts\" security=\"restricted\" src=\"https:\/\/swissbaker.ch\/fr\/panissimo-news\/obligation-de-declaration-et-stockage-obligatoire\/embed\/#?secret=LRUOQeMyH8\" width=\"600\" height=\"338\" title=\"&#8220;Obligation de d\u00e9claration et stockage obligatoire&#8221; &#8212; SBC\" data-secret=\"LRUOQeMyH8\" frameborder=\"0\" marginwidth=\"0\" marginheight=\"0\" scrolling=\"no\" class=\"wp-embedded-content\"><\/iframe><script type=\"text\/javascript\">\n\/* <![CDATA[ *\/\n\/*! This file is auto-generated *\/\n!function(d,l){\"use strict\";l.querySelector&&d.addEventListener&&\"undefined\"!=typeof URL&&(d.wp=d.wp||{},d.wp.receiveEmbedMessage||(d.wp.receiveEmbedMessage=function(e){var t=e.data;if((t||t.secret||t.message||t.value)&&!\/[^a-zA-Z0-9]\/.test(t.secret)){for(var s,r,n,a=l.querySelectorAll('iframe[data-secret=\"'+t.secret+'\"]'),o=l.querySelectorAll('blockquote[data-secret=\"'+t.secret+'\"]'),c=new RegExp(\"^https?:$\",\"i\"),i=0;i<o.length;i++)o[i].style.display=\"none\";for(i=0;i<a.length;i++)s=a[i],e.source===s.contentWindow&&(s.removeAttribute(\"style\"),\"height\"===t.message?(1e3<(r=parseInt(t.value,10))?r=1e3:~~r<200&&(r=200),s.height=r):\"link\"===t.message&&(r=new URL(s.getAttribute(\"src\")),n=new URL(t.value),c.test(n.protocol))&&n.host===r.host&&l.activeElement===s&&(d.top.location.href=t.value))}},d.addEventListener(\"message\",d.wp.receiveEmbedMessage,!1),l.addEventListener(\"DOMContentLoaded\",function(){for(var e,t,s=l.querySelectorAll(\"iframe.wp-embedded-content\"),r=0;r<s.length;r++)(t=(e=s[r]).getAttribute(\"data-secret\"))||(t=Math.random().toString(36).substring(2,12),e.src+=\"#?secret=\"+t,e.setAttribute(\"data-secret\",t)),e.contentWindow.postMessage({message:\"ready\",secret:t},\"*\")},!1)))}(window,document);\n\/\/# sourceURL=https:\/\/swissbaker.ch\/wp-includes\/js\/wp-embed.min.js\n\/* ]]> *\/\n<\/script>\n","thumbnail_url":"https:\/\/swissbaker.ch\/wp-content\/uploads\/2023\/11\/21_1_muellertagung.jpg","thumbnail_width":1200,"thumbnail_height":712,"description":"Outre la partie statutaire, le stockage obligatoire et la nouvelle obligation de d\u00e9claration pour le pain et les produits de boulangerie ont \u00e9t\u00e9 au centre des d\u00e9bats lors de l'assembl\u00e9e des d\u00e9l\u00e9gu\u00e9s de la F\u00e9d\u00e9ration des meuniers suisses (FMS) \u00e0 Lucerne. \u00abNous devons revoir le dossier\u00bb, a d\u00e9clar\u00e9 Ines Heer, membre de la direction de l'Office f\u00e9d\u00e9ral pour l'approvisionnement \u00e9conomique du pays, lors de son intervention."}

Obligation de déclaration et stockage obligatoire

<blockquote class="wp-embedded-content" data-secret="LRUOQeMyH8"><a href="https://swissbaker.ch/fr/panissimo-news/obligation-de-declaration-et-stockage-obligatoire/">Obligation de déclaration et stockage obligatoire</a></blockquote><iframe sandbox="allow-scripts" security="restricted" src="https://swissbaker.ch/fr/panissimo-news/obligation-de-declaration-et-stockage-obligatoire/embed/#?secret=LRUOQeMyH8" width="600" height="338" title="&#8220;Obligation de déclaration et stockage obligatoire&#8221; &#8212; SBC" data-secret="LRUOQeMyH8" frameborder="0" marginwidth="0" marginheight="0" scrolling="no" class="wp-embedded-content"></iframe><script type="text/javascript">
/* <![CDATA[ */
/*! This file is auto-generated */
!function(d,l){"use strict";l.querySelector&&d.addEventListener&&"undefined"!=typeof URL&&(d.wp=d.wp||{},d.wp.receiveEmbedMessage||(d.wp.receiveEmbedMessage=function(e){var t=e.data;if((t||t.secret||t.message||t.value)&&!/[^a-zA-Z0-9]/.test(t.secret)){for(var s,r,n,a=l.querySelectorAll('iframe[data-secret="'+t.secret+'"]'),o=l.querySelectorAll('blockquote[data-secret="'+t.secret+'"]'),c=new RegExp("^https?:$","i"),i=0;i<o.length;i++)o[i].style.display="none";for(i=0;i<a.length;i++)s=a[i],e.source===s.contentWindow&&(s.removeAttribute("style"),"height"===t.message?(1e3<(r=parseInt(t.value,10))?r=1e3:~~r<200&&(r=200),s.height=r):"link"===t.message&&(r=new URL(s.getAttribute("src")),n=new URL(t.value),c.test(n.protocol))&&n.host===r.host&&l.activeElement===s&&(d.top.location.href=t.value))}},d.addEventListener("message",d.wp.receiveEmbedMessage,!1),l.addEventListener("DOMContentLoaded",function(){for(var e,t,s=l.querySelectorAll("iframe.wp-embedded-content"),r=0;r<s.length;r++)(t=(e=s[r]).getAttribute("data-secret"))||(t=Math.random().toString(36).substring(2,12),e.src+="#?secret="+t,e.setAttribute("data-secret",t)),e.contentWindow.postMessage({message:"ready",secret:t},"*")},!1)))}(window,document);
//# sourceURL=https://swissbaker.ch/wp-includes/js/wp-embed.min.js
/* ]]> */
</script>

Outre la partie statutaire, le stockage obligatoire et la nouvelle obligation de déclaration pour le pain et les produits de boulangerie ont été au centre des débats lors de l'assemblée des délégués de la Fédération des meuniers suisses (FMS) à Lucerne. «Nous devons revoir le dossier», a déclaré Ines Heer, membre de la direction de l'Office fédéral pour l'approvisionnement économique du pays, lors de son intervention.
