{"version":"1.0","provider_name":"SBC","provider_url":"https:\/\/swissbaker.ch\/fr\/","author_name":"Simon Nussbaum","author_url":"https:\/\/swissbaker.ch\/fr\/panissimo-news\/author\/simon-nussbaum\/","title":"N\u00e9crologie de Fred P. Feldpausch","type":"rich","width":600,"height":338,"html":"<blockquote class=\"wp-embedded-content\" data-secret=\"ujdeiqnLtL\"><a href=\"https:\/\/swissbaker.ch\/fr\/panissimo-news\/necrologie-de-fred-p-feldpausch\/\"><strong>N\u00e9crologie de Fred P. Feldpausch<\/strong><\/a><\/blockquote><iframe sandbox=\"allow-scripts\" security=\"restricted\" src=\"https:\/\/swissbaker.ch\/fr\/panissimo-news\/necrologie-de-fred-p-feldpausch\/embed\/#?secret=ujdeiqnLtL\" width=\"600\" height=\"338\" title=\"&#8220;&lt;strong&gt;N\u00e9crologie de Fred P. Feldpausch&lt;\/strong&gt;&#8221; &#8212; SBC\" data-secret=\"ujdeiqnLtL\" frameborder=\"0\" marginwidth=\"0\" marginheight=\"0\" scrolling=\"no\" class=\"wp-embedded-content\"><\/iframe><script type=\"text\/javascript\">\n\/* <![CDATA[ *\/\n\/*! This file is auto-generated *\/\n!function(d,l){\"use strict\";l.querySelector&&d.addEventListener&&\"undefined\"!=typeof URL&&(d.wp=d.wp||{},d.wp.receiveEmbedMessage||(d.wp.receiveEmbedMessage=function(e){var t=e.data;if((t||t.secret||t.message||t.value)&&!\/[^a-zA-Z0-9]\/.test(t.secret)){for(var s,r,n,a=l.querySelectorAll('iframe[data-secret=\"'+t.secret+'\"]'),o=l.querySelectorAll('blockquote[data-secret=\"'+t.secret+'\"]'),c=new RegExp(\"^https?:$\",\"i\"),i=0;i<o.length;i++)o[i].style.display=\"none\";for(i=0;i<a.length;i++)s=a[i],e.source===s.contentWindow&&(s.removeAttribute(\"style\"),\"height\"===t.message?(1e3<(r=parseInt(t.value,10))?r=1e3:~~r<200&&(r=200),s.height=r):\"link\"===t.message&&(r=new URL(s.getAttribute(\"src\")),n=new URL(t.value),c.test(n.protocol))&&n.host===r.host&&l.activeElement===s&&(d.top.location.href=t.value))}},d.addEventListener(\"message\",d.wp.receiveEmbedMessage,!1),l.addEventListener(\"DOMContentLoaded\",function(){for(var e,t,s=l.querySelectorAll(\"iframe.wp-embedded-content\"),r=0;r<s.length;r++)(t=(e=s[r]).getAttribute(\"data-secret\"))||(t=Math.random().toString(36).substring(2,12),e.src+=\"#?secret=\"+t,e.setAttribute(\"data-secret\",t)),e.contentWindow.postMessage({message:\"ready\",secret:t},\"*\")},!1)))}(window,document);\n\/\/# sourceURL=https:\/\/swissbaker.ch\/wp-includes\/js\/wp-embed.min.js\n\/* ]]> *\/\n<\/script>\n","thumbnail_url":"https:\/\/swissbaker.ch\/wp-content\/uploads\/2022\/08\/16_2_fred_feldpausch.jpg","thumbnail_width":1920,"thumbnail_height":1027,"description":"Il \u00e9tait un gastronome et un h\u00f4telier tessinois passionn\u00e9 et comp\u00e9tent dont le rayonnement d\u00e9passait les fronti\u00e8res du canton. Fred P. Feldpausch est d\u00e9c\u00e9d\u00e9 \u00e0 l'\u00e2ge de 94 ans. Tous ceux qui ont eu la chance de faire sa connaissance ont \u00e9t\u00e9 impressionn\u00e9s par sa vitalit\u00e9, sa perspicacit\u00e9 et sa passion pour la boulangerie-confiserie, la gastronomie, l'h\u00f4tellerie et, surtout, pour ses semblables."}

Nécrologie de Fred P. Feldpausch

<blockquote class="wp-embedded-content" data-secret="ujdeiqnLtL"><a href="https://swissbaker.ch/fr/panissimo-news/necrologie-de-fred-p-feldpausch/"><strong>Nécrologie de Fred P. Feldpausch</strong></a></blockquote><iframe sandbox="allow-scripts" security="restricted" src="https://swissbaker.ch/fr/panissimo-news/necrologie-de-fred-p-feldpausch/embed/#?secret=ujdeiqnLtL" width="600" height="338" title="&#8220;&lt;strong&gt;Nécrologie de Fred P. Feldpausch&lt;/strong&gt;&#8221; &#8212; SBC" data-secret="ujdeiqnLtL" frameborder="0" marginwidth="0" marginheight="0" scrolling="no" class="wp-embedded-content"></iframe><script type="text/javascript">
/* <![CDATA[ */
/*! This file is auto-generated */
!function(d,l){"use strict";l.querySelector&&d.addEventListener&&"undefined"!=typeof URL&&(d.wp=d.wp||{},d.wp.receiveEmbedMessage||(d.wp.receiveEmbedMessage=function(e){var t=e.data;if((t||t.secret||t.message||t.value)&&!/[^a-zA-Z0-9]/.test(t.secret)){for(var s,r,n,a=l.querySelectorAll('iframe[data-secret="'+t.secret+'"]'),o=l.querySelectorAll('blockquote[data-secret="'+t.secret+'"]'),c=new RegExp("^https?:$","i"),i=0;i<o.length;i++)o[i].style.display="none";for(i=0;i<a.length;i++)s=a[i],e.source===s.contentWindow&&(s.removeAttribute("style"),"height"===t.message?(1e3<(r=parseInt(t.value,10))?r=1e3:~~r<200&&(r=200),s.height=r):"link"===t.message&&(r=new URL(s.getAttribute("src")),n=new URL(t.value),c.test(n.protocol))&&n.host===r.host&&l.activeElement===s&&(d.top.location.href=t.value))}},d.addEventListener("message",d.wp.receiveEmbedMessage,!1),l.addEventListener("DOMContentLoaded",function(){for(var e,t,s=l.querySelectorAll("iframe.wp-embedded-content"),r=0;r<s.length;r++)(t=(e=s[r]).getAttribute("data-secret"))||(t=Math.random().toString(36).substring(2,12),e.src+="#?secret="+t,e.setAttribute("data-secret",t)),e.contentWindow.postMessage({message:"ready",secret:t},"*")},!1)))}(window,document);
//# sourceURL=https://swissbaker.ch/wp-includes/js/wp-embed.min.js
/* ]]> */
</script>

Il était un gastronome et un hôtelier tessinois passionné et compétent dont le rayonnement dépassait les frontières du canton. Fred P. Feldpausch est décédé à l'âge de 94 ans. Tous ceux qui ont eu la chance de faire sa connaissance ont été impressionnés par sa vitalité, sa perspicacité et sa passion pour la boulangerie-confiserie, la gastronomie, l'hôtellerie et, surtout, pour ses semblables.
