{"version":"1.0","provider_name":"SBC","provider_url":"https:\/\/swissbaker.ch\/fr\/","author_name":"azureart","author_url":"https:\/\/swissbaker.ch\/fr\/panissimo-news\/author\/pixel-ahoi\/","title":"\u00ab\u2009Malgr\u00e9 tout, nous devons nous estimer heureux\u2009\u00bb","type":"rich","width":600,"height":338,"html":"<blockquote class=\"wp-embedded-content\" data-secret=\"yutFrY7O4V\"><a href=\"https:\/\/swissbaker.ch\/fr\/panissimo-news\/malgre-tout-nous-devons-nous-estimer-heureux\/\">\u00ab\u2009Malgr\u00e9 tout, nous devons nous estimer heureux\u2009\u00bb<\/a><\/blockquote><iframe sandbox=\"allow-scripts\" security=\"restricted\" src=\"https:\/\/swissbaker.ch\/fr\/panissimo-news\/malgre-tout-nous-devons-nous-estimer-heureux\/embed\/#?secret=yutFrY7O4V\" width=\"600\" height=\"338\" title=\"&#8220;\u00ab\u2009Malgr\u00e9 tout, nous devons nous estimer heureux\u2009\u00bb&#8221; &#8212; SBC\" data-secret=\"yutFrY7O4V\" frameborder=\"0\" marginwidth=\"0\" marginheight=\"0\" scrolling=\"no\" class=\"wp-embedded-content\"><\/iframe><script type=\"text\/javascript\">\n\/* <![CDATA[ *\/\n\/*! This file is auto-generated *\/\n!function(d,l){\"use strict\";l.querySelector&&d.addEventListener&&\"undefined\"!=typeof URL&&(d.wp=d.wp||{},d.wp.receiveEmbedMessage||(d.wp.receiveEmbedMessage=function(e){var t=e.data;if((t||t.secret||t.message||t.value)&&!\/[^a-zA-Z0-9]\/.test(t.secret)){for(var s,r,n,a=l.querySelectorAll('iframe[data-secret=\"'+t.secret+'\"]'),o=l.querySelectorAll('blockquote[data-secret=\"'+t.secret+'\"]'),c=new RegExp(\"^https?:$\",\"i\"),i=0;i<o.length;i++)o[i].style.display=\"none\";for(i=0;i<a.length;i++)s=a[i],e.source===s.contentWindow&&(s.removeAttribute(\"style\"),\"height\"===t.message?(1e3<(r=parseInt(t.value,10))?r=1e3:~~r<200&&(r=200),s.height=r):\"link\"===t.message&&(r=new URL(s.getAttribute(\"src\")),n=new URL(t.value),c.test(n.protocol))&&n.host===r.host&&l.activeElement===s&&(d.top.location.href=t.value))}},d.addEventListener(\"message\",d.wp.receiveEmbedMessage,!1),l.addEventListener(\"DOMContentLoaded\",function(){for(var e,t,s=l.querySelectorAll(\"iframe.wp-embedded-content\"),r=0;r<s.length;r++)(t=(e=s[r]).getAttribute(\"data-secret\"))||(t=Math.random().toString(36).substring(2,12),e.src+=\"#?secret=\"+t,e.setAttribute(\"data-secret\",t)),e.contentWindow.postMessage({message:\"ready\",secret:t},\"*\")},!1)))}(window,document);\n\/\/# sourceURL=https:\/\/swissbaker.ch\/wp-includes\/js\/wp-embed.min.js\n\/* ]]> *\/\n<\/script>\n","thumbnail_url":"https:\/\/swissbaker.ch\/wp-content\/uploads\/2022\/03\/19_1_jf_leuenberger-1.jpeg","thumbnail_width":800,"thumbnail_height":474,"description":"Vice-pr\u00e9sident de la BCS, Jean-Fran\u00e7ois Leuenberger revient sur des faits marquants de la boulangerie-p\u00e2tisserie-confiserie. Chers membres, chers coll\u00e8gues, L\u2019ann\u00e9e vient de commencer et nous voil\u00e0 d\u00e9j\u00e0 pr\u00eats \u00e0 pr\u00e9parer les plannings de novembre et d\u00e9cembre avec leurs lots de surprises\u2009! Ce satan\u00e9 virus ne nous l\u00e2che pas et \u00e0 court terme il semble que la situation ne va pas beaucoup [&hellip;]"}

« Malgré tout, nous devons nous estimer heureux »

<blockquote class="wp-embedded-content" data-secret="yutFrY7O4V"><a href="https://swissbaker.ch/fr/panissimo-news/malgre-tout-nous-devons-nous-estimer-heureux/">« Malgré tout, nous devons nous estimer heureux »</a></blockquote><iframe sandbox="allow-scripts" security="restricted" src="https://swissbaker.ch/fr/panissimo-news/malgre-tout-nous-devons-nous-estimer-heureux/embed/#?secret=yutFrY7O4V" width="600" height="338" title="&#8220;« Malgré tout, nous devons nous estimer heureux »&#8221; &#8212; SBC" data-secret="yutFrY7O4V" frameborder="0" marginwidth="0" marginheight="0" scrolling="no" class="wp-embedded-content"></iframe><script type="text/javascript">
/* <![CDATA[ */
/*! This file is auto-generated */
!function(d,l){"use strict";l.querySelector&&d.addEventListener&&"undefined"!=typeof URL&&(d.wp=d.wp||{},d.wp.receiveEmbedMessage||(d.wp.receiveEmbedMessage=function(e){var t=e.data;if((t||t.secret||t.message||t.value)&&!/[^a-zA-Z0-9]/.test(t.secret)){for(var s,r,n,a=l.querySelectorAll('iframe[data-secret="'+t.secret+'"]'),o=l.querySelectorAll('blockquote[data-secret="'+t.secret+'"]'),c=new RegExp("^https?:$","i"),i=0;i<o.length;i++)o[i].style.display="none";for(i=0;i<a.length;i++)s=a[i],e.source===s.contentWindow&&(s.removeAttribute("style"),"height"===t.message?(1e3<(r=parseInt(t.value,10))?r=1e3:~~r<200&&(r=200),s.height=r):"link"===t.message&&(r=new URL(s.getAttribute("src")),n=new URL(t.value),c.test(n.protocol))&&n.host===r.host&&l.activeElement===s&&(d.top.location.href=t.value))}},d.addEventListener("message",d.wp.receiveEmbedMessage,!1),l.addEventListener("DOMContentLoaded",function(){for(var e,t,s=l.querySelectorAll("iframe.wp-embedded-content"),r=0;r<s.length;r++)(t=(e=s[r]).getAttribute("data-secret"))||(t=Math.random().toString(36).substring(2,12),e.src+="#?secret="+t,e.setAttribute("data-secret",t)),e.contentWindow.postMessage({message:"ready",secret:t},"*")},!1)))}(window,document);
//# sourceURL=https://swissbaker.ch/wp-includes/js/wp-embed.min.js
/* ]]> */
</script>

Vice-président de la BCS, Jean-François Leuenberger revient sur des faits marquants de la boulangerie-pâtisserie-confiserie. Chers membres, chers collègues, L’année vient de commencer et nous voilà déjà prêts à préparer les plannings de novembre et décembre avec leurs lots de surprises ! Ce satané virus ne nous lâche pas et à court terme il semble que la situation ne va pas beaucoup [&hellip;]
