{"version":"1.0","provider_name":"SBC","provider_url":"https:\/\/swissbaker.ch\/fr\/","author_name":"azureart","author_url":"https:\/\/swissbaker.ch\/fr\/panissimo-news\/author\/pixel-ahoi\/","title":"L\u2019essentiel du pollen et Cie","type":"rich","width":600,"height":338,"html":"<blockquote class=\"wp-embedded-content\" data-secret=\"tdjbqRIQop\"><a href=\"https:\/\/swissbaker.ch\/fr\/panissimo-news\/lessentiel-du-pollen-et-cie\/\">L\u2019essentiel du pollen et Cie<\/a><\/blockquote><iframe sandbox=\"allow-scripts\" security=\"restricted\" src=\"https:\/\/swissbaker.ch\/fr\/panissimo-news\/lessentiel-du-pollen-et-cie\/embed\/#?secret=tdjbqRIQop\" width=\"600\" height=\"338\" title=\"&#8220;L\u2019essentiel du pollen et Cie&#8221; &#8212; SBC\" data-secret=\"tdjbqRIQop\" frameborder=\"0\" marginwidth=\"0\" marginheight=\"0\" scrolling=\"no\" class=\"wp-embedded-content\"><\/iframe><script type=\"text\/javascript\">\n\/* <![CDATA[ *\/\n\/*! This file is auto-generated *\/\n!function(d,l){\"use strict\";l.querySelector&&d.addEventListener&&\"undefined\"!=typeof URL&&(d.wp=d.wp||{},d.wp.receiveEmbedMessage||(d.wp.receiveEmbedMessage=function(e){var t=e.data;if((t||t.secret||t.message||t.value)&&!\/[^a-zA-Z0-9]\/.test(t.secret)){for(var s,r,n,a=l.querySelectorAll('iframe[data-secret=\"'+t.secret+'\"]'),o=l.querySelectorAll('blockquote[data-secret=\"'+t.secret+'\"]'),c=new RegExp(\"^https?:$\",\"i\"),i=0;i<o.length;i++)o[i].style.display=\"none\";for(i=0;i<a.length;i++)s=a[i],e.source===s.contentWindow&&(s.removeAttribute(\"style\"),\"height\"===t.message?(1e3<(r=parseInt(t.value,10))?r=1e3:~~r<200&&(r=200),s.height=r):\"link\"===t.message&&(r=new URL(s.getAttribute(\"src\")),n=new URL(t.value),c.test(n.protocol))&&n.host===r.host&&l.activeElement===s&&(d.top.location.href=t.value))}},d.addEventListener(\"message\",d.wp.receiveEmbedMessage,!1),l.addEventListener(\"DOMContentLoaded\",function(){for(var e,t,s=l.querySelectorAll(\"iframe.wp-embedded-content\"),r=0;r<s.length;r++)(t=(e=s[r]).getAttribute(\"data-secret\"))||(t=Math.random().toString(36).substring(2,12),e.src+=\"#?secret=\"+t,e.setAttribute(\"data-secret\",t)),e.contentWindow.postMessage({message:\"ready\",secret:t},\"*\")},!1)))}(window,document);\n\/\/# sourceURL=https:\/\/swissbaker.ch\/wp-includes\/js\/wp-embed.min.js\n\/* ]]> *\/\n<\/script>\n","thumbnail_url":"https:\/\/swissbaker.ch\/wp-content\/uploads\/2022\/03\/Pollenallergie.jpeg","thumbnail_width":800,"thumbnail_height":474,"description":"Ici et l\u00e0, les premi\u00e8res charges de pollen sont pr\u00e9sentes. La douceur hivernale en est la responsable. Certaines personnes allergiques pr\u00e9sentent des sympt\u00f4mes, en raison de la pr\u00e9sence de fleurs de noisetier et d\u2019aulne. En boulangerie-confiserie, les poussi\u00e8res de farine, les agents de panification, les \u00e9pices et le brouillard de pulv\u00e9risation des \u0153ufs qui, comme le pollen, ont un effet [&hellip;]"}

Ici et là, les premières charges de pollen sont présentes. La douceur hivernale en est la responsable. Certaines personnes allergiques présentent des symptômes, en raison de la présence de fleurs de noisetier et d’aulne. En boulangerie-confiserie, les poussières de farine, les agents de panification, les épices et le brouillard de pulvérisation des œufs qui, comme le pollen, ont un effet [&hellip;]
