{"version":"1.0","provider_name":"SBC","provider_url":"https:\/\/swissbaker.ch\/fr\/","author_name":"azureart","author_url":"https:\/\/swissbaker.ch\/fr\/panissimo-news\/author\/pixel-ahoi\/","title":"Justice fiscale et promotion des femmes","type":"rich","width":600,"height":338,"html":"<blockquote class=\"wp-embedded-content\" data-secret=\"wuYod49JTP\"><a href=\"https:\/\/swissbaker.ch\/fr\/panissimo-news\/justice-fiscale-et-promotion-des-femmes\/\">Justice fiscale et promotion des femmes<\/a><\/blockquote><iframe sandbox=\"allow-scripts\" security=\"restricted\" src=\"https:\/\/swissbaker.ch\/fr\/panissimo-news\/justice-fiscale-et-promotion-des-femmes\/embed\/#?secret=wuYod49JTP\" width=\"600\" height=\"338\" title=\"&#8220;Justice fiscale et promotion des femmes&#8221; &#8212; SBC\" data-secret=\"wuYod49JTP\" frameborder=\"0\" marginwidth=\"0\" marginheight=\"0\" scrolling=\"no\" class=\"wp-embedded-content\"><\/iframe><script type=\"text\/javascript\">\n\/* <![CDATA[ *\/\n\/*! This file is auto-generated *\/\n!function(d,l){\"use strict\";l.querySelector&&d.addEventListener&&\"undefined\"!=typeof URL&&(d.wp=d.wp||{},d.wp.receiveEmbedMessage||(d.wp.receiveEmbedMessage=function(e){var t=e.data;if((t||t.secret||t.message||t.value)&&!\/[^a-zA-Z0-9]\/.test(t.secret)){for(var s,r,n,a=l.querySelectorAll('iframe[data-secret=\"'+t.secret+'\"]'),o=l.querySelectorAll('blockquote[data-secret=\"'+t.secret+'\"]'),c=new RegExp(\"^https?:$\",\"i\"),i=0;i<o.length;i++)o[i].style.display=\"none\";for(i=0;i<a.length;i++)s=a[i],e.source===s.contentWindow&&(s.removeAttribute(\"style\"),\"height\"===t.message?(1e3<(r=parseInt(t.value,10))?r=1e3:~~r<200&&(r=200),s.height=r):\"link\"===t.message&&(r=new URL(s.getAttribute(\"src\")),n=new URL(t.value),c.test(n.protocol))&&n.host===r.host&&l.activeElement===s&&(d.top.location.href=t.value))}},d.addEventListener(\"message\",d.wp.receiveEmbedMessage,!1),l.addEventListener(\"DOMContentLoaded\",function(){for(var e,t,s=l.querySelectorAll(\"iframe.wp-embedded-content\"),r=0;r<s.length;r++)(t=(e=s[r]).getAttribute(\"data-secret\"))||(t=Math.random().toString(36).substring(2,12),e.src+=\"#?secret=\"+t,e.setAttribute(\"data-secret\",t)),e.contentWindow.postMessage({message:\"ready\",secret:t},\"*\")},!1)))}(window,document);\n\/\/# sourceURL=https:\/\/swissbaker.ch\/wp-includes\/js\/wp-embed.min.js\n\/* ]]> *\/\n<\/script>\n","thumbnail_url":"https:\/\/swissbaker.ch\/wp-content\/uploads\/2022\/03\/14_1_familieninitiative_d.jpeg","thumbnail_width":800,"thumbnail_height":474,"description":"Par 7 voix contre 1 et 5 abstentions, le CC s\u2019est prononc\u00e9 en faveur du projet \u00ab\u2009D\u00e9duction des frais de garde en faveur d\u2019une plus grande justice fiscale et de la promotion des femmes\u2009\u00bb. Le peuple suisse se prononcera sur le sujet le 27\u202fseptembre. Le Conseil f\u00e9d\u00e9ral veut all\u00e9ger la charge fiscale des familles. Le projet de d\u00e9duction fiscale apporte [&hellip;]"}

Par 7 voix contre 1 et 5 abstentions, le CC s’est prononcé en faveur du projet « Déduction des frais de garde en faveur d’une plus grande justice fiscale et de la promotion des femmes ». Le peuple suisse se prononcera sur le sujet le 27 septembre. Le Conseil fédéral veut alléger la charge fiscale des familles. Le projet de déduction fiscale apporte [&hellip;]
