{"version":"1.0","provider_name":"SBC","provider_url":"https:\/\/swissbaker.ch\/fr\/","author_name":"azureart","author_url":"https:\/\/swissbaker.ch\/fr\/panissimo-news\/author\/pixel-ahoi\/","title":"Des bases solides pour l\u2019association","type":"rich","width":600,"height":338,"html":"<blockquote class=\"wp-embedded-content\" data-secret=\"tOvU7XeMTR\"><a href=\"https:\/\/swissbaker.ch\/fr\/panissimo-news\/des-bases-solides-pour-lassociation\/\">Des bases solides pour l\u2019association<\/a><\/blockquote><iframe sandbox=\"allow-scripts\" security=\"restricted\" src=\"https:\/\/swissbaker.ch\/fr\/panissimo-news\/des-bases-solides-pour-lassociation\/embed\/#?secret=tOvU7XeMTR\" width=\"600\" height=\"338\" title=\"&#8220;Des bases solides pour l\u2019association&#8221; &#8212; SBC\" data-secret=\"tOvU7XeMTR\" frameborder=\"0\" marginwidth=\"0\" marginheight=\"0\" scrolling=\"no\" class=\"wp-embedded-content\"><\/iframe><script type=\"text\/javascript\">\n\/* <![CDATA[ *\/\n\/*! This file is auto-generated *\/\n!function(d,l){\"use strict\";l.querySelector&&d.addEventListener&&\"undefined\"!=typeof URL&&(d.wp=d.wp||{},d.wp.receiveEmbedMessage||(d.wp.receiveEmbedMessage=function(e){var t=e.data;if((t||t.secret||t.message||t.value)&&!\/[^a-zA-Z0-9]\/.test(t.secret)){for(var s,r,n,a=l.querySelectorAll('iframe[data-secret=\"'+t.secret+'\"]'),o=l.querySelectorAll('blockquote[data-secret=\"'+t.secret+'\"]'),c=new RegExp(\"^https?:$\",\"i\"),i=0;i<o.length;i++)o[i].style.display=\"none\";for(i=0;i<a.length;i++)s=a[i],e.source===s.contentWindow&&(s.removeAttribute(\"style\"),\"height\"===t.message?(1e3<(r=parseInt(t.value,10))?r=1e3:~~r<200&&(r=200),s.height=r):\"link\"===t.message&&(r=new URL(s.getAttribute(\"src\")),n=new URL(t.value),c.test(n.protocol))&&n.host===r.host&&l.activeElement===s&&(d.top.location.href=t.value))}},d.addEventListener(\"message\",d.wp.receiveEmbedMessage,!1),l.addEventListener(\"DOMContentLoaded\",function(){for(var e,t,s=l.querySelectorAll(\"iframe.wp-embedded-content\"),r=0;r<s.length;r++)(t=(e=s[r]).getAttribute(\"data-secret\"))||(t=Math.random().toString(36).substring(2,12),e.src+=\"#?secret=\"+t,e.setAttribute(\"data-secret\",t)),e.contentWindow.postMessage({message:\"ready\",secret:t},\"*\")},!1)))}(window,document);\n\/\/# sourceURL=https:\/\/swissbaker.ch\/wp-includes\/js\/wp-embed.min.js\n\/* ]]> *\/\n<\/script>\n","thumbnail_url":"https:\/\/swissbaker.ch\/wp-content\/uploads\/2022\/04\/NL-12.1-Editorial-Hotz-Wellauer.jpg","thumbnail_width":800,"thumbnail_height":474,"description":"\u00abLa port\u00e9e des sujets devient toujours plus nationale et globale, et donc plus complexe.\u00bb Le pr\u00e9sident de la BCS Silvan Hotz et le directeur Urs Wellauer se penchent sur le prochain congr\u00e8s et l\u2019avenir de l&#8217;association. Ch\u00e8res et chers coll\u00e8gues, Le march\u00e9 \u00e9volue toujours plus vite. Il exige des actions rapides et flexibles de l\u2019Association suisse des patrons boulangers-confiseurs (BCS) [&hellip;]"}

«La portée des sujets devient toujours plus nationale et globale, et donc plus complexe.» Le président de la BCS Silvan Hotz et le directeur Urs Wellauer se penchent sur le prochain congrès et l’avenir de l&#8217;association. Chères et chers collègues, Le marché évolue toujours plus vite. Il exige des actions rapides et flexibles de l’Association suisse des patrons boulangers-confiseurs (BCS) [&hellip;]
