{"version":"1.0","provider_name":"SBC","provider_url":"https:\/\/swissbaker.ch\/fr\/","author_name":"azureart","author_url":"https:\/\/swissbaker.ch\/fr\/panissimo-news\/author\/pixel-ahoi\/","title":"D\u00e9j\u00e0 command\u00e9 le calendrier des saveurs 2018\u2009?","type":"rich","width":600,"height":338,"html":"<blockquote class=\"wp-embedded-content\" data-secret=\"bbiHcDCo5y\"><a href=\"https:\/\/swissbaker.ch\/fr\/panissimo-news\/deja-commande-le-calendrier-des-saveurs-2018\/\">D\u00e9j\u00e0 command\u00e9 le calendrier des saveurs 2018\u2009?<\/a><\/blockquote><iframe sandbox=\"allow-scripts\" security=\"restricted\" src=\"https:\/\/swissbaker.ch\/fr\/panissimo-news\/deja-commande-le-calendrier-des-saveurs-2018\/embed\/#?secret=bbiHcDCo5y\" width=\"600\" height=\"338\" title=\"&#8220;D\u00e9j\u00e0 command\u00e9 le calendrier des saveurs 2018\u2009?&#8221; &#8212; SBC\" data-secret=\"bbiHcDCo5y\" frameborder=\"0\" marginwidth=\"0\" marginheight=\"0\" scrolling=\"no\" class=\"wp-embedded-content\"><\/iframe><script type=\"text\/javascript\">\n\/* <![CDATA[ *\/\n\/*! This file is auto-generated *\/\n!function(d,l){\"use strict\";l.querySelector&&d.addEventListener&&\"undefined\"!=typeof URL&&(d.wp=d.wp||{},d.wp.receiveEmbedMessage||(d.wp.receiveEmbedMessage=function(e){var t=e.data;if((t||t.secret||t.message||t.value)&&!\/[^a-zA-Z0-9]\/.test(t.secret)){for(var s,r,n,a=l.querySelectorAll('iframe[data-secret=\"'+t.secret+'\"]'),o=l.querySelectorAll('blockquote[data-secret=\"'+t.secret+'\"]'),c=new RegExp(\"^https?:$\",\"i\"),i=0;i<o.length;i++)o[i].style.display=\"none\";for(i=0;i<a.length;i++)s=a[i],e.source===s.contentWindow&&(s.removeAttribute(\"style\"),\"height\"===t.message?(1e3<(r=parseInt(t.value,10))?r=1e3:~~r<200&&(r=200),s.height=r):\"link\"===t.message&&(r=new URL(s.getAttribute(\"src\")),n=new URL(t.value),c.test(n.protocol))&&n.host===r.host&&l.activeElement===s&&(d.top.location.href=t.value))}},d.addEventListener(\"message\",d.wp.receiveEmbedMessage,!1),l.addEventListener(\"DOMContentLoaded\",function(){for(var e,t,s=l.querySelectorAll(\"iframe.wp-embedded-content\"),r=0;r<s.length;r++)(t=(e=s[r]).getAttribute(\"data-secret\"))||(t=Math.random().toString(36).substring(2,12),e.src+=\"#?secret=\"+t,e.setAttribute(\"data-secret\",t)),e.contentWindow.postMessage({message:\"ready\",secret:t},\"*\")},!1)))}(window,document);\n\/\/# sourceURL=https:\/\/swissbaker.ch\/wp-includes\/js\/wp-embed.min.js\n\/* ]]> *\/\n<\/script>\n","thumbnail_url":"https:\/\/swissbaker.ch\/wp-content\/uploads\/2022\/05\/genusskalender_3790_web.jpg","thumbnail_width":600,"thumbnail_height":600,"description":"Il y a quelques semaines, toutes les entreprises ont re\u00e7u un calendrier des saveurs 2018 personnalis\u00e9. L\u2019enveloppe accrocheuse de cet envoi n\u2019a certainement \u00e9chapp\u00e9 \u00e0 personne. Ne laissez pas cette enveloppe de c\u00f4t\u00e9\u2009! Saisissez cette opportunit\u00e9 en passant commande aujourd\u2019hui. Gr\u00e2ce aux adaptations de mise en page, nous pouvons offrir plus rapidement que pr\u00e9vu les bons \u00e0 tirer aux entreprises. [&hellip;]"}

Déjà commandé le calendrier des saveurs 2018 ?

<blockquote class="wp-embedded-content" data-secret="bbiHcDCo5y"><a href="https://swissbaker.ch/fr/panissimo-news/deja-commande-le-calendrier-des-saveurs-2018/">Déjà commandé le calendrier des saveurs 2018 ?</a></blockquote><iframe sandbox="allow-scripts" security="restricted" src="https://swissbaker.ch/fr/panissimo-news/deja-commande-le-calendrier-des-saveurs-2018/embed/#?secret=bbiHcDCo5y" width="600" height="338" title="&#8220;Déjà commandé le calendrier des saveurs 2018 ?&#8221; &#8212; SBC" data-secret="bbiHcDCo5y" frameborder="0" marginwidth="0" marginheight="0" scrolling="no" class="wp-embedded-content"></iframe><script type="text/javascript">
/* <![CDATA[ */
/*! This file is auto-generated */
!function(d,l){"use strict";l.querySelector&&d.addEventListener&&"undefined"!=typeof URL&&(d.wp=d.wp||{},d.wp.receiveEmbedMessage||(d.wp.receiveEmbedMessage=function(e){var t=e.data;if((t||t.secret||t.message||t.value)&&!/[^a-zA-Z0-9]/.test(t.secret)){for(var s,r,n,a=l.querySelectorAll('iframe[data-secret="'+t.secret+'"]'),o=l.querySelectorAll('blockquote[data-secret="'+t.secret+'"]'),c=new RegExp("^https?:$","i"),i=0;i<o.length;i++)o[i].style.display="none";for(i=0;i<a.length;i++)s=a[i],e.source===s.contentWindow&&(s.removeAttribute("style"),"height"===t.message?(1e3<(r=parseInt(t.value,10))?r=1e3:~~r<200&&(r=200),s.height=r):"link"===t.message&&(r=new URL(s.getAttribute("src")),n=new URL(t.value),c.test(n.protocol))&&n.host===r.host&&l.activeElement===s&&(d.top.location.href=t.value))}},d.addEventListener("message",d.wp.receiveEmbedMessage,!1),l.addEventListener("DOMContentLoaded",function(){for(var e,t,s=l.querySelectorAll("iframe.wp-embedded-content"),r=0;r<s.length;r++)(t=(e=s[r]).getAttribute("data-secret"))||(t=Math.random().toString(36).substring(2,12),e.src+="#?secret="+t,e.setAttribute("data-secret",t)),e.contentWindow.postMessage({message:"ready",secret:t},"*")},!1)))}(window,document);
//# sourceURL=https://swissbaker.ch/wp-includes/js/wp-embed.min.js
/* ]]> */
</script>

Il y a quelques semaines, toutes les entreprises ont reçu un calendrier des saveurs 2018 personnalisé. L’enveloppe accrocheuse de cet envoi n’a certainement échappé à personne. Ne laissez pas cette enveloppe de côté ! Saisissez cette opportunité en passant commande aujourd’hui. Grâce aux adaptations de mise en page, nous pouvons offrir plus rapidement que prévu les bons à tirer aux entreprises. [&hellip;]
