{"version":"1.0","provider_name":"SBC","provider_url":"https:\/\/swissbaker.ch\/fr\/","author_name":"azureart","author_url":"https:\/\/swissbaker.ch\/fr\/panissimo-news\/author\/pixel-ahoi\/","title":"Bl\u00e9, farine et pain en f\u00eate","type":"rich","width":600,"height":338,"html":"<blockquote class=\"wp-embedded-content\" data-secret=\"WBarHBT4i5\"><a href=\"https:\/\/swissbaker.ch\/fr\/panissimo-news\/ble-farine-et-pain-en-fete\/\">Bl\u00e9, farine et pain en f\u00eate<\/a><\/blockquote><iframe sandbox=\"allow-scripts\" security=\"restricted\" src=\"https:\/\/swissbaker.ch\/fr\/panissimo-news\/ble-farine-et-pain-en-fete\/embed\/#?secret=WBarHBT4i5\" width=\"600\" height=\"338\" title=\"&#8220;Bl\u00e9, farine et pain en f\u00eate&#8221; &#8212; SBC\" data-secret=\"WBarHBT4i5\" frameborder=\"0\" marginwidth=\"0\" marginheight=\"0\" scrolling=\"no\" class=\"wp-embedded-content\"><\/iframe><script type=\"text\/javascript\">\n\/* <![CDATA[ *\/\n\/*! This file is auto-generated *\/\n!function(d,l){\"use strict\";l.querySelector&&d.addEventListener&&\"undefined\"!=typeof URL&&(d.wp=d.wp||{},d.wp.receiveEmbedMessage||(d.wp.receiveEmbedMessage=function(e){var t=e.data;if((t||t.secret||t.message||t.value)&&!\/[^a-zA-Z0-9]\/.test(t.secret)){for(var s,r,n,a=l.querySelectorAll('iframe[data-secret=\"'+t.secret+'\"]'),o=l.querySelectorAll('blockquote[data-secret=\"'+t.secret+'\"]'),c=new RegExp(\"^https?:$\",\"i\"),i=0;i<o.length;i++)o[i].style.display=\"none\";for(i=0;i<a.length;i++)s=a[i],e.source===s.contentWindow&&(s.removeAttribute(\"style\"),\"height\"===t.message?(1e3<(r=parseInt(t.value,10))?r=1e3:~~r<200&&(r=200),s.height=r):\"link\"===t.message&&(r=new URL(s.getAttribute(\"src\")),n=new URL(t.value),c.test(n.protocol))&&n.host===r.host&&l.activeElement===s&&(d.top.location.href=t.value))}},d.addEventListener(\"message\",d.wp.receiveEmbedMessage,!1),l.addEventListener(\"DOMContentLoaded\",function(){for(var e,t,s=l.querySelectorAll(\"iframe.wp-embedded-content\"),r=0;r<s.length;r++)(t=(e=s[r]).getAttribute(\"data-secret\"))||(t=Math.random().toString(36).substring(2,12),e.src+=\"#?secret=\"+t,e.setAttribute(\"data-secret\",t)),e.contentWindow.postMessage({message:\"ready\",secret:t},\"*\")},!1)))}(window,document);\n\/\/# sourceURL=https:\/\/swissbaker.ch\/wp-includes\/js\/wp-embed.min.js\n\/* ]]> *\/\n<\/script>\n","thumbnail_url":"https:\/\/swissbaker.ch\/wp-content\/uploads\/2022\/04\/16_1_fdb_1.jpeg","thumbnail_width":800,"thumbnail_height":474,"description":"Pour la quatri\u00e8me fois, la F\u00eate du bl\u00e9 et du pain (FBP) revient \u00e0 Echallens (VD) jusqu\u2019au 26\u202fao\u00fbt. Spectacle, ateliers pour enfants, intronisation de Compagnons du pain, cort\u00e8ge hors norme et autres animations de rue attendent le public de l\u2019\u00e9v\u00e9nement d\u00e9cennal. Par ici le programme\u2026 La FBP a vu le jour en 1978 \u00e0 Echallens, au c\u0153ur du grenier du [&hellip;]"}

Blé, farine et pain en fête

<blockquote class="wp-embedded-content" data-secret="WBarHBT4i5"><a href="https://swissbaker.ch/fr/panissimo-news/ble-farine-et-pain-en-fete/">Blé, farine et pain en fête</a></blockquote><iframe sandbox="allow-scripts" security="restricted" src="https://swissbaker.ch/fr/panissimo-news/ble-farine-et-pain-en-fete/embed/#?secret=WBarHBT4i5" width="600" height="338" title="&#8220;Blé, farine et pain en fête&#8221; &#8212; SBC" data-secret="WBarHBT4i5" frameborder="0" marginwidth="0" marginheight="0" scrolling="no" class="wp-embedded-content"></iframe><script type="text/javascript">
/* <![CDATA[ */
/*! This file is auto-generated */
!function(d,l){"use strict";l.querySelector&&d.addEventListener&&"undefined"!=typeof URL&&(d.wp=d.wp||{},d.wp.receiveEmbedMessage||(d.wp.receiveEmbedMessage=function(e){var t=e.data;if((t||t.secret||t.message||t.value)&&!/[^a-zA-Z0-9]/.test(t.secret)){for(var s,r,n,a=l.querySelectorAll('iframe[data-secret="'+t.secret+'"]'),o=l.querySelectorAll('blockquote[data-secret="'+t.secret+'"]'),c=new RegExp("^https?:$","i"),i=0;i<o.length;i++)o[i].style.display="none";for(i=0;i<a.length;i++)s=a[i],e.source===s.contentWindow&&(s.removeAttribute("style"),"height"===t.message?(1e3<(r=parseInt(t.value,10))?r=1e3:~~r<200&&(r=200),s.height=r):"link"===t.message&&(r=new URL(s.getAttribute("src")),n=new URL(t.value),c.test(n.protocol))&&n.host===r.host&&l.activeElement===s&&(d.top.location.href=t.value))}},d.addEventListener("message",d.wp.receiveEmbedMessage,!1),l.addEventListener("DOMContentLoaded",function(){for(var e,t,s=l.querySelectorAll("iframe.wp-embedded-content"),r=0;r<s.length;r++)(t=(e=s[r]).getAttribute("data-secret"))||(t=Math.random().toString(36).substring(2,12),e.src+="#?secret="+t,e.setAttribute("data-secret",t)),e.contentWindow.postMessage({message:"ready",secret:t},"*")},!1)))}(window,document);
//# sourceURL=https://swissbaker.ch/wp-includes/js/wp-embed.min.js
/* ]]> */
</script>

Pour la quatrième fois, la Fête du blé et du pain (FBP) revient à Echallens (VD) jusqu’au 26 août. Spectacle, ateliers pour enfants, intronisation de Compagnons du pain, cortège hors norme et autres animations de rue attendent le public de l’événement décennal. Par ici le programme… La FBP a vu le jour en 1978 à Echallens, au cœur du grenier du [&hellip;]
