{"version":"1.0","provider_name":"SBC","provider_url":"https:\/\/swissbaker.ch\/fr\/","author_name":"Simon Nussbaum","author_url":"https:\/\/swissbaker.ch\/fr\/panissimo-news\/author\/simon-nussbaum\/","title":"AG Vaud: standing ovation pour Yves Girard","type":"rich","width":600,"height":338,"html":"<blockquote class=\"wp-embedded-content\" data-secret=\"rqGuNz68Zp\"><a href=\"https:\/\/swissbaker.ch\/fr\/panissimo-news\/ag-vaud-standing-ovation-pour-yves-girard\/\">AG Vaud: standing ovation pour Yves Girard<\/a><\/blockquote><iframe sandbox=\"allow-scripts\" security=\"restricted\" src=\"https:\/\/swissbaker.ch\/fr\/panissimo-news\/ag-vaud-standing-ovation-pour-yves-girard\/embed\/#?secret=rqGuNz68Zp\" width=\"600\" height=\"338\" title=\"&#8220;AG Vaud: standing ovation pour Yves Girard&#8221; &#8212; SBC\" data-secret=\"rqGuNz68Zp\" frameborder=\"0\" marginwidth=\"0\" marginheight=\"0\" scrolling=\"no\" class=\"wp-embedded-content\"><\/iframe><script type=\"text\/javascript\">\n\/* <![CDATA[ *\/\n\/*! This file is auto-generated *\/\n!function(d,l){\"use strict\";l.querySelector&&d.addEventListener&&\"undefined\"!=typeof URL&&(d.wp=d.wp||{},d.wp.receiveEmbedMessage||(d.wp.receiveEmbedMessage=function(e){var t=e.data;if((t||t.secret||t.message||t.value)&&!\/[^a-zA-Z0-9]\/.test(t.secret)){for(var s,r,n,a=l.querySelectorAll('iframe[data-secret=\"'+t.secret+'\"]'),o=l.querySelectorAll('blockquote[data-secret=\"'+t.secret+'\"]'),c=new RegExp(\"^https?:$\",\"i\"),i=0;i<o.length;i++)o[i].style.display=\"none\";for(i=0;i<a.length;i++)s=a[i],e.source===s.contentWindow&&(s.removeAttribute(\"style\"),\"height\"===t.message?(1e3<(r=parseInt(t.value,10))?r=1e3:~~r<200&&(r=200),s.height=r):\"link\"===t.message&&(r=new URL(s.getAttribute(\"src\")),n=new URL(t.value),c.test(n.protocol))&&n.host===r.host&&l.activeElement===s&&(d.top.location.href=t.value))}},d.addEventListener(\"message\",d.wp.receiveEmbedMessage,!1),l.addEventListener(\"DOMContentLoaded\",function(){for(var e,t,s=l.querySelectorAll(\"iframe.wp-embedded-content\"),r=0;r<s.length;r++)(t=(e=s[r]).getAttribute(\"data-secret\"))||(t=Math.random().toString(36).substring(2,12),e.src+=\"#?secret=\"+t,e.setAttribute(\"data-secret\",t)),e.contentWindow.postMessage({message:\"ready\",secret:t},\"*\")},!1)))}(window,document);\n\/\/# sourceURL=https:\/\/swissbaker.ch\/wp-includes\/js\/wp-embed.min.js\n\/* ]]> *\/\n<\/script>\n","thumbnail_url":"https:\/\/swissbaker.ch\/wp-content\/uploads\/2025\/06\/20250624.agvd25.07-768x1024.jpg","thumbnail_width":768,"thumbnail_height":1024,"description":"L'assembl\u00e9e g\u00e9n\u00e9rale de l'Association cantonale vaudoise (ABPCV), qui s'est tenue le 23\u00a0juin au ch\u00e2teau de la Sarraz (VD) a \u00e9t\u00e9 marqu\u00e9e par le d\u00e9part imminent de son secr\u00e9taire de longue date, Yves Girard, ainsi que par les discussions actuelles sur le salaire minimum cantonal et l'hommage rendu \u00e0 des membres m\u00e9ritants et \u00e0 de jeunes talents."}

L'assemblée générale de l'Association cantonale vaudoise (ABPCV), qui s'est tenue le 23 juin au château de la Sarraz (VD) a été marquée par le départ imminent de son secrétaire de longue date, Yves Girard, ainsi que par les discussions actuelles sur le salaire minimum cantonal et l'hommage rendu à des membres méritants et à de jeunes talents.
